Select a Year or Month report
Report for 2014 Jun
MONTHLY CLIMATOLOGICAL SUMMARY for JUN. 2014
NAME: Croce di Bulera CITY: Pomarance STATE: Italia
ELEV: 253 m LAT: 43.2713 N LONG: 10.8969 E
TEMPERATURE (°C), RAIN (mm), WIND SPEED (km/hr)
HEAT COOL AVG
MEAN DEG DEG WIND DOM
DAY TEMP HIGH TIME LOW TIME DAYS DAYS RAIN SPEED HIGH TIME DIR
------------------------------------------------------------------------------------
1 14.9 24.6 14:00 6.0 5:00 4.6 1.4 0.0 2.1 22.5 16:00 NNE
2 16.3 27.1 16:00 7.5 5:00 3.6 1.9 0.0 1.8 20.9 17:00 NNE
3 16.7 27.2 12:00 9.3 6:00 3.4 1.7 1.6 1.4 22.5 16:00 S
4 17.2 25.2 17:00 8.6 6:00 3.2 2.1 0.2 2.1 25.7 13:00 N
5 18.9 27.3 13:00 11.1 5:00 2.2 2.7 0.0 2.4 27.4 15:00 N
6 20.0 29.4 15:00 10.4 6:00 2.2 3.9 0.0 1.3 16.1 10:00 S
7 21.3 31.9 13:00 12.4 6:00 1.8 4.8 0.0 1.9 19.3 17:00 NNE
8 23.7 34.8 18:00 12.8 4:00 1.3 6.6 0.0 1.3 29.0 15:00 SSE
9 24.2 34.7 15:00 14.2 5:00 0.9 6.8 0.0 1.9 20.9 14:00 SSE
10 23.7 33.9 13:00 14.9 5:00 0.8 6.3 0.0 1.8 22.5 15:00 NNE
11 23.8 33.4 13:00 15.2 4:00 0.6 6.1 0.0 1.3 19.3 15:00 N
12 24.9 34.6 15:00 15.4 5:00 0.6 7.2 0.0 1.4 17.7 16:00 NNE
13 24.1 31.5 17:00 16.9 5:00 0.1 5.9 0.0 1.9 19.3 12:00 NNE
14 20.8 31.2 16:00 15.3 5:00 0.7 3.2 5.2 2.1 40.2 17:00 NW
15 18.3 20.8 11:00 16.2 5:00 0.5 0.5 7.2 2.6 25.7 10:00 S
16 16.6 23.3 14:00 13.1 00:00 2.3 0.6 17.6 1.3 20.9 11:00 S
17 17.3 24.1 15:00 10.9 5:00 2.3 1.4 0.2 1.6 22.5 15:00 WNW
18 17.7 25.8 13:00 10.8 5:00 2.5 1.9 0.0 1.4 22.5 11:00 NW
19 18.6 26.2 13:00 11.1 5:00 2.1 2.4 0.0 2.6 24.1 15:00 NNE
20 19.6 27.2 16:00 13.2 4:00 1.6 2.9 0.0 2.9 24.1 13:00 NNE
21 19.7 28.6 16:00 11.8 4:00 1.9 3.0 0.0 1.3 27.4 15:00 S
22 20.4 29.1 14:00 12.7 5:00 1.4 3.2 0.0 2.7 27.4 14:00 S
23 22.4 29.5 13:00 14.5 3:00 0.7 4.6 0.0 4.2 32.2 14:00 S
24 23.4 29.1 13:00 15.8 2:00 0.1 5.2 0.0 5.3 25.7 14:00 SSE
25 21.4 26.8 12:00 17.2 00:00 0.0 3.2 0.4 3.1 29.0 13:00 S
26 19.6 25.5 12:00 15.0 00:00 0.6 1.9 11.4 1.6 20.9 12:00 SSE
27 20.7 27.5 14:00 14.1 5:00 1.1 3.4 0.2 2.1 20.9 15:00 NNE
28 21.7 29.0 16:00 14.1 6:00 0.9 4.2 0.0 2.1 24.1 14:00 S
29 22.4 28.6 13:00 16.2 5:00 0.3 4.4 10.4 5.6 33.8 10:00 S
30 20.4 26.1 13:00 14.1 00:00 0.6 2.7 0.0 4.3 24.1 4:00 NE
-------------------------------------------------------------------------------------
20.4 34.8 8 6.0 1 44.8 106.1 54.4 2.3 40.2 14 S
Max >= 32.0: 5
Max <= 0.0: 0
Min <= 0.0: 0
Min <= -18.0: 0
Max Rain: 17.60 ON 16/06/14
Days of Rain: 10 (> .2 mm) 5 (> 2 mm) 0 (> 20 mm)
Heat Base: 18.3 Cool Base: 18.3 Method: Integration