NOAA-style Climate Reports

Select a Year or Month report

Report for 2012 Jan
                   MONTHLY CLIMATOLOGICAL SUMMARY for JAN. 2012

NAME: Valle del Pavone   CITY: Castelnuovo V.C.   STATE: Italia 
ELEV:   360 m  LAT:  43.2036 N  LONG:  10.9186 E

                   TEMPERATURE (C), RAIN  (mm), WIND SPEED (km/hr)

                                      HEAT  COOL        AVG
    MEAN                              DEG   DEG         WIND                 DOM
DAY TEMP  HIGH   TIME   LOW    TIME   DAYS  DAYS  RAIN  SPEED HIGH   TIME    DIR
------------------------------------------------------------------------------------
 1   3.2  12.9   13.55  -2.7    1.30  15.1   0.0   0.0   0.5   9.7   12.25   WNW
 2   9.9  12.0   11.45   5.8    6.10   8.4   0.0  13.2   2.6  33.8   22.30   ESE
 3   5.8  11.2   13.10  -0.4   23.45  12.5   0.0   0.4   1.1  22.5    1.25    NW
 4   4.6  10.1   12.55  -1.1    3.25  13.7   0.0   9.2   1.1  16.1   12.55    NW
 5   5.6  10.8   12.55  -1.3    6.40  12.8   0.0   5.0   2.3  35.4   22.50   ESE
 6   4.3  10.6   14.15  -2.3   23.55  14.0   0.0   0.2   2.7  30.6   13.20    NW
 7   1.1  11.6   13.40  -5.7    7.40  17.3   0.0   0.2   0.8  16.1   14.35     W
 8   5.3  12.8   14.00  -0.7   23.40  13.0   0.0   0.2   1.1  19.3   13.00     W
 9   0.5  11.6   14.40  -4.2    7.10  17.8   0.0   0.2   0.6  14.5   11.50   WNW
10   2.1  12.1   13.10  -4.3    2.20  16.2   0.0   0.2   1.3  20.9   11.50    NW
11   2.7  12.3   13.20  -3.6   00.00  15.7   0.0   0.0   1.6  19.3    4.35    NW
12   3.6  11.8   12.45  -4.9    7.50  14.7   0.0   0.2   1.4  17.7   12.50    NW
13   8.6  11.5   12.35   4.9   23.30   9.7   0.0   0.0   1.1  17.7    1.45     E
14   3.0  10.4   13.45  -4.1   21.20  15.3   0.0   0.0   1.1  14.5   11.40   WNW
15  -1.9   9.8   13.50  -7.9    7.55  20.2   0.0   0.0   0.6  11.3   12.05     W
16  -0.2   5.8   14.05  -6.0   00.00  18.4   0.0   0.0   1.1  20.9   12.05     E
17  -1.8   9.0   13.55  -8.8    7.25  20.1   0.0   0.0   0.3  11.3   15.20    NW
18   0.2  10.2   14.05  -5.1    7.10  18.1   0.0   0.2   0.6  12.9   13.05   WNW
19   4.2  10.3   14.30  -2.2    0.15  14.1   0.0   0.0   1.0  19.3   10.40   ESE
20   7.6  13.8   12.30   1.0   00.00  10.8   0.0   0.0   1.4  29.0   16.45   NNW
21   4.6  13.4   12.50  -0.9    2.55  13.7   0.0   0.2   1.1  22.5   13.20    NW
22   7.1  14.5   12.35  -1.2    2.40  11.2   0.0   0.2   1.1  17.7    4.55   SSE
23   5.8  13.6   13.10  -0.5    3.00  12.5   0.0   0.0   0.6  19.3   13.35   WNW
24   5.7  13.5   14.10  -1.8   00.00  12.6   0.0   0.0   1.4  19.3   15.30    NW
25   1.1   9.1   14.25  -7.1   23.50  17.2   0.0   0.0   1.1  19.3   11.50    NW
26  -0.2   8.4   12.20  -9.1    6.25  18.5   0.0   0.0   0.5  12.9   11.40     E
27   4.6   9.8   12.50  -1.4   00.00  13.7   0.0   0.0   0.2   6.4   13.30   NNW
28   2.3  10.9   14.15  -3.3    6.45  15.9   0.0   0.2   0.6   9.7   12.35     E
29   5.0   8.3   15.40  -0.2    1.15  13.3   0.0   0.0   3.7  27.4   19.20     E
30   1.9   6.8   13.15  -2.2   00.00  16.4   0.0   0.0   5.1  22.5    1.00   WNW
31   0.2   3.9   12.35  -4.7    4.10  13.0   0.0   0.0   2.3  19.3   22.50    NW
-------------------------------------------------------------------------------------
     3.4  14.5    22    -9.1    26   455.9   0.0  29.8   1.3  35.4     5      NW

Max >=  32.0:  0
Max <=   0.0:  0
Min <=   0.0: 28
Min <= -18.0:  0
Max Rain: 13.21 ON 02/01/12
Days of Rain: 14 (> .2 mm) 3 (> 2 mm) 0 (> 20 mm)
Heat Base:  18.3  Cool Base:  18.3  Method: Integration