NOAA-style Climate Reports

Select a Year or Month report

Report for 2012 Feb
                   MONTHLY CLIMATOLOGICAL SUMMARY for FEB. 2012

NAME: Valle del Pavone   CITY: Castelnuovo V.C.   STATE: Italia 
ELEV:   360 m  LAT:  43.2036 N  LONG:  10.9186 E

                   TEMPERATURE (C), RAIN  (mm), WIND SPEED (km/hr)

                                      HEAT  COOL        AVG
    MEAN                              DEG   DEG         WIND                 DOM
DAY TEMP  HIGH   TIME   LOW    TIME   DAYS  DAYS  RAIN  SPEED HIGH   TIME    DIR
------------------------------------------------------------------------------------
 1  -1.3   0.4   14.25  -2.8   17.45  19.6   0.0   0.0   0.3  14.5    0.05     E
 2  -1.9  -0.7   11.00  -2.7   23.55  20.2   0.0   0.0   0.0   0.0     ---   ---
 3  -4.0  -2.7    0.05  -5.2    7.20  22.3   0.0   0.0   0.0   0.0     ---   ---
 4  -5.4  -1.7   12.55 -10.3   22.25  23.7   0.0   0.0   0.6  20.9   15.05    NW
 5  -4.8   0.2   14.20 -10.1    4.05  23.1   0.0   0.0   3.1  19.3   15.15    NW
 6  -4.2  -0.8   12.05  -6.1    7.40  22.5   0.0   0.0   5.5  33.8   15.00   WNW
 7  -2.4   0.5   14.30  -4.9    0.10  20.7   0.0   0.2   6.1  29.0    6.40    NW
 8  -0.7   2.4   13.50  -4.9   23.40  19.0   0.0   0.0   5.6  33.8   14.20    NW
 9  -2.7   7.1   12.00 -11.0    8.25  21.0   0.0   0.0   1.3  14.5    9.50    NW
10  -3.1   0.7    0.40  -5.1   19.15  21.4   0.0   0.0   5.5  35.4   15.25    NW
11  -4.1  -0.6   15.40  -5.6    7.05  22.4   0.0   0.0   3.9  30.6    2.55   WNW
12  -4.7  -0.1   14.30 -10.6   00.00  23.0   0.0   0.4   2.9  22.5   13.50   SSW
13  -6.8   2.9   13.50 -13.1    4.45  25.1   0.0   1.4   1.3  16.1   11.10    NW
14  -5.3   5.0   15.00 -13.6    8.00  23.6   0.0   1.4   1.3  17.7   12.20   WNW
15  -0.6   9.2   15.25 -10.8    2.40  18.9   0.0   0.4   1.4  27.4   15.20    SE
16   1.1  12.0   13.50  -4.5    7.25  17.2   0.0   0.0   0.5   9.7   11.00     W
17   1.3  11.7   12.20  -5.2    3.00  17.0   0.0   0.2   0.8  14.5   11.20     W
18   4.3  12.1   11.20  -1.0    3.10  14.0   0.0   0.0   0.6  14.5   11.25   SSE
19   5.9  10.8   14.15   0.5    0.05  12.4   0.0   5.0   1.3  16.1   12.05     E
20   4.3   7.4    0.05   1.8   22.55  14.0   0.0  14.2   1.6  14.5    1.55   WNW
21   4.8  11.4   15.25   0.7   00.00  13.5   0.0   2.0   3.7  22.5   11.10    NW
22   5.9  11.7   15.05   0.3    0.10  12.4   0.0   0.0   5.3  30.6   13.40    NW
23   5.7  16.2   13.35  -1.7   00.00  12.6   0.0   0.0   2.1  17.7    1.35    NW
24   5.0  17.6   13.20  -2.7    4.45  13.3   0.0   0.0   1.6  20.9   15.20    NW
25   4.8  14.3   14.05  -2.3    3.40  13.5   0.0   0.0   1.8  17.7   10.35    NW
26   7.3  13.1   15.40  -1.3   23.25  11.0   0.0   0.0   1.9  25.7   17.05    NW
27   3.3  13.7   13.25  -4.5    7.20  15.0   0.0   0.0   1.4  16.1   12.10    NW
28   4.5  14.1   13.35  -2.9    3.10  13.8   0.0   0.0   1.6  17.7   12.40    NW
29   7.2  14.3   14.55   0.3   23.50  11.1   0.0   0.2   2.1  24.1   10.25    NW
-------------------------------------------------------------------------------------
     0.5  17.6    24   -13.6    14   517.0   0.0  25.4   2.2  35.4    10      NW

Max >=  32.0:  0
Max <=   0.0:  6
Min <=   0.0: 24
Min <= -18.0:  0
Max Rain: 14.20 ON 20/02/12
Days of Rain: 10 (> .2 mm) 3 (> 2 mm) 0 (> 20 mm)
Heat Base:  18.3  Cool Base:  18.3  Method: Integration