NOAA-style Climate Reports

Select a Year or Month report

Report for 2012 Mar
                   MONTHLY CLIMATOLOGICAL SUMMARY for MAR. 2012

NAME: Valle del Pavone   CITY: Castelnuovo V.C.   STATE: Italia 
ELEV:   360 m  LAT:  43.2036 N  LONG:  10.9186 E

                   TEMPERATURE (C), RAIN  (mm), WIND SPEED (km/hr)

                                      HEAT  COOL        AVG
    MEAN                              DEG   DEG         WIND                 DOM
DAY TEMP  HIGH   TIME   LOW    TIME   DAYS  DAYS  RAIN  SPEED HIGH   TIME    DIR
------------------------------------------------------------------------------------
 1   7.9  21.1   14.10  -1.6    6.55  10.8   0.4   0.0   1.1  22.5   13.40     E
 2   8.2  19.4   13.15   0.6    6.00  10.2   0.1   0.0   1.6  22.5   11.30    NW
 3   7.3  15.2   12.40  -1.4    6.45  11.0   0.0   0.2   2.6  20.9   11.25   NNW
 4   8.2  13.7   11.30   0.8   23.50  10.1   0.0   0.0   1.3  16.1   13.55    NW
 5   8.3  14.4   13.45   0.8    0.45  10.0   0.0   1.0   1.1  16.1   15.50   SSE
 6   6.5  10.6   13.10   2.2    4.50  11.8   0.0   3.8   1.9  25.7   13.50     E
 7   5.8  13.4   15.20  -2.1   23.55  12.4   0.0   0.0   2.1  25.7    9.15     E
 8   5.5  15.2   15.50  -4.0    6.50  12.8   0.0   0.0   2.4  20.9   13.50    NW
 9   6.6  13.1   14.45  -2.7    3.55  11.6   0.0   0.0   4.7  40.2   13.25    NW
10   8.1  14.8   13.15   1.8    2.25  10.2   0.0   0.0   6.3  37.0   16.05    NW
11   8.0  16.4   15.20  -0.6   00.00  10.3   0.0   0.0   4.0  29.0   15.25    NW
12   6.8  19.1   15.20  -2.4    5.55  11.6   0.0   0.0   1.4  17.7   13.35    NW
13   7.7  18.7   15.40  -1.4    5.15  10.6   0.0   0.0   1.4  19.3   11.55   ESE
14   7.1  19.3   13.45  -1.9    6.25  11.2   0.0   0.0   1.3  17.7   15.30   WNW
15   7.2  18.8   13.50  -1.9    5.50  11.2   0.0   0.0   1.9  20.9   14.25    NW
16   7.2  20.4   15.15  -2.6    6.50  11.4   0.2   0.0   1.1  17.7   13.05     E
17   8.9  17.1   14.05  -1.1    5.40   9.4   0.0   0.2   3.7  32.2   14.55   ESE
18  12.2  14.7   12.50  10.8    4.55   6.1   0.0   0.0   3.9  27.4   11.00   ESE
19   9.7  14.9   14.10  -0.9   23.40   8.6   0.0   0.0   2.6  24.1   12.45    NW
20   7.6  17.3   16.20  -1.8    3.15  10.7   0.0   0.0   1.0  16.1   11.05     E
21  10.2  21.2   13.20   1.3    6.40   8.5   0.5   0.0   1.1  19.3    9.45     E
22   9.9  21.7   13.50   0.1    5.10   9.1   0.7   0.0   1.3  22.5   12.30    SE
23   9.2  19.0   13.00  -0.4    4.05   9.2   0.0   0.0   1.3  17.7    9.20   ESE
24  11.3  19.9   12.35   4.3   00.00   7.2   0.2   0.0   1.1  16.1   11.05   WNW
25   9.2  20.8   14.55   0.7    7.20   8.8   0.1   0.4   1.3  22.5   14.05    NW
26  10.2  21.4   14.55   0.8    6.55   8.6   0.5   0.2   1.3  22.5   12.45    NW
27  10.2  22.3   16.55   0.3    7.20   8.8   0.7   0.0   1.6  22.5   13.10     E
28  10.3  22.4   16.20  -0.4    7.00   8.8   0.9   0.0   1.4  19.3   10.35    NW
29  10.9  21.9   14.35   0.3    6.50   8.1   0.7   0.0   2.4  22.5   17.05    NW
30  10.2  19.1   16.35   0.9    7.00   8.2   0.1   0.0   2.4  25.7   10.00    NW
31  10.4  20.5   13.50   0.4    6.55   8.2   0.4   0.0   1.9  29.0   13.20   ESE
-------------------------------------------------------------------------------------
     8.6  22.4    28    -4.0     8   305.5   5.4   5.8   2.1  40.2     9      NW

Max >=  32.0:  0
Max <=   0.0:  0
Min <=   0.0: 16
Min <= -18.0:  0
Max Rain: 3.81 ON 06/03/12
Days of Rain: 6 (> .2 mm) 1 (> 2 mm) 0 (> 20 mm)
Heat Base:  18.3  Cool Base:  18.3  Method: Integration