NOAA-style Climate Reports

Select a Year or Month report

Report for 2012 Apr
                   MONTHLY CLIMATOLOGICAL SUMMARY for APR. 2012

NAME: Valle del Pavone   CITY: Castelnuovo V.C.   STATE: Italia 
ELEV:   360 m  LAT:  43.2036 N  LONG:  10.9186 E

                   TEMPERATURE (C), RAIN  (mm), WIND SPEED (km/hr)

                                      HEAT  COOL        AVG
    MEAN                              DEG   DEG         WIND                 DOM
DAY TEMP  HIGH   TIME   LOW    TIME   DAYS  DAYS  RAIN  SPEED HIGH   TIME    DIR
------------------------------------------------------------------------------------
 1  11.3  20.6   15.00   2.7    7.05   7.2   0.2   0.0   1.1  17.7   12.15     E
 2  11.2  18.6   15.05   2.2    6.55   7.1   0.0   0.0   2.4  24.1   20.35   ESE
 3  13.2  16.9   16.20   8.1   00.00   5.1   0.0   3.2   1.6  22.5   13.15   ESE
 4  12.3  19.7   13.30   4.2    3.35   6.1   0.1   0.0   1.4  17.7   10.05   SSE
 5  12.7  17.4   13.15   5.4   23.35   5.6   0.0   0.2   1.6  16.1   16.35    NW
 6  11.2  17.9   14.30   4.2    2.15   7.1   0.0   1.8   1.8  20.9   12.25    NW
 7  10.9  14.8   15.20   6.2   22.45   7.4   0.0   1.2   2.9  35.4   18.15   WNW
 8   6.8  14.4   11.10   1.0    7.05  11.5   0.0   6.8   1.8  30.6   14.45   WNW
 9   5.1  13.9   17.20  -2.6    6.40  13.2   0.0   0.0   1.4  16.1   14.05    NW
10   8.1  16.8   14.15  -1.1    6.40  10.2   0.0   3.6   2.4  35.4   22.50   ESE
11  10.3  12.1   11.50   6.2   12.25   8.0   0.0  41.0   4.8  33.8   10.35     E
12  12.1  17.3   14.30   6.6   23.15   6.2   0.0   0.0   2.6  24.1   14.55     E
13  10.3  15.1   13.00   5.9    5.00   8.0   0.0   1.6   1.8  17.7   10.55   WNW
14   8.6   9.6   16.55   7.4   00.00   9.7   0.0  31.4   1.8  16.1    7.15    NW
15  10.2  16.1   12.45   3.1   00.00   8.1   0.0   1.0   2.3  24.1   15.55   ESE
16   7.7  13.7   14.45   0.0    6.40  10.6   0.0   0.2   1.9  25.7   13.25    NW
17   9.5  17.2   15.00   2.6    6.00   8.8   0.0   0.2   1.3  17.7   13.30    NW
18   9.6  15.9   13.30   3.3    0.05   8.7   0.0   7.0   1.4  25.7   13.35     W
19  10.3  16.1   15.05   3.8    2.05   8.0   0.0   8.6   3.2  35.4   15.20   ESE
20   9.2  13.9   14.05   4.4   22.20   9.1   0.0  11.6   2.6  33.8   17.35   WNW
21  13.2  18.4   17.25   6.8    0.10   5.1   0.0   0.4   3.2  24.1    6.20   ESE
22  11.8  19.3   14.00   4.4    4.25   6.5   0.0   0.0   3.2  33.8   13.25   ESE
23  11.0  17.7   15.15   4.6   23.50   7.3   0.0   0.0   2.1  27.4   15.55   ESE
24  10.7  15.5   15.50   4.6    0.30   7.6   0.0  16.0   4.3  38.6    6.35   ESE
25  12.2  18.1   16.20   6.1    5.15   6.2   0.0   0.0   2.4  20.9   21.15    SE
26  13.7  19.9   17.25   6.7    4.05   4.9   0.2   0.0   2.7  20.9    6.25   ESE
27  15.3  26.6   17.20   4.8    5.30   5.2   2.2   0.0   1.1  11.3   15.10     E
28  17.9  28.6   13.50   6.7    5.35   3.7   3.3   0.0   1.8  17.7   15.50    SE
29  15.5  19.5   15.50   8.6   00.00   2.9   0.1   0.6   2.4  24.1    6.15   ESE
30  14.1  20.2   17.30   7.3    1.55   4.3   0.1   0.8   1.3  20.9   13.30   ESE
-------------------------------------------------------------------------------------
    11.2  28.6    28    -2.6     9   219.2   6.3 137.2   2.2  38.6    24     ESE

Max >=  32.0:  0
Max <=   0.0:  0
Min <=   0.0:  3
Min <= -18.0:  0
Max Rain: 41.00 ON 11/04/12
Days of Rain: 19 (> .2 mm) 9 (> 2 mm) 2 (> 20 mm)
Heat Base:  18.3  Cool Base:  18.3  Method: Integration