NOAA-style Climate Reports

Select a Year or Month report

Report for 2012 May
                   MONTHLY CLIMATOLOGICAL SUMMARY for MAY. 2012

NAME: Valle del Pavone   CITY: Castelnuovo V.C.   STATE: Italia 
ELEV:   360 m  LAT:  43.2036 N  LONG:  10.9186 E

                   TEMPERATURE (C), RAIN  (mm), WIND SPEED (km/hr)

                                      HEAT  COOL        AVG
    MEAN                              DEG   DEG         WIND                 DOM
DAY TEMP  HIGH   TIME   LOW    TIME   DAYS  DAYS  RAIN  SPEED HIGH   TIME    DIR
------------------------------------------------------------------------------------
 1  12.2  18.2   10.45   6.4   23.40   6.1   0.0  10.8   0.8  24.1   15.30   ESE
 2  11.2  19.1   14.50   4.1    4.00   7.1   0.0   0.0   1.8  17.7   16.15    NW
 3   9.7  18.1   14.15   1.2    6.00   8.6   0.0   0.2   2.3  24.1   14.00    NW
 4  10.4  19.4   14.45   1.2    6.10   7.9   0.1   0.0   1.8  20.9   16.55    NW
 5  13.0  20.1   15.40   3.7    2.10   5.5   0.1   0.0   2.7  30.6   10.30   ESE
 6  14.4  16.9   14.30  12.3   22.55   3.9   0.0  12.8   2.7  22.5    4.30   ESE
 7  14.1  19.7   13.35   7.9   00.00   4.4   0.1  12.0   2.4  22.5    0.05    NW
 8  12.6  20.2   15.10   4.2    6.15   6.0   0.2   0.2   1.8  22.5   12.40   WNW
 9  14.3  21.6   16.05   7.5   23.55   4.7   0.7   0.0   1.6  19.3   15.30   NNW
10  15.9  26.8   15.50   4.4    5.55   4.9   2.5   0.0   1.1  16.1   14.50   NNW
11  18.3  28.7   16.20   7.6    5.55   3.6   3.6   0.0   1.0  12.9   14.20   WNW
12  17.5  26.3   15.05   8.2    6.10   3.6   2.9   0.0   1.6  22.5   14.00    NW
13  12.5  19.9   11.10   7.4   23.25   5.9   0.1   2.8   2.3  19.3   12.55   WNW
14   9.8  15.5   18.10   2.2   00.00   8.5   0.0   0.0   3.5  37.0   10.00   WNW
15  10.4  19.7   14.40   0.2    6.15   8.0   0.1   0.0   1.6  19.3   10.25   WNW
16  12.1  18.5   13.40   4.1   00.00   6.2   0.0   3.8   2.3  24.1   14.50   ESE
17  10.0  20.4   17.10  -0.2    6.15   8.5   0.2   0.0   1.4  17.7   13.50   WNW
18  10.1  19.4   10.10  -0.2    5.35   8.3   0.0   0.0   0.6   9.7   10.45    NW
19  12.3  22.7   12.45   1.8    5.25   6.5   0.6   0.0   0.6  14.5   13.25   ESE
20  10.4  16.2   14.05   4.1    6.10   7.9   0.0  17.4   0.3  11.3   15.15     W
21  12.9  18.2   13.30   8.3   23.55   5.4   0.0  15.2   2.1  24.1    9.35   WNW
22  11.8  19.4   14.45   5.1    5.45   6.5   0.0   8.2   1.0  14.5   13.25   WNW
23  14.5  21.4   17.55   8.8    0.45   4.2   0.4   0.0   1.3  16.1   15.25   WNW
24  17.7  27.4   15.15   8.7    4.45   3.4   2.8   0.0   1.4  20.9   13.00   WNW
25  16.2  26.5   14.15   8.7    6.05   3.8   1.7   4.8   0.8  14.5   11.25   ESE
26  14.8  23.6   15.35   6.5    5.00   4.5   1.0   0.2   0.8  12.9   12.10   WSW
27  14.4  24.3   13.45   4.7    6.05   5.4   1.5   0.0   1.0  16.1   14.25   WNW
28  13.6  21.3   15.20   7.4    3.10   5.0   0.2   4.8   0.6  12.9   15.50   ESE
29  14.9  23.6   13.55   6.2    5.55   4.7   1.4   0.0   1.3  16.1   14.50   WNW
30  15.8  25.0   14.25   6.4    4.50   4.5   1.9   0.0   1.3  20.9   13.55   WNW
31  17.2  25.9   15.50   7.8    5.40   3.4   2.4   0.0   1.4  16.1   21.15   ESE
-------------------------------------------------------------------------------------
    13.4  28.7    11    -0.2    17   176.9  24.7  93.2   1.5  37.0    14     WNW

Max >=  32.0:  0
Max <=   0.0:  0
Min <=   0.0:  2
Min <= -18.0:  0
Max Rain: 17.40 ON 20/05/12
Days of Rain: 13 (> .2 mm) 10 (> 2 mm) 0 (> 20 mm)
Heat Base:  18.3  Cool Base:  18.3  Method: Integration