NOAA-style Climate Reports

Select a Year or Month report

Report for 2012 Jun
                   MONTHLY CLIMATOLOGICAL SUMMARY for JUN. 2012

NAME: Valle del Pavone   CITY: Castelnuovo V.C.   STATE: Italia 
ELEV:   360 m  LAT:  43.2036 N  LONG:  10.9186 E

                   TEMPERATURE (C), RAIN  (mm), WIND SPEED (km/hr)

                                      HEAT  COOL        AVG
    MEAN                              DEG   DEG         WIND                 DOM
DAY TEMP  HIGH   TIME   LOW    TIME   DAYS  DAYS  RAIN  SPEED HIGH   TIME    DIR
------------------------------------------------------------------------------------
 1  17.1  23.0   16.25   9.6    6.05   2.7   1.5   0.2   1.6  17.7   15.15   ESE
 2  17.9  24.7   16.55   9.8    4.55   2.5   2.2   0.0   2.3  20.9   11.20   ESE
 3  20.2  25.1   13.20  14.1    1.10   0.7   2.6   0.0   4.2  25.7   16.35   ESE
 4  17.6  22.5   15.35  13.1   21.20   1.3   0.6  12.2   2.1  17.7    1.05   SSE
 5  16.1  23.9   16.15   8.7   00.00   3.9   1.7   0.2   1.3  16.1   14.40   WNW
 6  15.9  25.1   14.30   5.7    5.55   4.4   2.0   0.0   1.0  14.5   13.30     E
 7  18.3  25.8   14.20   9.6    5.35   2.5   2.4   0.0   2.7  24.1   12.40   ESE
 8  21.7  26.7   14.45  11.8    4.10   0.3   3.6   0.0   6.1  38.6   17.15     E
 9  21.3  24.5   11.20  12.4   00.00   0.4   3.4   0.0   3.7  30.6    3.40     E
10  18.8  25.3   14.40  11.7    6.10   1.8   2.3   1.0   2.3  25.7   12.35     E
11  19.7  25.7   14.50  13.1    4.45   1.0   2.4   0.8   2.3  19.3   17.15     E
12  17.9  22.6   15.45  13.1   22.40   1.2   0.8   2.4   3.4  27.4   15.10   WNW
13  16.3  22.9   12.05   9.4    6.20   3.3   1.2   0.0   2.7  25.7   10.25   WNW
14  15.9  25.3   14.20   6.9    6.20   4.0   1.7   0.0   1.3  16.1   18.00     E
15  16.9  28.8   16.20   4.8    5.15   4.8   3.4   0.0   1.0  14.5   16.55     E
16  19.6  31.3   14.30   7.8    5.35   3.5   4.8   0.0   1.1  19.3   14.55     E
17  20.8  33.0   14.45   9.2    6.00   2.9   5.5   0.0   1.0  14.5   15.25     E
18  22.1  34.4   14.50  10.9    5.05   2.2   6.0   0.0   0.8  17.7   17.10     E
19  22.7  34.7   15.25  12.1    5.40   1.7   6.2   0.0   1.0  19.3   15.55     E
20  22.6  33.4   12.20  12.2    6.05   1.6   5.8   0.0   1.1  22.5   14.55   SSE
21  24.2  31.4   14.20  15.9    5.25   0.1   6.1   0.0   2.4  19.3   15.10   WNW
22  20.7  28.8   17.10  12.5   00.00   1.4   3.8   0.0   1.8  16.1   11.35   WNW
23  19.7  30.4   15.00   8.9    5.55   3.1   4.5   0.0   1.6  24.1   14.00   WNW
24  19.5  30.8   15.55   7.6    4.50   3.4   4.6   0.0   1.6  19.3   15.20   WNW
25  20.2  30.4   16.55  10.9    6.10   2.5   4.4   0.0   1.3  20.9   11.50     E
26  22.0  32.9   16.35  10.9    5.35   2.0   5.7   0.0   1.3  14.5   15.25   WNW
27  23.1  32.6   14.45  13.9    5.45   1.0   5.8   0.0   1.1  16.1   10.35     E
28  22.8  32.0   16.30  13.6    5.30   1.3   5.8   0.0   1.3  17.7   12.10     E
29  22.3  32.1   15.25  12.7    5.40   1.6   5.6   0.0   1.4  19.3   15.25     E
30  22.7  33.4   15.15  12.0    6.00   1.6   6.1   0.0   1.3  17.7   13.10     E
-------------------------------------------------------------------------------------
    19.9  34.7    19     4.8    15    64.8 112.6  16.8   1.9  38.6     8       E

Max >=  32.0:  9
Max <=   0.0:  0
Min <=   0.0:  0
Min <= -18.0:  0
Max Rain: 12.19 ON 04/06/12
Days of Rain: 6 (> .2 mm) 2 (> 2 mm) 0 (> 20 mm)
Heat Base:  18.3  Cool Base:  18.3  Method: Integration