NOAA-style Climate Reports

Select a Year or Month report

Report for 2012 Aug
                   MONTHLY CLIMATOLOGICAL SUMMARY for AUG. 2012

NAME: Valle del Pavone   CITY: Castelnuovo V.C.   STATE: Italia 
ELEV:   360 m  LAT:  43.2036 N  LONG:  10.9186 E

                   TEMPERATURE (C), RAIN  (mm), WIND SPEED (km/hr)

                                      HEAT  COOL        AVG
    MEAN                              DEG   DEG         WIND                 DOM
DAY TEMP  HIGH   TIME   LOW    TIME   DAYS  DAYS  RAIN  SPEED HIGH   TIME    DIR
------------------------------------------------------------------------------------
 1  23.4  34.6   15.55  13.4    6.20   1.1   6.3   0.0   1.4  19.3   15.35   WNW
 2  22.8  33.4   15.30  11.7    6.15   1.8   6.0   0.0   1.4  19.3   13.25   WNW
 3  22.1  32.7   15.05  11.0    6.20   2.1   5.9   0.0   1.4  22.5   12.00   WNW
 4  22.7  33.8   14.05  10.7    6.05   1.9   6.4   0.0   1.8  20.9   17.15     E
 5  24.3  33.1   15.45  13.4    1.40   0.6   6.6   0.0   2.9  32.2   23.40     E
 6  25.4  31.2   12.00  19.8   23.45   0.0   7.1   0.0   3.2  30.6   12.05     E
 7  22.9  32.1   13.25  10.9   00.00   0.9   5.6   0.0   1.9  19.3   15.10   WNW
 8  19.6  33.2   16.45   6.1    5.45   4.0   5.3   0.0   1.3  16.1   14.30   WNW
 9  21.1  33.6   14.20   8.3    6.00   3.0   5.8   0.0   1.8  19.3   14.25   WNW
10  23.8  33.2   15.05  13.4    3.50   1.1   6.6   0.0   2.3  20.9   13.15   WNW
11  22.0  31.6   15.45  10.4    6.25   1.6   5.3   0.0   2.1  22.5   16.55   WNW
12  21.3  31.4   14.50   9.9    6.30   2.2   5.2   0.0   1.9  29.0   14.55     E
13  20.9  30.5   13.30  13.7    6.25   1.3   3.9   1.4   1.3  22.5   15.05   ESE
14  21.5  30.0   15.40  13.9   00.00   1.3   4.5   0.2   1.4  20.9   15.45   WNW
15  20.7  32.4   14.00   9.9    5.30   2.6   5.0   0.0   1.6  22.5   16.55   WNW
16  21.3  31.7   14.05  11.8    5.45   2.0   5.0   0.0   1.8  27.4   17.20    NW
17  23.1  34.7   16.20  13.0    4.20   1.5   6.2   0.0   1.6  19.3   11.55   WNW
18  25.6  36.6   16.05  15.7    5.25   0.5   7.8   0.0   1.8  33.8   16.05   WNW
19  25.5  36.7   14.55  14.0    5.05   0.7   7.9   0.0   1.8  20.9    7.25   WNW
20  24.8  36.8   15.45  13.8    6.10   0.9   7.3   0.0   1.3  17.7   12.45   WNW
21  23.8  34.9   16.50  14.4    6.30   1.0   6.6   0.0   1.4  19.3   16.00   WNW
22  23.9  36.0   15.35  12.8    6.30   1.4   7.0   0.0   1.3  20.9   14.10   WNW
23  23.6  34.8   14.30  13.9    6.00   1.1   6.4   0.0   1.6  22.5   13.45     E
24  23.6  33.3   15.25  13.5    5.00   1.3   6.6   0.0   2.3  24.1   13.30     E
25  26.1  32.5   14.30  20.9    7.05   0.0   7.8   0.0   4.2  30.6    9.50     E
26  22.2  26.4   14.30  16.5   23.50   0.1   4.0  10.2   2.3  27.4   11.05   WNW
27  20.1  29.7   17.05  12.3   23.55   1.7   3.6   0.2   1.4  20.9   13.55   WNW
28  19.1  31.3   14.35   8.2    6.45   3.5   4.3   0.0   1.3  16.1   14.10   WNW
29  19.4  30.9   15.20   9.2    6.40   3.0   4.1   0.0   1.4  17.7   15.30   WNW
30  21.3  31.6   13.50  11.6    6.05   1.9   4.9   0.0   1.3  19.3   12.35     E
31  18.8  24.2   15.30  12.6   00.00   1.1   1.6 138.2   2.3  32.2    6.20   WNW
-------------------------------------------------------------------------------------
    22.5  36.8    20     6.1     8    47.4 176.4 150.2   1.8  33.8    18     WNW

Max >=  32.0: 19
Max <=   0.0:  0
Min <=   0.0:  0
Min <= -18.0:  0
Max Rain: 138.20 ON 31/08/12
Days of Rain: 5 (> .2 mm) 2 (> 2 mm) 1 (> 20 mm)
Heat Base:  18.3  Cool Base:  18.3  Method: Integration