NOAA-style Climate Reports

Select a Year or Month report

Report for 2012 Sep
                   MONTHLY CLIMATOLOGICAL SUMMARY for SEP. 2012

NAME: Valle del Pavone   CITY: Castelnuovo V.C.   STATE: Italia 
ELEV:   360 m  LAT:  43.2036 N  LONG:  10.9186 E

                   TEMPERATURE (C), RAIN  (mm), WIND SPEED (km/hr)

                                      HEAT  COOL        AVG
    MEAN                              DEG   DEG         WIND                 DOM
DAY TEMP  HIGH   TIME   LOW    TIME   DAYS  DAYS  RAIN  SPEED HIGH   TIME    DIR
------------------------------------------------------------------------------------
 1  13.7  19.4   14.20   9.6    6.00   4.6   0.0  13.0   0.3  16.1   15.50   WNW
 2  14.2  17.8   16.45   9.8    2.25   4.1   0.0   1.6   0.3  11.3   12.20     W
 3  17.4  23.3   16.05  12.1   23.50   1.7   0.8  18.4   1.3  16.1   12.15     E
 4  16.4  21.7   18.10  10.7    5.00   2.6   0.7   1.8   1.3  16.1   10.05   WNW
 5  18.6  24.9   13.50  13.1    6.25   1.5   1.8  14.4   1.0  20.9   14.15   WNW
 6  19.1  27.1   16.00  12.6    7.00   1.8   2.6   0.0   1.4  25.7   13.55   WNW
 7  19.3  28.7   15.40  11.8    5.50   2.1   3.1   0.2   1.1  16.1    9.25     E
 8  18.4  28.8   14.35  11.7    6.50   2.6   2.7   0.0   0.6  16.1    9.50     E
 9  17.2  28.7   14.40   8.8    7.20   3.8   2.6   0.2   0.6  12.9   17.25   WSW
10  16.8  26.9   16.05   9.6    6.15   3.8   2.3   0.0   0.8  14.5   12.15   WNW
11  16.7  26.4   13.35   8.7    7.10   3.9   2.2   0.2   1.0  17.7   15.55   WNW
12  18.3  26.2   14.50  10.0    6.30   2.6   2.6   0.6   2.7  27.4   16.00     E
13  16.8  19.4    0.05  13.7    7.35   1.7   0.2   0.0   5.0  38.6   17.20   WNW
14  15.7  18.6   14.40  13.4    4.30   2.6   0.0   0.0   4.2  27.4    3.00   WNW
15  16.6  24.4   16.45   9.2    5.25   3.2   1.5   0.0   1.6  16.1   13.05   WNW
16  16.2  24.8   16.00   9.0    7.25   3.3   1.2   0.0   1.9  24.1   13.50   WNW
17  14.8  24.8   14.40   7.0    6.15   4.9   1.4   0.0   0.8  14.5   17.00     E
18  15.5  24.4   13.10   7.7    7.15   4.2   1.4   0.2   0.5  14.5   15.45   WNW
19  16.7  19.9   12.40  12.9    0.50   1.9   0.3  27.8   0.8  19.3   10.20     E
20  15.1  21.1   16.20   9.3   20.40   3.7   0.5   0.2   2.3  25.7   11.55   WNW
21  13.1  23.7   15.00   3.9    6.55   5.9   0.8   0.0   1.3  14.5    3.45   WNW
22  17.7  23.6   14.40   8.0    1.00   2.3   1.7   0.0   2.4  24.1   11.40     E
23  20.9  26.4   15.05  16.4    3.00   0.2   2.9   0.0   1.8  17.7   23.35     E
24  21.1  24.5   13.50  15.2   23.35   0.2   2.9   0.0   3.9  32.2   13.30     E
25  17.9  23.8   14.25  11.1    7.35   2.0   1.7   0.2   1.8  20.9   15.15     E
26  21.3  24.2   13.05  19.2    4.55   0.0   3.0   0.0   4.7  29.0   10.05     E
27  19.4  22.9   14.40  15.8   23.35   0.5   1.6   1.0   1.6  25.7    2.05     E
28  19.7  25.7   14.45  15.1    6.50   1.1   2.4   0.2   0.5  16.1   20.10     E
29  20.1  27.7   13.10  13.6    3.30   1.2   3.0  13.6   2.3  33.8   13.25     E
30  18.1  24.5   15.45  13.6    7.20   1.5   1.3  29.6   0.8  17.7   17.35     E
-------------------------------------------------------------------------------------
    17.4  28.8     8     3.9    21    75.2  49.1 123.2   1.7  38.6    13       E

Max >=  32.0:  0
Max <=   0.0:  0
Min <=   0.0:  0
Min <= -18.0:  0
Max Rain: 29.59 ON 30/09/12
Days of Rain: 17 (> .2 mm) 6 (> 2 mm) 2 (> 20 mm)
Heat Base:  18.3  Cool Base:  18.3  Method: Integration