NOAA-style Climate Reports

Select a Year or Month report

Report for 2012 Oct
                   MONTHLY CLIMATOLOGICAL SUMMARY for OCT. 2012

NAME: Valle del Pavone   CITY: Castelnuovo V.C.   STATE: Italia 
ELEV:   360 m  LAT:  43.2036 N  LONG:  10.9186 E

                   TEMPERATURE (C), RAIN  (mm), WIND SPEED (km/hr)

                                      HEAT  COOL        AVG
    MEAN                              DEG   DEG         WIND                 DOM
DAY TEMP  HIGH   TIME   LOW    TIME   DAYS  DAYS  RAIN  SPEED HIGH   TIME    DIR
------------------------------------------------------------------------------------
 1  16.2  22.9   13.25  11.5    7.50   2.9   0.8   0.2   0.5   9.7    0.05     E
 2  15.1  19.3   11.40  11.8    4.55   3.3   0.1   3.0   0.6  16.1   16.55   WNW
 3  14.0  21.8   13.15   9.4   23.45   4.7   0.4   0.0   0.6  19.3   13.35     W
 4  13.3  22.0   12.50   6.3    7.10   5.7   0.6   0.4   0.6  17.7   13.10     E
 5  13.8  23.6   16.00   7.2    7.15   5.4   0.9   0.2   0.2   8.0   12.00   WSW
 6  14.4  23.0   15.40   6.1    6.55   4.8   0.9   0.2   1.6  19.3   13.35     E
 7  17.0  22.3   13.15  11.0    2.35   2.4   1.1   0.0   1.0  17.7   12.40     E
 8  16.9  24.6   13.55  12.2   23.25   2.6   1.2   0.2   0.5  14.5   17.30     E
 9  15.6  18.6   12.05  11.5    4.05   2.8   0.0  34.0   0.8  19.3    9.45     E
10  15.1  21.9   15.40  10.5    7.35   3.7   0.4   0.6   0.2   9.7   16.35     W
11  15.5  21.4   14.15  10.6    7.20   3.3   0.5   6.2   0.3   9.7   12.35     E
12  15.7  20.5   13.05  10.8   23.50   2.8   0.2  17.0   0.6  17.7   13.45   WNW
13  14.6  21.6   14.15   9.9    1.45   4.1   0.3   0.8   0.3  11.3   19.00     W
14  13.2  21.2   13.50   8.7    7.35   5.4   0.3   4.4   0.6  14.5   12.10     E
15  15.0  17.9   10.20  11.9   00.00   3.3   0.0  54.4   2.7  37.0   14.10     E
16  10.9  16.4   13.25   5.7    8.15   7.4   0.0   0.6   1.0  19.3   14.25     W
17  11.2  20.8   14.10   4.3    7.30   7.4   0.3   0.2   0.6  12.9   14.25     E
18  11.7  20.9   16.10   6.0    4.30   7.1   0.4   0.4   0.3   8.0   13.40     E
19  12.2  22.7   14.35   6.0    5.10   6.7   0.6   0.2   0.3  11.3   14.20    NE
20  13.1  23.8   13.50   7.0    7.35   5.9   0.7   0.0   0.2  11.3   12.35     W
21  14.6  24.7   15.05   7.6    7.50   4.8   1.1   0.2   0.3  14.5   12.20     E
22  15.7  23.9   13.50  10.8   00.00   3.7   1.1   0.2   0.2  11.3   14.10   WSW
23  13.2  22.9   14.10   6.9    7.25   5.7   0.6   0.2   0.6  12.9   12.05   WSW
24  12.8  21.5   15.50   6.4    7.55   5.9   0.4   0.8   0.2   8.0   13.10     E
25  12.7  21.0   14.00   7.8    5.25   5.9   0.3   0.2   0.3  11.3   12.45     E
26  13.8  19.4   15.00   8.1    5.00   4.5   0.0  12.4   2.1  24.1   18.30     E
27  15.8  17.9   14.25  11.9   23.40   2.6   0.0   8.0   2.6  27.4   12.25     E
28   6.9  12.8    0.05   2.9   00.00  11.4   0.0  33.2   1.0  22.5   14.30   WNW
29   4.9  10.2   14.30   0.1   23.25  13.4   0.0   0.6   1.3  19.3   12.45   WNW
30   5.2  13.1   13.35  -1.8    6.10  13.2   0.0   0.2   0.5  11.3   19.00   SSE
31   8.6  14.3   23.35   3.2    0.05   9.7   0.0  23.8   2.9  29.0   15.05     E
-------------------------------------------------------------------------------------
    13.2  24.7    21    -1.8    30   172.4  12.9 202.8   0.8  37.0    15       E

Max >=  32.0:  0
Max <=   0.0:  0
Min <=   0.0:  1
Min <= -18.0:  0
Max Rain: 54.41 ON 15/10/12
Days of Rain: 28 (> .2 mm) 10 (> 2 mm) 4 (> 20 mm)
Heat Base:  18.3  Cool Base:  18.3  Method: Integration