NOAA-style Climate Reports

Select a Year or Month report

Report for 2012 Nov
                   MONTHLY CLIMATOLOGICAL SUMMARY for NOV. 2012

NAME: Valle del Pavone   CITY: Castelnuovo V.C.   STATE: Italia 
ELEV:   360 m  LAT:  43.2036 N  LONG:  10.9186 E

                   TEMPERATURE (C), RAIN  (mm), WIND SPEED (km/hr)

                                      HEAT  COOL        AVG
    MEAN                              DEG   DEG         WIND                 DOM
DAY TEMP  HIGH   TIME   LOW    TIME   DAYS  DAYS  RAIN  SPEED HIGH   TIME    DIR
------------------------------------------------------------------------------------
 1  11.4  15.8   14.15   5.1   21.05   6.9   0.0  17.0   2.4  29.0    4.10     E
 2  10.1  18.1   14.20   4.8   00.00   8.3   0.0   0.2   1.3  25.7   10.30     E
 3  11.4  16.6   13.10   4.6    5.20   6.9   0.0   0.2   1.6  19.3   22.50     E
 4  16.8  18.4   23.25  14.6    1.20   1.5   0.0   5.4   4.3  35.4   23.25     E
 5  15.8  18.5    0.20  10.5   17.25   2.5   0.0  16.8   4.5  33.8   19.15     E
 6  11.8  16.2   11.10   5.6   00.00   6.5   0.0   0.0   2.3  29.0   14.40   WNW
 7   5.8  14.9   13.40   0.4   00.00  12.5   0.0   0.0   0.6  11.3    9.45   WNW
 8   4.5  15.8   13.35  -0.9    6.25  13.8   0.0   0.4   0.2   8.0   13.25     W
 9   7.8  16.0   13.35   0.9    2.20  10.6   0.0   0.0   0.2   8.0   12.15   WSW
10  12.2  16.0   12.50   5.9    3.00   6.1   0.0   0.8   3.5  33.8   16.10     E
11  15.0  16.4    5.25  12.9   23.00   3.3   0.0  29.2   4.5  46.7    6.30     E
12  12.9  14.8   10.10  10.9   00.00   5.4   0.0  52.6   0.8  14.5   10.05     W
13  13.6  16.5   15.00  10.9    0.05   4.7   0.0   1.6   1.6  16.1   00.00   WNW
14  12.3  16.7   13.50   6.8   00.00   6.1   0.0   0.0   3.7  22.5   12.50   WNW
15   7.7  14.1   12.25   2.8    6.55  10.7   0.0   0.0   2.1  16.1   13.10    NW
16   5.9  13.8   14.40   0.1   23.40  12.4   0.0   0.2   1.3  16.1    0.10   WNW
17   4.4  14.7   12.45  -1.2    6.55  13.9   0.0   0.0   0.3   9.7   12.55   WNW
18   9.1  14.1   13.30   2.0    0.05   9.3   0.0   0.2   1.1  12.9   21.25   WNW
19  11.0  12.9   10.00   8.8   20.00   7.3   0.0   0.8   2.9  17.7    3.10   WNW
20   9.8  13.9   14.10   5.9    3.55   8.5   0.0   0.2   1.3  14.5   12.05   WNW
21   7.1  14.9   12.55   1.7    6.50  11.3   0.0   0.0   1.0  16.1    0.20   WNW
22   6.3  15.3   13.35   0.7    3.35  12.0   0.0   0.2   0.0   6.4   13.00    NE
23   8.1  15.8   11.45   3.7   23.55  10.3   0.0   0.2   0.2   9.7   11.25     E
24   7.5  15.3   13.40   3.3    1.15  10.8   0.0   0.0   0.0   4.8   11.10     W
25   8.4  16.4   14.00   2.7    2.50   9.9   0.0   0.2   0.8  16.1   10.30     E
26  11.4  14.7   13.40   4.4    0.45   6.9   0.0   0.2   2.1  22.5   10.45     E
27  14.5  15.8   16.05  12.7    0.10   3.8   0.0   5.4   5.5  38.6   11.40     E
28  12.1  15.9    1.00   9.8   17.10   6.3   0.0  36.0   5.0  40.2   18.45     E
29   7.3  10.3    0.05   2.4   23.35  11.0   0.0  26.2   2.4  27.4    0.25     E
30   4.9   9.6   11.25   0.9    2.15  13.4   0.0   8.8   1.4  27.4   17.00     E
-------------------------------------------------------------------------------------
     9.9  18.5     5    -1.2    17   252.9   0.0 202.8   2.0  46.7    11       E

Max >=  32.0:  0
Max <=   0.0:  0
Min <=   0.0:  2
Min <= -18.0:  0
Max Rain: 52.60 ON 12/11/12
Days of Rain: 22 (> .2 mm) 9 (> 2 mm) 4 (> 20 mm)
Heat Base:  18.3  Cool Base:  18.3  Method: Integration