NOAA-style Climate Reports

Select a Year or Month report

Report for 2012 Dec
                   MONTHLY CLIMATOLOGICAL SUMMARY for DEC. 2012

NAME: Valle del Pavone   CITY: Castelnuovo V.C.   STATE: Italia 
ELEV:   360 m  LAT:  43.2036 N  LONG:  10.9186 E

                   TEMPERATURE (C), RAIN  (mm), WIND SPEED (km/hr)

                                      HEAT  COOL        AVG
    MEAN                              DEG   DEG         WIND                 DOM
DAY TEMP  HIGH   TIME   LOW    TIME   DAYS  DAYS  RAIN  SPEED HIGH   TIME    DIR
------------------------------------------------------------------------------------
 1   6.4  10.3   13.25   1.2    2.05  11.9   0.0  23.8   1.4  20.9   13.15     E
 2   5.2   9.8   13.00   1.3   00.00  13.1   0.0  21.2   0.8  51.5   20.45   WNW
 3   0.4   6.6   12.55  -2.3    8.00  17.9   0.0   0.6   0.5  17.7    2.20   WNW
 4   7.6  10.4   15.55  -1.6    0.05  10.8   0.0   5.2   3.5  32.2   16.15     E
 5   0.5   6.2   11.45  -3.8   23.50  17.8   0.0   7.4   0.3  16.1    7.50   WSW
 6  -1.3   4.2   13.15  -4.3   23.30  19.6   0.0   1.8   0.3   4.8   12.20   WSW
 7   2.3   7.6   13.50  -4.2    0.20  16.0   0.0  25.4   1.3  30.6   21.45     E
 8   1.6   4.8    0.45  -2.2    8.00  16.8   0.0   0.2   3.9  35.4   16.25   WNW
 9  -0.3   6.5   13.40  -4.2    8.40  18.7   0.0   0.0   1.8  25.7    0.10   WNW
10   2.4   8.8   12.50  -1.8    7.45  15.9   0.0   5.8   0.6  12.9   11.05     E
11  -2.4   4.1   13.20  -6.0    8.00  20.7   0.0   0.2   0.3   6.4   12.55   WSW
12  -3.7   5.7   13.00  -8.0    7.20  22.1   0.0   0.2   0.5   9.7   11.35     W
13   1.0   7.3   23.55  -7.4    0.25  17.3   0.0   0.8   1.0  24.1   11.50     W
14   9.8  12.6   12.40   6.8    1.35   8.5   0.0   3.2   3.9  32.2   22.40   SSE
15  11.3  12.9   19.55   6.1   00.00   7.1   0.0  37.8   4.5  40.2   10.20     E
16   7.1  15.2   13.40   2.1   00.00  11.3   0.0   0.0   0.5  14.5   13.35   WNW
17   6.1  11.0   10.50   1.7    2.05  12.3   0.0  15.4   0.6  16.1   10.30   WNW
18   3.5  10.8   13.55  -1.0   23.45  14.8   0.0   0.2   0.6  14.5   12.20    NW
19   0.6  10.0   13.30  -3.6   23.45  17.8   0.0   0.2   0.5  12.9   12.35   WNW
20  -0.2   5.8   14.10  -5.7    7.10  18.5   0.0   0.2   0.0  12.9   23.35   WSW
21   2.9   6.4   14.30  -0.9   00.00  15.4   0.0   4.4   0.5  12.9    1.05   WNW
22   1.6  11.2   13.50  -3.0    7.45  16.8   0.0   0.2   0.2   9.7   12.50     W
23   5.8  11.0   15.00  -1.6    2.20  12.5   0.0   0.0   0.3  14.5   11.05   SSE
24   7.4  13.9   13.55  -0.1    7.10  10.9   0.0   0.2   1.3  20.9   20.15     E
25  11.8  12.4   13.30  11.4    5.15   6.5   0.0   0.0   4.2  27.4    2.40     E
26  11.3  13.2   11.30   5.9   22.20   7.1   0.0   9.6   1.9  22.5    1.50     E
27   8.3  12.3   13.50   1.3    8.00  10.0   0.0   0.4   1.3  27.4   22.10     E
28   7.2  14.2   12.45  -1.0   23.55  11.1   0.0   0.4   2.1  37.0    0.20   WNW
29   1.6  11.1   13.55  -2.9   23.25  16.7   0.0   0.2   0.6  14.5   13.25   WNW
30   2.3  11.4   13.00  -4.3    7.10  15.8   0.0   0.0   0.5  14.5   12.00    NW
31   0.7  11.6   13.30  -3.6    7.35  17.7   0.0   0.2   0.5  12.9   13.55     W
-------------------------------------------------------------------------------------
     3.8  15.2    16    -8.0    12   449.3   0.0 165.2   1.3  51.5     2       E

Max >=  32.0:  0
Max <=   0.0:  0
Min <=   0.0: 22
Min <= -18.0:  0
Max Rain: 37.80 ON 15/12/12
Days of Rain: 26 (> .2 mm) 11 (> 2 mm) 4 (> 20 mm)
Heat Base:  18.3  Cool Base:  18.3  Method: Integration