NOAA-style Climate Reports

Select a Year or Month report

Report for 2013 Mar
                   MONTHLY CLIMATOLOGICAL SUMMARY for JAN. 2013

NAME: Valle del Pavone   CITY: Castelnuovo V.C.   STATE: Italia 
ELEV:   360 m  LAT:  43.2036 N  LONG:  10.9186 E

                   TEMPERATURE (C), RAIN  (mm), WIND SPEED (km/hr)

                                      HEAT  COOL        AVG
    MEAN                              DEG   DEG         WIND                 DOM
DAY TEMP  HIGH   TIME   LOW    TIME   DAYS  DAYS  RAIN  SPEED HIGH   TIME    DIR
------------------------------------------------------------------------------------
 1   4.7   9.6   13.40  -2.6    0.30  13.7   0.0   0.8   1.4  12.9   17.00   WNW
 2   7.4  12.8   14.35   0.7   23.55  10.9   0.0   0.2   4.8  33.8   13.30   WNW
 3   3.4  14.9   15.05  -4.8    6.30  14.9   0.0   0.0   0.8  11.3   12.55   WNW
 4   4.4  16.2   15.25  -3.9    7.00  13.9   0.0   0.2   0.8  22.5   13.25     E
 5   5.7  11.2   12.10  -0.2    2.15  12.6   0.0   7.8   1.4  19.3   22.30     E
 6   8.9  11.7   23.15   7.1    0.50   9.4   0.0  11.6   1.8  19.3   18.00     E
 7  12.3  14.4   12.35  11.1    0.35   6.1   0.0   0.6   2.6  20.9    9.45   SSE
 8  11.4  12.3   14.05  10.0   23.50   6.9   0.0  16.4   3.1  27.4   22.55     E
 9  11.4  14.7   12.15   8.5    5.10   6.8   0.0   9.2   3.2  27.4    3.05     E
10  10.5  15.1   13.50   6.0   23.45   7.8   0.0  13.8   2.3  27.4    1.50   SSE
11   9.2  15.1   13.55   5.1    6.45   9.2   0.0   0.8   1.8  27.4   14.35   SSE
12   7.8  12.9   13.15   4.4   00.00  10.6   0.0   8.6   0.8  19.3   13.45     E
13   4.6  11.3   11.00   0.6   00.00  13.8   0.0  13.4   0.6  24.1   10.25     E
14   4.8  10.0   11.20   0.4    0.10  13.5   0.0   0.0   2.4  22.5   19.05    NW
15   3.8   8.7   14.30  -1.8   00.00  14.6   0.0   0.2   2.4  22.5   10.45     E
16   1.8   9.7   16.30  -4.8    6.50  16.6   0.0   0.2   1.1  16.1   10.35     E
17   5.4   9.1   12.05  -0.9    0.05  12.9   0.0  14.2   3.5  40.2   23.25     E
18   9.8  12.0   13.00   8.0   21.05   8.5   0.0  33.0   7.1  43.5   11.55     E
19   8.2  12.9   15.55   0.6   23.10  10.1   0.0   0.0   4.8  53.1   11.40     E
20   7.9  10.9   12.30   0.7    0.20  10.4   0.0  14.0   2.6  22.5    9.00   WNW
21   8.2  13.9   12.50   3.3    6.55  10.1   0.0   0.0   2.9  24.1    9.45    NW
22   7.3  14.2   15.45   0.1    6.30  11.0   0.0   0.0   1.1  16.1   10.45    NW
23   8.4  15.9   14.55   0.5    4.35   9.9   0.0   0.2   1.8  27.4   10.35   ESE
24  10.8  16.0   15.10   6.1    5.55   7.5   0.0   0.4   2.1  22.5   17.25   WNW
25   7.3   9.5   15.50   5.4   00.00  11.1   0.0   0.0   2.6  20.9    5.05   WNW
26   7.9  13.7   14.35   2.6   23.35  10.4   0.0   1.8   1.8  22.5   14.10     E
27   6.5  13.4   16.05   0.2    1.50  11.8   0.0   0.2   0.5  12.9   16.15    NW
28  10.4  14.7   12.10   5.1    2.50   7.9   0.0   0.6   2.4  22.5   23.45   ESE
29  12.7  16.0   11.15  10.9    1.10   5.6   0.0   0.6   3.2  24.1   20.50   ESE
30  11.4  13.0   12.35   7.8   22.30   6.9   0.0  17.8   4.7  35.4   13.35    SE
31   8.9  13.1   14.45   2.4   23.45   9.0   0.0   3.4   3.5  29.0   11.30    NW
-------------------------------------------------------------------------------------
     7.9  16.2     4    -4.8     3   324.4   0.0 170.1   2.5  53.1    19       E

Max >=  32.0:  0
Max <=   0.0:  0
Min <=   0.0:  7
Min <= -18.0:  0
Max Rain: 32.99 ON 18/03/13
Days of Rain: 25 (> .2 mm) 12 (> 2 mm) 1 (> 20 mm)
Heat Base:  18.3  Cool Base:  18.3  Method: Integration