NOAA-style Climate Reports

Select a Year or Month report

Report for 2013 May
                   MONTHLY CLIMATOLOGICAL SUMMARY for MAY. 2013

NAME: Valle del Pavone   CITY: Castelnuovo V.C.   STATE: Italia 
ELEV:   360 m  LAT: 43.2036 N  LONG: 10.9186 E

                   TEMPERATURE (C), RAIN  (mm), WIND SPEED (km/hr)

                                      HEAT  COOL        AVG
    MEAN                              DEG   DEG         WIND                 DOM
DAY TEMP  HIGH   TIME   LOW    TIME   DAYS  DAYS  RAIN  SPEED HIGH   TIME    DIR
------------------------------------------------------------------------------------
 1  16.8  23.9   11.05  10.2    6.25   2.5   1.1   0.2   1.9  25.7    9.55   ESE
 2  14.9  20.3   17.20   9.8   23.05   3.6   0.1   5.4   0.2   9.7    9.05   WNW
 3  15.0  23.7   15.25   7.3    5.00   4.4   1.1   0.2   0.8  16.1   16.05   NNE
 4  14.6  24.0   16.50   4.9    5.50   5.2   1.5   0.0   0.6   9.7   12.10   WNW
 5  12.3  19.3   17.55   7.4    5.40   6.0   0.0   3.8   0.6  16.1    8.00   WNW
 6  13.7  19.1   14.35   8.6    1.10   4.6   0.0  19.6   0.6  11.3   13.40   NNE
 7  14.6  20.9   15.00   9.7   00.00   3.9   0.2   0.4   1.1  20.9    9.55   WNW
 8  14.4  21.9   12.55   6.4    6.30   4.6   0.8   0.0   1.0  17.7   17.05   WNW
 9  15.8  25.2   14.50   6.8    6.20   4.4   1.9   0.0   0.8  14.5   12.10   WNW
10  15.4  21.3   14.25  10.4    1.30   3.2   0.4   1.0   1.1  17.7   15.00   ESE
11  14.8  20.0   13.55   7.5    6.25   3.7   0.2   0.0   1.6  19.3   14.00   WNW
12  15.1  20.4   13.20   7.2   00.00   3.4   0.2   0.0   1.8  24.1   11.30   WNW
13  13.0  21.4   16.20   4.8    6.25   5.9   0.6   0.0   1.1  14.5   11.50   WNW
14  13.9  23.7   15.55   2.7    6.20   5.8   1.4   0.0   1.3  17.7   16.00   ESE
15  12.7  18.7   12.35   3.7    5.35   5.6   0.0   0.6   1.3  22.5   23.55     E
16  15.1  18.6   17.40  12.3    4.30   3.3   0.0  24.4   3.4  40.2    9.35   ESE
17  13.9  17.2   14.20  10.2   20.25   4.4   0.0  15.0   2.6  19.3    9.00   WNW
18  14.8  21.1   15.15   7.3    6.10   3.8   0.3   0.4   2.1  25.7   11.05     E
19  12.7  18.5   14.05   7.5   00.00   5.6   0.0   3.8   1.9  37.0   11.30   WNW
20  11.4  16.9   10.15   5.9    4.45   6.8   0.0   4.2   0.5  14.5   10.20     E
21  11.6  16.0   14.30   5.3   23.50   6.6   0.0   1.8   0.8  16.1   14.40   ESE
22  12.2  21.4   14.00   2.7    5.00   6.6   0.5   0.2   1.1  17.7   13.10   WNW
23  12.7  20.1   16.45   5.9    2.25   5.7   0.1   3.4   1.3  16.1   11.35   WNW
24  12.1  15.8   16.25   5.8   22.45   6.3   0.0   0.0   4.2  38.6    9.35     E
25   8.2  13.3   15.50   4.1    2.10  10.1   0.0  16.4   1.9  35.4   17.55   ESE
26  10.6  17.2   14.50   3.3    5.05   7.7   0.0   1.6   2.1  22.5   13.25   WNW
27  12.1  19.6   15.55   2.8    5.55   6.3   0.1   0.0   1.3  19.3   16.05     E
28  12.3  17.3   17.45   8.6   22.35   6.0   0.0   8.0   0.3   8.0    1.05     E
29  12.7  17.1   13.45   8.1    4.55   5.6   0.0   0.8   2.4  24.1   13.15   WNW
30  10.1  14.6   14.45   3.8    5.45   8.2   0.0  29.8   1.9  27.4    0.05     E
31  13.3  18.9   15.15   8.6   23.55   5.0   0.0   1.8   2.3  20.9   11.55   WNW
-------------------------------------------------------------------------------------
    13.3  25.2     9     2.7    14   164.9  10.4 142.9   1.5  40.2    16     WNW

Max >=  32.0:  0
Max <=   0.0:  0
Min <=   0.0:  0
Min <= -18.0:  0
Max Rain: 29.79 ON 30/05/13
Days of Rain: 22 (> .2 mm) 11 (> 2 mm) 2 (> 20 mm)
Heat Base:  18.3  Cool Base:  18.3  Method: Integration