NOAA-style Climate Reports

Select a Year or Month report

Report for 2013 Jun
                   MONTHLY CLIMATOLOGICAL SUMMARY for JUN. 2013

NAME: Valle del Pavone   CITY: Castelnuovo V.C.   STATE: Italia 
ELEV:   360 m  LAT: 43.2036 N  LONG: 10.9186 E

                   TEMPERATURE (C), RAIN  (mm), WIND SPEED (km/hr)

                                      HEAT  COOL        AVG
    MEAN                              DEG   DEG         WIND                 DOM
DAY TEMP  HIGH   TIME   LOW    TIME   DAYS  DAYS  RAIN  SPEED HIGH   TIME    DIR
------------------------------------------------------------------------------------
 1  13.4  21.7   16.30   6.5    4.45   5.4   0.5   0.0   0.8  16.1   12.00   WNW
 2  14.8  23.2   13.30   5.5    5.50   4.8   1.3   0.0   1.4  19.3   14.40   WNW
 3  13.8  19.6   10.40   8.7    1.00   4.5   0.1   9.6   0.5  16.1   11.10   ESE
 4  15.5  23.1   14.50   8.2    6.20   3.9   1.2   0.2   1.1  17.7   17.15     E
 5  13.9  22.9   13.25   8.1    5.25   4.9   0.5   2.8   0.6  16.1   14.45     E
 6  15.3  24.3   13.55   5.6    6.25   4.7   1.7   0.2   0.6  12.9   15.05   WNW
 7  16.6  25.8   15.05   6.9    5.55   4.2   2.4   0.0   1.0  16.1   16.25   WNW
 8  16.2  26.4   12.35   7.2    5.35   4.2   2.1   0.4   0.5  14.5   16.55     E
 9  14.6  20.5   12.20   9.2    0.45   3.9   0.2   4.6   0.8  17.7    8.45     E
10  13.8  19.0   18.55   9.0   23.55   4.5   0.0   3.0   0.6  12.9   10.20   WNW
11  14.3  22.3   15.00   6.5    5.05   4.9   0.8   0.2   0.8  12.9   16.50   WNW
12  17.1  27.3   14.40   6.8    5.20   4.1   2.9   0.0   0.8  14.5   17.40     E
13  18.0  27.3   14.15   8.2    5.25   3.6   3.3   0.0   1.0  14.5   15.15   WNW
14  18.7  27.4   15.35   8.9    5.40   3.1   3.5   0.0   1.1  17.7   15.50   WNW
15  18.9  27.4   14.50  10.4    5.45   2.7   3.3   0.0   1.3  22.5   12.30   WNW
16  20.2  29.7   14.40  10.0    5.45   2.6   4.4   0.0   0.8  14.5   13.05     E
17  21.9  31.8   13.50  11.8    5.40   1.8   5.4   0.0   1.0  11.3   10.05   ESE
18  23.1  33.1   14.15  13.5    5.55   1.2   6.0   0.0   0.8  12.9   15.00     E
19  21.9  32.2   16.15  12.1    5.45   1.7   5.3   0.0   1.0  12.9   13.55     W
20  21.0  30.3   14.25  11.3    5.15   2.1   4.9   0.0   1.1  20.9   14.10     W
21  18.7  26.6   14.20  11.3   00.00   2.4   2.7   0.0   1.1  17.7   16.50   WNW
22  17.2  24.3   16.05   8.7    5.45   3.3   2.1   0.0   1.0  16.1   16.05   WNW
23  18.7  26.5   18.05  10.3    5.55   2.5   2.9   0.0   1.3  20.9   18.35   WNW
24  15.2  22.1   14.45   8.4    5.35   3.9   0.8   2.0   1.9  30.6   16.20   WNW
25  16.0  24.7   16.40   7.1    5.45   4.2   1.9   0.2   1.0  20.9   15.40     E
26  15.4  24.4   14.05   6.3    5.55   4.6   1.7   0.0   1.0  14.5   11.35   WNW
27  15.9  24.4   14.00   6.7    5.55   4.1   1.8   0.2   1.0  12.9   12.40   WNW
28  15.3  23.3   14.45   7.9    6.05   3.8   0.8   0.0   1.0  17.7   15.50     E
29  15.1  23.4   14.55   5.5    5.55   4.4   1.2   0.0   1.8  19.3   10.35   WNW
30  16.9  27.9   15.15   6.2    5.25   4.3   3.0   0.0   1.1  17.7   13.15     W
-------------------------------------------------------------------------------------
    16.9  33.1    18     5.5     2   110.2  68.6  23.4   1.0  30.6    24     WNW

Max >=  32.0:  2
Max <=   0.0:  0
Min <=   0.0:  0
Min <= -18.0:  0
Max Rain: 9.60 ON 03/06/13
Days of Rain: 11 (> .2 mm) 5 (> 2 mm) 0 (> 20 mm)
Heat Base:  18.3  Cool Base:  18.3  Method: Integration