NOAA-style Climate Reports

Select a Year or Month report

Report for 2013 Jul
                   MONTHLY CLIMATOLOGICAL SUMMARY for JUL. 2013

NAME: Valle del Pavone   CITY: Castelnuovo V.C.   STATE: Italia 
ELEV:   360 m  LAT: 43.2036 N  LONG: 10.9186 E

                   TEMPERATURE (C), RAIN  (mm), WIND SPEED (km/hr)

                                      HEAT  COOL        AVG
    MEAN                              DEG   DEG         WIND                 DOM
DAY TEMP  HIGH   TIME   LOW    TIME   DAYS  DAYS  RAIN  SPEED HIGH   TIME    DIR
------------------------------------------------------------------------------------
 1  17.6  27.7   14.35   7.2    5.45   4.1   3.4   0.0   1.4  19.3   14.50   ESE
 2  18.0  29.1   15.15   6.7    6.20   4.1   3.8   0.0   1.3  14.5   11.00   ESE
 3  17.9  27.6   14.35   7.6    5.15   3.2   2.8   0.0   1.1  19.3   11.30   SSW
 4  20.3  28.2   18.05  13.9   00.00   1.3   3.3   0.6   0.8  12.9   15.25   WNW
 5  21.1  31.4   16.25  10.9    5.45   2.1   4.9   0.0   1.3  17.7   13.25     E
 6  21.1  30.7   16.30  11.7    5.15   2.0   4.8   0.0   1.8  19.3   12.30   WNW
 7  19.4  29.2   13.20  12.3    6.15   1.8   2.9   6.8   1.1  22.5   14.30     E
 8  21.1  30.2   15.20  12.5    5.35   1.6   4.4   0.0   1.1  17.7   17.05   WNW
 9  19.9  30.3   14.20  12.4    5.50   1.4   3.1   0.0   0.6  12.9   12.10     E
10  20.9  30.8   14.40  12.9    6.10   1.3   4.0   0.0   0.6  17.7   16.55     E
11  20.8  27.8   15.45  13.5    6.05   1.3   3.8   0.0   1.3  22.5   14.00   WNW
12  19.9  28.6   15.15  11.1    5.35   2.3   3.9   0.0   1.1  16.1   15.55   WNW
13  20.6  29.6   14.50  12.0    5.15   1.9   4.2   0.2   1.1  20.9   15.30   WNW
14  21.3  29.5   15.20  14.4    2.45   1.0   4.1   1.2   1.0  12.9    6.40     E
15  20.9  31.0   16.45  11.6    5.40   1.9   4.6   0.0   0.8  11.3   18.40     E
16  20.1  31.1   13.35  10.8    6.00   2.3   4.1   0.0   0.6  17.7   15.20   ESE
17  21.3  31.2   14.05  11.4    5.40   1.9   4.9   0.0   0.6  12.9   16.00     E
18  18.9  29.6   12.15  13.3    6.05   1.6   2.3  20.8   0.3  24.1   15.05     E
19  18.9  28.1   12.55  12.3    3.05   1.9   2.4   5.4   0.5  11.3   13.45   WSW
20  19.7  28.8   13.50  12.9    6.20   1.6   3.0   0.2   0.5  11.3   11.05     E
21  20.4  31.1   15.25  12.1    6.05   1.7   3.8  11.4   0.6  14.5   16.05   ESE
22  21.5  30.7   15.30  13.4    6.20   1.3   4.5   0.0   0.8  14.5   13.45   WNW
23  21.5  31.3   14.05  13.6    6.15   1.4   4.7   0.0   1.0  16.1   16.05     E
24  20.9  29.6   16.15  12.1    5.45   1.8   4.4   0.0   1.0  14.5   13.00   WNW
25  21.2  30.2   14.10  13.5    5.50   1.4   4.3   0.0   1.0  17.7   16.20   WNW
26  21.8  32.7   15.30  12.3    6.40   1.6   5.2   0.0   0.5  11.3   14.15     E
27  22.5  33.8   15.10  13.1    6.00   1.5   5.7   0.0   0.6  12.9   12.05   ESE
28  23.6  32.6   15.20  12.7    6.05   1.5   6.8   0.0   2.1  20.9   14.15     E
29  23.8  30.1   11.50  17.7   23.10   0.0   5.5   6.4   1.9  17.7   12.00     W
30  21.9  28.7   15.35  13.5   00.00   0.6   4.2   0.2   1.3  14.5   14.10   WNW
31  20.4  30.4   16.15  11.4    6.05   2.4   4.5   0.2   1.6  24.1   15.00   WNW
-------------------------------------------------------------------------------------
    20.6  33.8    27     6.7     2    55.7 128.1  53.4   1.0  24.1    18     WNW

Max >=  32.0:  3
Max <=   0.0:  0
Min <=   0.0:  0
Min <= -18.0:  0
Max Rain: 20.80 ON 18/07/13
Days of Rain: 11 (> .2 mm) 5 (> 2 mm) 1 (> 20 mm)
Heat Base:  18.3  Cool Base:  18.3  Method: Integration