NOAA-style Climate Reports

Select a Year or Month report

Report for 2013 Aug
                   MONTHLY CLIMATOLOGICAL SUMMARY for AUG. 2013

NAME: Valle del Pavone   CITY: Castelnuovo V.C.   STATE: Italia 
ELEV:   360 m  LAT: 43.2036 N  LONG: 10.9186 E

                   TEMPERATURE (C), RAIN  (mm), WIND SPEED (km/hr)

                                      HEAT  COOL        AVG
    MEAN                              DEG   DEG         WIND                 DOM
DAY TEMP  HIGH   TIME   LOW    TIME   DAYS  DAYS  RAIN  SPEED HIGH   TIME    DIR
------------------------------------------------------------------------------------
 1  20.9  31.9   16:45  10.8    5:50   2.4   5.0   0.0   1.3  25.7   12:55   WNW
 2  21.3  32.9   15:20  10.4    5:05   2.3   5.4   0.2   1.0  20.9   12:05    SE
 3  22.4  34.4   14:50  12.4    6:30   1.8   5.9   0.0   0.8  16.1   15:35     E
 4  21.3  34.3   14:45  10.9    6:05   2.3   5.3   0.0   0.5  11.3   13:50     E
 5  21.8  34.4   15:35  10.9    6:25   2.3   5.8   0.0   0.6  11.3   14:40     E
 6  22.2  35.7   15:00  11.1    6:30   2.1   6.0   0.0   0.5  16.1   16:35   WSW
 7  24.1  33.9   14:50  11.6    6:00   1.7   7.5   0.0   2.3  24.1   14:20   ESE
 8  27.3  33.9   14:30  19.3   23:35   0.0   9.0   0.0   2.9  30.6   12:00   WNW
 9  22.0  29.8   15:00  15.7   00:00   0.3   4.0   0.0   1.4  16.1    7:30     W
10  21.4  30.4   16:20  13.6    6:45   1.3   4.5   0.0   1.4  16.1   12:45   WNW
11  20.9  30.9   15:05  11.7    6:00   1.9   4.5   0.0   1.1  16.1   18:00   WNW
12  20.6  31.3   13:55  11.5    6:10   2.3   4.6   0.0   1.0  19.3   17:10   WNW
13  20.3  30.8   13:50   9.7    6:30   2.6   4.6   0.0   1.3  17.7   16:45   ESE
14  18.8  29.8   12:35  11.6    6:10   1.9   2.4  22.4   1.0  25.7   14:55   WNW
15  20.8  29.4   16:15  14.6    6:20   1.0   3.5   0.2   1.6  12.9    8:35   WNW
16  19.9  30.1   15:30  11.3    5:35   2.3   3.9   0.0   1.0  14.5    9:35   WNW
17  19.6  30.4   13:45  10.7    6:40   2.7   4.1   0.0   0.8  14.5   13:55   WNW
18  19.7  29.9   14:00  11.0    6:30   2.5   3.9   0.0   0.8  22.5   14:25   WNW
19  20.2  28.6   14:55  12.1    6:10   1.8   3.7   0.2   1.3  20.9   16:30   WNW
20  18.8  22.9   14:55  14.4   00:00   0.8   1.3   5.0   2.4  25.7   16:25   WNW
21  19.1  27.1   16:25  12.5    6:20   2.0   2.8   0.0   1.8  20.9    9:45   WNW
22  19.0  28.9   15:15  10.9    6:50   2.5   3.2   0.0   0.8  14.5   11:35     W
23  18.9  29.4   14:30  11.2    6:30   2.7   3.3   0.0   0.8  12.9   16:35   WNW
24  19.8  27.2   14:45  11.3    6:25   2.1   3.6   0.0   1.3  14.5   13:45   ESE
25  21.1  24.9   12:25  14.7   22:50   0.5   3.2   0.6   2.1  22.5   13:20   WNW
26  19.1  26.2   14:25  13.4    1:10   1.7   2.4   0.0   0.6  14.5   13:20   WNW
27  19.1  25.6   15:00  13.7    3:45   1.6   2.4   0.0   1.0  16.1   15:05   WNW
28  17.2  24.1   16:05  12.1    2:45   2.6   1.5   5.0   1.0  17.7   15:15   WNW
29  17.3  27.4   14:20   8.7    6:25   3.5   2.5   0.2   0.8  12.9   16:45   ESE
30  18.2  28.5   16:05   9.9    6:55   2.7   2.6   0.2   1.0  17.7    9:05   ESE
31  17.4  28.3   15:55   8.2    6:50   3.6   2.8   0.0   1.0  12.9   11:10     W
-------------------------------------------------------------------------------------
    20.3  35.7     6     8.2    31    61.7 125.2  34.0   1.2  30.6     8     WNW

Max >=  32.0:  7
Max <=   0.0:  0
Min <=   0.0:  0
Min <= -18.0:  0
Max Rain: 22.40 ON 14/08/13
Days of Rain: 9 (> .2 mm) 3 (> 2 mm) 1 (> 20 mm)
Heat Base:  18.3  Cool Base:  18.3  Method: Integration