NOAA-style Climate Reports

Select a Year or Month report

Report for 2013 Sep
                   MONTHLY CLIMATOLOGICAL SUMMARY for SEP. 2013

NAME: Valle del Pavone   CITY: Castelnuovo V.C.   STATE: Italia 
ELEV:   360 m  LAT: 43.2036 N  LONG: 10.9186 E

                   TEMPERATURE (C), RAIN  (mm), WIND SPEED (km/hr)

                                      HEAT  COOL        AVG
    MEAN                              DEG   DEG         WIND                 DOM
DAY TEMP  HIGH   TIME   LOW    TIME   DAYS  DAYS  RAIN  SPEED HIGH   TIME    DIR
------------------------------------------------------------------------------------
 1  17.2  28.6   14:45   8.0    6:20   4.0   2.8   0.0   1.0  17.7   14:15   WSW
 2  17.3  28.9   14:10   9.2    5:25   3.6   2.6   0.0   0.5  14.5   16:15   WNW
 3  18.2  30.3   14:35   9.2    6:50   3.4   3.3   0.0   0.6   9.7   11:35     E
 4  19.3  31.7   15:20   9.3    7:15   3.3   4.2   0.0   1.0  12.9   18:40   ESE
 5  18.8  31.1   14:30  10.0    7:05   3.0   3.5   0.0   0.8  17.7   17:30   ESE
 6  18.1  29.4   13:55  10.2    6:30   3.0   2.7   0.0   0.5  11.3   15:55     E
 7  18.7  29.4   12:40  11.4    7:15   2.6   2.9   0.0   0.5  16.1   16:05   WSW
 8  20.0  26.7   16:45  12.8    6:00   1.5   3.2   0.0   1.6  22.5   13:40     E
 9  20.2  25.1   13:35  12.5   23:55   0.8   2.7  16.0   2.3  22.5   10:50   WNW
10  18.1  26.3   14:25  12.0    2:50   2.2   2.0   0.6   1.0  17.7   15:55   ESE
11  17.2  23.8   15:10  12.3    5:05   2.3   1.2   3.4   1.9  20.9   15:30   WNW
12  14.8  22.2   16:40   9.3    4:15   4.2   0.8   2.8   1.1  19.3   13:00   WNW
13  14.0  23.2   15:55   7.6    6:35   5.3   1.0   0.0   1.0  16.1   17:15   WNW
14  14.9  23.9   15:45   6.3    6:40   4.6   1.3   0.2   1.3  20.9   14:10     E
15  16.3  21.8   15:10  10.6    5:10   2.6   0.6  14.6   1.8  22.5   17:25     E
16  16.3  21.4   13:50  10.9    7:30   2.6   0.6   0.8   1.0  17.7   11:55   WNW
17  15.9  19.9   16:00   9.1   23:55   2.6   0.2   0.0   3.5  45.1    8:50   WNW
18  14.1  23.1   16:15   6.4    7:00   5.2   1.0   0.2   0.8  16.1   10:20   WNW
19  18.0  24.8   15:30  10.6   23:45   1.7   1.4   0.0   1.6  16.1   14:40   WNW
20  15.4  25.8   14:25   7.9    7:25   4.5   1.6   0.0   0.6  12.9   15:35   WNW
21  14.8  26.1   14:15   7.1    6:45   5.1   1.6   0.2   0.6  11.3   11:35   WSW
22  16.6  24.9   15:35   8.6   00:00   3.1   1.4   0.0   1.8  16.1   12:45   WNW
23  13.7  26.1   14:40   5.3    7:00   6.3   1.7   0.2   0.6  12.9   16:30   WNW
24  13.8  25.0   14:40   5.8    6:30   6.0   1.4   0.2   0.8  17.7   11:20   WNW
25  14.3  23.3   15:25   5.9    7:05   4.9   0.9   0.0   1.1  19.3   10:15   ESE
26  15.2  24.3   14:40   7.9    7:10   4.3   1.2   0.2   0.8  12.9   10:00   WNW
27  15.9  25.4   15:25   9.9   23:50   3.8   1.4   0.0   0.6  12.9   15:45   WNW
28  16.8  25.6   15:15   8.2    5:25   3.6   2.1   0.2   1.4  16.1   21:40   ESE
29  18.7  21.7   12:35  14.9   15:15   0.6   1.0  40.6   2.6  25.7    8:55   SSE
30  16.2  19.8   12:20  12.7   00:00   2.2   0.1   7.6   0.8  22.5   13:30   WNW
-------------------------------------------------------------------------------------
    16.6  31.7     4     5.3    23   102.7  52.5  87.8   1.2  45.1    17     WNW

Max >=  32.0:  0
Max <=   0.0:  0
Min <=   0.0:  0
Min <= -18.0:  0
Max Rain: 40.59 ON 29/09/13
Days of Rain: 15 (> .2 mm) 6 (> 2 mm) 1 (> 20 mm)
Heat Base:  18.3  Cool Base:  18.3  Method: Integration