NOAA-style Climate Reports

Select a Year or Month report

Report for 2013 Oct
                   MONTHLY CLIMATOLOGICAL SUMMARY for OCT. 2013

NAME: Valle del Pavone   CITY: Castelnuovo V.C.   STATE: Italia 
ELEV:   360 m  LAT: 43.2036 N  LONG: 10.9186 E

                   TEMPERATURE (C), RAIN  (mm), WIND SPEED (km/hr)

                                      HEAT  COOL        AVG
    MEAN                              DEG   DEG         WIND                 DOM
DAY TEMP  HIGH   TIME   LOW    TIME   DAYS  DAYS  RAIN  SPEED HIGH   TIME    DIR
------------------------------------------------------------------------------------
 1  14.5  21.1   15:00   9.2    7:30   3.9   0.1   0.2   0.0   6.4   11:50     W
 2  16.2  22.8   16:10  11.6   20:35   3.0   0.9   0.0   1.0  14.5   12:05   WNW
 3  15.2  22.2   15:15   9.9    7:10   3.7   0.6   0.0   2.4  17.7    7:35   WNW
 4  16.3  21.9   13:35  12.7    6:55   2.6   0.6   0.0   0.3  11.3   12:15     E
 5  16.9  19.0   16:05  14.5    1:25   1.4   0.0 139.2   2.3  20.9    3:15   WNW
 6  16.4  21.7   14:00  11.7   23:45   2.3   0.4  57.6   0.6  11.3   10:25   WNW
 7  13.1  19.3   13:35   8.8   23:15   5.2   0.1  21.0   0.3   9.7   13:30   WNW
 8  14.2  19.9   12:35   9.8    7:50   4.2   0.1  39.8   0.8  16.1   10:45   WNW
 9  13.4  19.2   11:55   9.1    7:25   4.9   0.0   0.4   0.2   8.0   15:45   WSW
10  15.0  19.2   13:00   8.9    1:55   3.3   0.0   0.2   2.3  24.1   12:35     E
11  13.7  19.2   14:10   8.7   22:05   4.7   0.0   1.4   1.4  22.5    4:25   WNW
12  11.5  16.3   15:10   6.0   23:40   6.8   0.0  12.6   0.3  11.3   15:30   WNW
13  10.8  20.1   13:15   4.4    6:30   7.6   0.1   0.4   0.2   9.7   12:50     W
14  12.7  20.5   13:20   7.0    5:45   5.8   0.2   0.0   0.2   6.4   12:05   WNW
15  15.2  20.9   14:05  11.3    2:00   3.4   0.3  16.2   0.3  17.7   12:55     E
16  15.7  20.8   14:00   8.4   00:00   3.0   0.3   9.0   1.8  25.7    8:50   WNW
17  12.0  22.4   15:20   5.7    7:40   6.9   0.6   0.2   0.3   9.7   12:20     E
18  12.6  22.2   13:25   6.0    7:40   6.3   0.6   0.2   0.2   9.7   13:35     E
19  13.1  20.8   15:25   8.5    8:00   5.4   0.2   0.0   0.5  12.9   12:55     E
20  15.2  19.7   15:35   8.5    3:10   3.4   0.3   2.2   1.8  22.5   20:40     E
21  18.3  19.6   12:05  15.4   14:20   0.4   0.4  60.6   2.4  30.6   22:20     E
22  18.8  21.8   13:55  16.5   20:00   0.2   0.7   0.0   2.4  27.4   12:45     E
23  19.0  20.3   15:20  18.1    4:45   0.0   0.7   0.0   4.7  35.4    6:25     E
24  18.2  20.9   12:00  13.7   23:45   0.6   0.5   5.0   1.9  29.0    6:30     E
25  15.1  21.8   15:10  11.3    3:45   3.7   0.6   0.2   0.2  11.3   13:20     E
26  14.8  22.4   15:20  10.4   23:40   4.1   0.5   0.0   0.3  11.3   11:50     E
27  16.4  20.7   13:25   9.7    1:30   2.4   0.5   0.0   1.3  22.5   20:10   ESE
28  18.4  21.5   12:55  14.6    7:05   0.6   0.7   0.0   1.6  20.9   21:30     E
29  17.9  20.6   12:35  11.3   00:00   0.9   0.5   0.0   2.3  22.5    4:45   ESE
30  14.6  21.2   13:15   9.4    5:15   4.1   0.4   0.0   0.2   8.0   21:45   WNW
31  14.1  19.8   13:15   7.7   23:45   4.4   0.2   0.2   0.8  17.7    9:30   WNW
-------------------------------------------------------------------------------------
    15.1  22.8     2     4.4    13   109.1  11.4 366.6   1.1  35.4    23       E

Max >=  32.0:  0
Max <=   0.0:  0
Min <=   0.0:  0
Min <= -18.0:  0
Max Rain: 139.19 ON 05/10/13
Days of Rain: 19 (> .2 mm) 10 (> 2 mm) 5 (> 20 mm)
Heat Base:  18.3  Cool Base:  18.3  Method: Integration