NOAA-style Climate Reports

Select a Year or Month report

Report for 2013 Nov
                   MONTHLY CLIMATOLOGICAL SUMMARY for NOV. 2013

NAME: Valle del Pavone   CITY: Castelnuovo V.C.   STATE: Italia 
ELEV:   360 m  LAT: 43.2036 N  LONG: 10.9186 E

                   TEMPERATURE (C), RAIN  (mm), WIND SPEED (km/hr)

                                      HEAT  COOL        AVG
    MEAN                              DEG   DEG         WIND                 DOM
DAY TEMP  HIGH   TIME   LOW    TIME   DAYS  DAYS  RAIN  SPEED HIGH   TIME    DIR
------------------------------------------------------------------------------------
 1  11.4  20.6   14:20   5.9    7:10   7.1   0.2   0.2   0.2  11.3   12:00     E
 2  14.6  19.1   12:30   8.9    0:15   3.8   0.1   0.2   0.6  12.9    7:20   ESE
 3  15.9  20.1   14:40  10.7    2:55   2.6   0.2   0.2   2.3  27.4   12:45   ESE
 4  13.8  17.1   12:40   9.3    7:35   4.5   0.0  46.4   0.6  25.7   18:00   WNW
 5  11.8  16.7   12:40   7.4   23:20   6.5   0.0   9.8   0.5  12.9   10:25    NW
 6  12.8  19.7   13:35   7.3    0:40   5.6   0.1   0.4   1.4  27.4   10:30   WNW
 7  10.8  20.7   13:05   5.4    7:15   7.7   0.2   0.2   0.2   9.7   13:10   WSW
 8  13.1  18.1   12:05   5.7    6:50   5.2   0.0   0.4   1.4  19.3   15:25     E
 9  15.3  19.6   13:10   7.9   23:55   3.1   0.1  12.8   2.3  27.4    1:15     E
10  11.8  14.5    6:15   7.9    0:05   6.4   0.0  37.2   2.9  45.1   17:05     E
11   9.4  11.3   12:20   8.0    2:45   8.9   0.0   0.6   7.1  40.2   12:40   WNW
12  11.4  13.4   14:30   9.5    0:25   6.8   0.0   0.0   3.9  32.2   11:30   WNW
13  12.4  18.0   14:20   7.4    8:20   5.9   0.0   0.0   2.4  20.9   13:40   WNW
14  12.5  16.6   14:35  10.1    5:55   5.8   0.0   1.2   1.6  14.5    2:35   WNW
15  11.1  13.0    2:05   8.4    7:25   7.2   0.0   6.8   0.5  14.5    3:25   WNW
16  11.0  15.3   12:00   6.1    3:10   7.3   0.0   0.2   2.4  29.0    8:00   WNW
17  10.5  13.0   14:30   8.7   21:15   7.7   0.0   1.4   1.9  17.7    9:15   WNW
18  11.2  14.3   12:05   7.7    1:05   7.1   0.0   1.2   1.0  19.3   21:25     E
19  10.0  14.7   12:10   5.2   00:00   8.3   0.0  10.0   0.5  17.7    3:55   WNW
20   6.9  11.7   11:00   3.9    4:25  11.3   0.0   9.8   0.6  22.5   11:15   WNW
21   5.9   9.1   13:00   2.8   23:30  12.4   0.0  45.2   1.4  30.6   17:25   ESE
22   4.4   9.0   13:15  -0.3    7:10  13.9   0.0  10.2   0.5   9.7   12:20     W
23   5.9   8.8   10:55   2.9   19:45  12.4   0.0  16.8   1.0  19.3   22:55   WNW
24   6.2  10.7   13:05   1.8   00:00  12.1   0.0   1.0   1.4  19.3    0:35   WNW
25   3.1   8.9   11:10  -2.2   00:00  15.3   0.0   0.6   1.6  27.4   16:55   WNW
26   0.0   5.9   13:40  -4.8    7:55  18.3   0.0   0.0   1.1  41.8    4:45   WNW
27   0.1   3.7   14:15  -5.0    3:35  18.0   0.0   0.0   0.5  11.3    4:45   WNW
28   1.8   7.7   13:45  -2.5    5:15  16.5   0.0   0.0   1.3  17.7   11:45   WNW
29   0.9  10.7   13:15  -4.1    8:25  17.4   0.0   0.0   0.5  16.1    1:40   WNW
30   1.6   9.2   13:50  -4.3    2:20  16.7   0.0   0.2   0.8  16.1   12:45   WNW
-------------------------------------------------------------------------------------
     8.9  20.7     7    -5.0    27   281.8   0.8 213.1   1.5  45.1    10     WNW

Max >=  32.0:  0
Max <=   0.0:  0
Min <=   0.0:  7
Min <= -18.0:  0
Max Rain: 46.41 ON 04/11/13
Days of Rain: 24 (> .2 mm) 10 (> 2 mm) 3 (> 20 mm)
Heat Base:  18.3  Cool Base:  18.3  Method: Integration