NOAA-style Climate Reports

Select a Year or Month report

Report for 2013 Dec
                   MONTHLY CLIMATOLOGICAL SUMMARY for DEC. 2013

NAME: Valle del Pavone   CITY: Castelnuovo V.C.   STATE: Italia 
ELEV:   360 m  LAT: 43.2036 N  LONG: 10.9186 E

                   TEMPERATURE (C), RAIN  (mm), WIND SPEED (km/hr)

                                      HEAT  COOL        AVG
    MEAN                              DEG   DEG         WIND                 DOM
DAY TEMP  HIGH   TIME   LOW    TIME   DAYS  DAYS  RAIN  SPEED HIGH   TIME    DIR
------------------------------------------------------------------------------------
 1   6.1   8.7   12:05   0.4    0:05  12.2   0.0   0.0   5.8  40.2   12:10   WNW
 2   7.4   9.8   12:55   5.6   23:55  10.9   0.0   0.0   3.5  37.0   13:15   WNW
 3   5.9  11.4   13:45  -1.8   00:00  12.4   0.0   0.0   3.7  25.7    5:45   WNW
 4   0.0  13.6   13:10  -5.3    6:55  18.3   0.0   0.0   0.2   6.4   13:05     W
 5   1.1  11.8   13:40  -5.6    6:40  17.2   0.0   0.2   0.2  22.5   12:10   WNW
 6   6.7  11.7   13:05  -1.0   23:50  11.6   0.0   0.0   0.6  20.9   12:40   ESE
 7   2.4  12.8   13:05  -2.1    6:20  15.9   0.0   0.2   0.2   4.8   12:50    SW
 8   1.4  10.4   14:55  -3.1    7:40  16.9   0.0   0.2   0.0   3.2   11:20   WNW
 9   2.7  11.7   14:25  -2.4    6:10  15.6   0.0   0.2   0.0   4.8   14:10   WSW
10   3.9  12.6   13:50  -0.6   21:30  14.4   0.0   0.0   0.5  11.3   12:25     W
11   2.6  15.3   13:25  -1.9    7:00  15.7   0.0   0.2   0.2   9.7   13:30   WSW
12   2.9  11.2   13:55  -1.0    7:50  15.4   0.0   0.2   0.2   8.0   13:35   WNW
13   2.8  10.7   13:50  -0.9   22:20  15.5   0.0   0.2   0.2   8.0   13:05   WNW
14   5.4  11.9   13:20  -1.2    0:50  12.8   0.0   0.2   0.2   9.7   13:55   WNW
15   4.8  12.1   13:00  -2.6   23:40  13.5   0.0   0.0   0.5  19.3   13:25     W
16   0.7  15.2   14:05  -4.4    7:30  17.7   0.0   0.2   0.2   8.0   13:40     W
17  -0.1  14.5   13:10  -5.4    6:50  18.4   0.0   0.2   0.3   9.7   12:30   WNW
18   0.1  11.8   14:05  -5.3    6:30  18.2   0.0   0.2   0.0   4.8   12:50   WNW
19   5.4  11.2   12:00  -3.9    1:35  11.5   0.0   0.2   1.4  24.1   17:15   SSE
20   8.4  13.2   14:20   2.2   21:55   9.9   0.0   0.2   0.6  16.1    0:30     E
21   5.7  15.0   12:30   1.1   00:00  12.6   0.0   0.4   0.0  14.5   11:55     E
22   6.1  12.6   13:30   0.7    2:10  12.2   0.0   0.0   0.3  16.1   13:55   ESE
23   6.2  12.1   13:35   0.8   23:30  12.1   0.0   0.2   0.0   6.4   10:55   ESE
24   6.1  12.1   12:20  -0.9    8:20  12.2   0.0   0.6   1.4  22.5   23:50    SE
25  11.6  12.8   14:25  10.8    0:05   6.7   0.0  36.0   7.9  56.3   21:45     E
26   8.6  12.4    6:20   1.0   00:00   9.7   0.0  39.6   5.0  56.3    6:05   ESE
27   3.2  11.7   12:55  -2.1    8:00  15.1   0.0   0.2   0.5  11.3   13:40   WNW
28   5.6  12.3   13:15  -1.3    6:40  12.7   0.0   0.2   1.4  20.9   11:25   ESE
29   8.9  11.2    7:45   1.7   00:00   9.4   0.0  20.8   1.6  27.4    1:50     E
30   4.8   9.2   15:00  -0.3    3:55  13.5   0.0   0.2   1.0  12.9   17:10   WNW
31   3.1   8.8   12:40  -1.8   00:00  15.3   0.0   0.0   0.6   9.7   13:50   WNW
-------------------------------------------------------------------------------------
     4.5  15.3    11    -5.6     5   425.3   0.0 100.9   1.2  56.3    25     WNW

Max >=  32.0:  0
Max <=   0.0:  0
Min <=   0.0: 22
Min <= -18.0:  0
Max Rain: 39.60 ON 26/12/13
Days of Rain: 22 (> .2 mm) 3 (> 2 mm) 3 (> 20 mm)
Heat Base:  18.3  Cool Base:  18.3  Method: Integration