NOAA-style Climate Reports

Select a Year or Month report

Report for 2014 Jan
                   MONTHLY CLIMATOLOGICAL SUMMARY for JAN. 2014

NAME: Valle del Pavone   CITY: Castelnuovo V.C.   STATE: Italia 
ELEV:   360 m  LAT: 43.2036 N  LONG: 10.9186 E

                   TEMPERATURE (C), RAIN  (mm), WIND SPEED (km/hr)

                                      HEAT  COOL        AVG
    MEAN                              DEG   DEG         WIND                 DOM
DAY TEMP  HIGH   TIME   LOW    TIME   DAYS  DAYS  RAIN  SPEED HIGH   TIME    DIR
------------------------------------------------------------------------------------
 1   0.6  10.7   13:40  -4.2    7:00  17.7   0.0   0.2   0.2   8.0   12:55     E
 2   7.8  11.2   21:40  -1.9    0:05  10.5   0.0   0.8   2.4  25.7   14:55   SSE
 3  11.9  13.9   12:20  10.1    6:30   6.3   0.0   0.8   1.6  24.1   23:30   SSE
 4  12.6  13.6   23:30  11.9    6:50   5.7   0.0   0.8   5.6  53.1   14:00     E
 5   9.8  13.4    0:05   5.3   00:00   8.5   0.0  27.0   3.7  35.4    4:05     E
 6   3.7  13.3   14:05  -1.1    7:40  14.6   0.0   0.2   0.5   9.7   13:45     W
 7   4.9  13.5   14:00   0.8    0:05  13.4   0.0   0.0   0.2  11.3   11:55   ESE
 8   6.8  13.3   13:10   0.6    3:55  11.5   0.0   0.2   0.2   9.7   10:15   ESE
 9   6.8  12.8   14:20   1.8    4:40  11.5   0.0   0.2   0.5  11.3   11:40   ESE
10   9.4  12.1   12:15   3.5   00:00   8.8   0.0   0.0   1.1  16.1   10:40   ESE
11   6.1  13.4   13:45  -0.3    7:35  12.3   0.0   0.2   0.2  11.3   13:25   SSE
12   6.1  14.4   14:10   1.0   00:00  12.3   0.0   0.0   0.3  11.3   12:55   WNW
13   5.8  11.7   15:20  -0.6    7:30  12.4   0.0   0.2   0.5  20.9   23:55     E
14   9.0  10.4    7:50   4.9   00:00   9.3   0.0  22.4   2.9  40.2    8:45   WNW
15   4.5  12.6   13:05  -1.0   23:45  13.8   0.0   0.2   0.2  16.1   13:05     E
16   5.4  10.4   13:00  -1.6    3:25  12.9   0.0   0.6   2.1  30.6   21:45     E
17  11.2  12.0   23:50  10.0    0:05   7.1   0.0  25.8   6.4  45.1   10:10     E
18  11.9  12.5   15:30  11.3    6:00   6.4   0.0  10.8   4.2  32.2   19:45   ESE
19  12.1  14.6   12:25   7.5   22:10   6.2   0.0  15.0   3.1  45.1    8:45   ESE
20   8.7  11.7   12:15   6.4   00:00   6.8   0.0   3.4   0.5  11.3    3:45     W
21   8.0  11.4   13:40   5.2    4:25  10.2   0.0   1.6   0.3  11.3   22:35    NW
22   6.1   9.5   14:25  -0.9   23:35  10.6   0.0  29.6   0.5  14.5    4:05    NW
23   3.6   8.4   13:00  -2.0    4:35  14.7   0.0  10.4   0.3  11.3   23:45     W
24   6.2   9.4   14:00   4.4    8:55  12.1   0.0   9.6   2.7  30.6   21:40   WNW
25   3.8   9.6   14:25  -2.9   21:40  14.4   0.0   0.0   4.0  32.2    0:40   WNW
26   1.3  10.9   14:45  -3.7    1:00  17.0   0.0   0.2   1.1  20.9   13:15   WNW
27   5.4   9.4   15:35  -2.2    0:05  12.9   0.0  10.2   2.1  24.1    8:00   WNW
28   0.6   7.3   13:30  -3.8   23:40  17.8   0.0   0.2   0.5  11.3   12:20   WNW
29   1.9   9.3   13:20  -5.4    4:50  16.4   0.0   9.0   0.8  22.5   12:25   ESE
30   8.3  10.2   13:55   4.2    0:25  10.0   0.0 119.4   4.0  51.5   16:35   ESE
31   8.3   9.4    0:05   7.6    8:35  10.0   0.0  23.2   1.4  22.5    4:20   WNW
-------------------------------------------------------------------------------------
     6.7  14.6    19    -5.4    29   354.3   0.0 322.2   1.7  53.1     4     ESE

Max >=  32.0:  0
Max <=   0.0:  0
Min <=   0.0: 14
Min <= -18.0:  0
Max Rain: 119.41 ON 30/01/14
Days of Rain: 27 (> .2 mm) 13 (> 2 mm) 6 (> 20 mm)
Heat Base:  18.3  Cool Base:  18.3  Method: Integration