NOAA-style Climate Reports

Select a Year or Month report

Report for 2014 Feb
                   MONTHLY CLIMATOLOGICAL SUMMARY for FEB. 2014

NAME: Valle del Pavone   CITY: Castelnuovo V.C.   STATE: Italia 
ELEV:   360 m  LAT: 43.2036 N  LONG: 10.9186 E

                   TEMPERATURE (C), RAIN  (mm), WIND SPEED (km/hr)

                                      HEAT  COOL        AVG
    MEAN                              DEG   DEG         WIND                 DOM
DAY TEMP  HIGH   TIME   LOW    TIME   DAYS  DAYS  RAIN  SPEED HIGH   TIME    DIR
------------------------------------------------------------------------------------
 1   9.7  12.7   12:35   6.1   23:50   8.6   0.0   5.4   2.4  29.0   13:50   ESE
 2   7.7  10.3   13:10   4.6    5:40  10.6   0.0   2.6   0.6  11.3   13:30   WNW
 3   8.6  12.4   14:00   6.0   21:10   9.7   0.0   1.6   1.0  19.3   12:30   ESE
 4   7.8  10.6   14:10   5.7    8:20  10.5   0.0   7.8   0.3  17.7   15:15     W
 5   7.8  10.1   13:40   4.9    7:30  10.5   0.0  25.6   3.7  40.2   20:30   SSE
 6   6.6  12.1   13:30   1.4   22:35  11.7   0.0   9.4   1.8  37.0    3:50   WNW
 7   7.6  12.4   14:10  -0.8    5:15  10.8   0.0  15.6   4.3  41.8   12:30   SSE
 8   9.2  12.0   13:30   4.9    6:25   9.1   0.0   5.4   2.6  30.6    1:15     W
 9   8.9  10.8    7:15   3.1   00:00   9.3   0.0  21.0   4.0  38.6   12:35     E
10   9.4  12.0   15:05   2.7    0:40   8.9   0.0  68.6   4.7  46.7   15:35   SSE
11   9.5  11.8   15:00   5.9   23:20   8.8   0.0   5.0   1.3  29.0    0:40     E
12   6.9  11.6   14:00   0.3   00:00  11.4   0.0  15.0   1.6  27.4   11:35   WNW
13   6.5  12.6   12:20  -0.4    5:30  11.7   0.0   0.2   2.7  27.4   22:30   ESE
14   9.6  14.2   13:20   4.0   21:00   8.8   0.0   0.0   3.1  35.4    3:35   WNW
15  11.3  15.2   13:30   6.9    0:05   7.0   0.0   0.0   4.7  33.8   20:55    SE
16  12.8  14.2   14:15  12.1   23:30   5.5   0.0   0.0   6.1  35.4   11:30   SSE
17  11.4  14.1   11:30   4.8   23:55   6.9   0.0   0.0   2.6  30.6    1:25   SSE
18  11.5  17.4   14:50   2.8    6:50   6.8   0.0   0.0   1.8  41.8   23:40     E
19  12.6  17.1    0:15   8.3   20:40   5.7   0.0  34.6   3.5  35.4    6:35    SE
20   8.6  12.8   14:30   3.0   00:00   9.7   0.0   7.6   0.6  16.1   15:50   WNW
21   6.8  14.1   15:05  -0.1    6:40  11.5   0.0   0.4   1.0  16.1   12:55    NW
22   6.8  10.9   13:05   0.6   23:00  11.5   0.0   5.2   2.1  32.2    9:05   WNW
23   4.7  12.4   15:00  -1.5   00:00  13.6   0.0   0.2   1.1  19.3   12:45   WNW
24   3.3  14.1   15:35  -3.1    7:15  15.0   0.0   0.2   0.8  19.3   14:00     E
25   4.3  13.7   12:20  -2.7    6:55  14.0   0.0   0.2   0.8  22.5   13:00   ESE
26   7.2   9.9   18:10   1.3    0:25  11.1   0.0  19.6   1.9  32.2   10:20     E
27   6.4  12.0   12:10   2.1    5:00  11.9   0.0   4.0   1.3  20.9   14:30   WNW
28   7.1  12.3   12:50   4.2   20:05  11.2   0.0  10.6   1.6  25.7   23:15   SSE
-------------------------------------------------------------------------------------
     8.2  17.4    18    -3.1    24   281.6   0.0 265.8   2.3  46.7    10     WNW

Max >=  32.0:  0
Max <=   0.0:  0
Min <=   0.0:  6
Min <= -18.0:  0
Max Rain: 68.61 ON 10/02/14
Days of Rain: 23 (> .2 mm) 17 (> 2 mm) 4 (> 20 mm)
Heat Base:  18.3  Cool Base:  18.3  Method: Integration