NOAA-style Climate Reports

Select a Year or Month report

Report for 2014 Mar
                   MONTHLY CLIMATOLOGICAL SUMMARY for MAR. 2014

NAME: Valle del Pavone   CITY: Castelnuovo V.C.   STATE: Italia 
ELEV:   360 m  LAT:  43.2036 N  LONG:  10.9186 E

                   TEMPERATURE (C), RAIN  (mm), WIND SPEED (km/hr)

                                      HEAT  COOL        AVG
    MEAN                              DEG   DEG         WIND                 DOM
DAY TEMP  HIGH   TIME   LOW    TIME   DAYS  DAYS  RAIN  SPEED HIGH   TIME    DIR
------------------------------------------------------------------------------------
 1   4.9   8.8    1:15   0.2   23:50  13.3   0.0  54.2   1.8  29.0    1:50   ESE
 2   4.3  12.2   16:05  -0.5   23:50  14.0   0.0   0.0   0.6  14.5   14:05     E
 3   4.9  11.9   14:00  -1.9    4:50  13.4   0.0   4.0   1.6  33.8   18:50   ESE
 4   6.1   8.0   16:10   4.3    5:50  12.3   0.0  23.6   2.3  22.5    4:55     E
 5   7.0  12.0   13:15   1.9   00:00  11.3   0.0   0.6   2.4  29.0   11:05   WNW
 6   6.8  12.7   15:50   1.0    6:40  11.5   0.0   0.2   3.1  37.0   12:10   WNW
 7   7.7  16.6   15:00   0.7    7:00  10.6   0.0   0.0   1.8  19.3   14:10   WNW
 8   8.7  14.4   15:05   2.3    3:10   9.6   0.0   0.0   3.2  33.8   13:20    NW
 9   9.7  16.3   15:25   2.3    6:55   8.6   0.0   0.0   3.7  33.8    9:35   WNW
10   6.6  11.8   12:00   0.1    5:20  11.8   0.0   0.0   2.4  27.4   16:10   WNW
11   6.8  12.8   14:25   0.5    3:05  11.5   0.0   0.0   2.1  24.1   12:00   WNW
12   5.7  16.3   15:35  -2.5    6:00  12.6   0.0   0.0   1.3  22.5   12:35     E
13   6.9  19.3   15:15  -1.9    6:20  11.4   0.0   0.0   1.0  20.9   13:55     E
14   7.1  18.1   12:00  -0.6    5:25  11.2   0.0   0.0   0.8  14.5   12:50   WNW
15   7.4  17.3   12:35  -1.3    6:35  10.8   0.0   0.2   1.6  24.1   14:00   WNW
16   8.6  20.4   15:25  -0.2    6:50   9.9   0.2   0.0   1.0  16.1   15:45    NW
17   8.8  20.8   14:20  -0.1    6:10   9.7   0.3   0.0   1.3  24.1   13:30   WNW
18   9.4  19.2   14:45   0.0    6:35   8.9   0.0   0.2   1.8  17.7   11:30    SE
19  10.2  19.1   15:45   2.7    6:25   8.1   0.0   0.0   1.0  16.1    9:15     E
20  10.5  20.8   14:55   1.5    5:55   8.2   0.4   0.2   1.1  19.3   12:35   SSE
21  10.4  18.6   12:45   2.4    6:15   7.9   0.0   0.0   1.8  24.1   13:45    SE
22  11.8  15.8   13:25   7.1    2:25   6.5   0.0   0.0   2.7  32.2   23:15   ESE
23  10.2  13.6   12:40   5.9   23:00   8.1   0.0  18.0   4.8  38.6   13:20   ESE
24   5.6  11.2   11:40   0.0   00:00  12.7   0.0  21.2   1.8  25.7    0:45     E
25   4.8  11.7   12:55  -0.9    1:30  13.4   0.0   7.4   1.1  20.9   15:30     E
26   7.3  11.4   14:15   4.3    0:05  11.0   0.0   1.4   1.3  17.7    9:55     E
27   8.3  10.0   16:55   5.4    5:15  10.0   0.0   7.6   3.2  33.8   18:25   WNW
28  10.3  16.7   15:50   2.7   23:15   8.0   0.0   0.0   2.7  25.7    0:20   WNW
29  10.7  19.7   16:00   2.4    6:15   7.7   0.1   0.0   1.4  24.1   10:05     E
30  10.6  20.2   15:30   2.9    7:10   7.5   0.1   0.0   1.3  19.3   13:00    NW
31   8.9  18.2   13:25   1.2    7:00   9.4   0.0   0.0   1.8  19.3   11:55   WNW
-------------------------------------------------------------------------------------
     8.0  20.8    17    -2.5    12   321.2   1.1 138.8   1.9  38.6    23     WNW

Max >=  32.0:  0
Max <=   0.0:  0
Min <=   0.0: 11
Min <= -18.0:  0
Max Rain: 54.20 ON 01/03/14
Days of Rain: 13 (> .2 mm) 7 (> 2 mm) 3 (> 20 mm)
Heat Base:  18.3  Cool Base:  18.3  Method: Integration