NOAA-style Climate Reports

Select a Year or Month report

Report for 2014 Apr
                   MONTHLY CLIMATOLOGICAL SUMMARY for APR. 2014

NAME: Valle del Pavone   CITY: Castelnuovo V.C.   STATE: Italia 
ELEV:   360 m  LAT:  43.2036 N  LONG:  10.9186 E

                   TEMPERATURE (C), RAIN  (mm), WIND SPEED (km/hr)

                                      HEAT  COOL        AVG
    MEAN                              DEG   DEG         WIND                 DOM
DAY TEMP  HIGH   TIME   LOW    TIME   DAYS  DAYS  RAIN  SPEED HIGH   TIME    DIR
------------------------------------------------------------------------------------
 1   7.8  16.6   15:10   0.3    6:10  10.5   0.0   0.0   1.3  20.9   14:10   WNW
 2   9.3  17.1   16:25   0.8    4:15   9.0   0.0   0.2   1.8  24.1   12:00   ESE
 3  11.2  18.3   13:25   4.2    4:25   7.1   0.0   0.0   1.3  22.5   13:15   SSE
 4  10.9  16.5   15:20   6.9    2:15   7.4   0.0  20.6   1.1  17.7    8:50     E
 5  10.6  17.0   17:10   6.5   23:50   7.7   0.0   8.6   0.8  17.7   16:25    NW
 6  11.8  18.9   14:30   5.0    3:25   6.6   0.1   0.0   1.8  24.1   14:00   WNW
 7  13.1  22.8   15:00   4.4    7:05   6.2   1.0   0.0   1.1  17.7   10:20    NW
 8  12.9  20.9   14:25   4.6    6:50   5.8   0.4   0.2   1.8  20.9   13:35    NW
 9  13.6  19.3   15:30   5.3   23:55   4.8   0.1   0.0   1.6  17.7   16:00    NW
10  10.8  19.4   15:10   1.4    6:00   7.7   0.1   0.0   1.6  22.5   15:50   WNW
11  10.9  19.1   15:45   2.8    6:45   7.4   0.0   0.0   1.0  11.3   12:25   WNW
12  10.9  18.9   12:50   2.8    6:40   7.4   0.0   0.2   0.6  14.5   18:30     E
13  10.8  17.4   11:25   5.5    5:55   7.5   0.0   5.6   0.8  16.1   14:35   WNW
14  11.6  19.9   13:35   2.4    6:35   6.9   0.2   0.2   1.8  22.5   12:00   SSE
15   9.3  17.8   12:50   1.0   23:55   9.0   0.0   2.4   1.6  27.4   13:00   WNW
16   7.8  14.3   17:05  -0.3   23:55  10.5   0.0   0.0   2.9  37.0   12:55   WNW
17   6.9  16.3   16:25  -2.4    6:05  11.4   0.0   0.0   2.3  24.1   11:45   WNW
18   8.7  16.5   12:50   0.0    3:15   9.6   0.0   0.2   1.6  22.5   13:50    NW
19  10.7  15.9   15:35   6.0    0:20   7.6   0.0  23.0   2.1  37.0    7:45   ESE
20  11.3  17.5   16:35   5.7    6:50   7.0   0.0   0.0   1.0  17.7   13:35     E
21  12.7  19.6   15:25   7.2    1:50   5.7   0.0   0.0   1.1  19.3   13:55   ESE
22  12.3  19.5   16:05   5.6    6:30   6.0   0.0   0.0   1.0  20.9   11:40   ESE
23  13.7  21.4   17:50   6.6    6:35   5.1   0.5   0.2   1.8  22.5   16:00   WNW
24  13.1  21.7   14:50   4.6    6:25   5.9   0.7   0.0   1.6  22.5   15:10   WNW
25  13.4  21.9   16:40   4.1    6:00   5.7   0.8   2.4   0.8  16.1   16:45   WNW
26  14.0  22.0   13:30   7.6    6:45   4.9   0.6   0.0   1.3  17.7   16:05   WNW
27  10.1  12.9   10:45   7.1    6:45   8.2   0.0  17.0   0.3  12.9    1:50   WNW
28  10.8  13.4   18:30   7.2   23:55   7.5   0.0   4.0   1.4  25.7   10:15   WNW
29  10.7  15.3   18:10   5.8    4:35   7.6   0.0   8.8   0.3   9.7    0:50     E
30  11.2  18.4   10:45   3.8    5:40   7.1   0.0   1.6   1.6  24.1   18:15   ESE
-------------------------------------------------------------------------------------
    11.1  22.8     7    -2.4    17   220.7   4.6  95.2   1.4  37.0    16     WNW

Max >=  32.0:  0
Max <=   0.0:  0
Min <=   0.0:  3
Min <= -18.0:  0
Max Rain: 23.01 ON 19/04/14
Days of Rain: 16 (> .2 mm) 9 (> 2 mm) 2 (> 20 mm)
Heat Base:  18.3  Cool Base:  18.3  Method: Integration