NOAA-style Climate Reports

Select a Year or Month report

Report for 2014 May
                   MONTHLY CLIMATOLOGICAL SUMMARY for MAY. 2014

NAME: Valle del Pavone   CITY: Castelnuovo V.C.   STATE: Italia 
ELEV:   360 m  LAT:  43.2036 N  LONG:  10.9186 E

                   TEMPERATURE (C), RAIN  (mm), WIND SPEED (km/hr)

                                      HEAT  COOL        AVG
    MEAN                              DEG   DEG         WIND                 DOM
DAY TEMP  HIGH   TIME   LOW    TIME   DAYS  DAYS  RAIN  SPEED HIGH   TIME    DIR
------------------------------------------------------------------------------------
 1  10.7  18.1   14:25   2.9    6:30   7.6   0.0   0.0   0.6  11.3    9:50   WNW
 2   9.3  15.9   15:20   4.4    6:15   9.0   0.0  23.6   1.0  24.1   17:00   WNW
 3  10.8  14.7   18:40   8.7   23:35   7.5   0.0  19.4   1.0  22.5   12:45   WNW
 4  12.8  19.2   18:05   6.2   23:55   5.5   0.0   0.2   2.6  27.4   13:25   WNW
 5  11.4  21.1   16:15   1.3    6:15   7.3   0.4   0.0   1.3  17.7   15:35   WNW
 6  12.2  21.2   15:25   2.4    6:15   6.7   0.6   0.0   1.3  19.3   12:10    NW
 7  12.7  19.9   16:15   4.3    3:00   5.7   0.1   0.0   1.9  22.5   10:45   ESE
 8  15.0  22.6   15:20   6.7    6:30   4.1   0.8   0.0   1.1  14.5   16:50   WNW
 9  13.9  23.1   13:00   4.3    6:05   5.8   1.4   0.0   1.3  17.7   17:10   WNW
10  15.1  25.0   13:35   4.6    5:50   5.0   1.8   0.0   1.3  20.9   12:45   ESE
11  15.6  22.1   16:15   7.7    5:45   3.4   0.7   0.0   2.7  25.7   12:50    SE
12  14.2  18.9   14:30   4.2   00:00   4.2   0.0   0.0   2.9  29.0    3:10   WNW
13  11.6  19.2   13:05   2.8    2:50   6.8   0.0   3.2   2.3  33.8    8:25   WNW
14  12.4  20.7   14:25   3.3    6:05   6.2   0.3   0.0   1.8  24.1   16:50   WNW
15  11.6  20.3   17:10   1.2    6:15   7.0   0.3   0.0   1.4  22.5   17:20   WNW
16  12.3  20.6   14:00   4.0    2:50   6.3   0.2   0.0   1.0  17.7   17:35   WNW
17  13.4  20.7   18:10   4.7   00:00   5.3   0.4   0.0   1.0  16.1   17:35   WNW
18  11.8  20.7   13:30   1.5    6:00   6.9   0.4   0.0   2.3  25.7   15:35   ESE
19  12.1  18.9   13:05   5.6    0:30   6.3   0.0   0.0   0.6  16.1   12:45     E
20  15.7  23.9   14:55   9.1   00:00   4.0   1.4   0.0   0.5  16.1   16:30     E
21  16.3  25.9   15:05   6.0    5:30   4.5   2.5   0.0   1.1  19.3   14:40    SE
22  16.3  24.1   13:15   7.2    4:30   3.6   1.6   0.0   1.4  22.5   11:50     E
23  16.2  21.3   17:50   9.4   00:00   2.3   0.2  12.6   1.4  19.3    2:55     E
24  14.1  23.0   15:15   4.8    6:05   5.5   1.2   0.2   1.1  16.1   12:25   WNW
25  14.8  26.4   14:20   2.3    6:00   5.7   2.1   0.0   0.8  24.1   17:00   WNW
26  15.8  22.2   13:05   7.8    6:40   3.5   1.0   0.0   1.8  20.9   13:30   WNW
27  13.6  19.3   12:15   7.1    3:50   4.8   0.0   1.6   1.4  22.5   17:35   WNW
28  14.4  20.8   14:55   6.4   00:00   4.4   0.5   0.0   1.1  27.4   10:10   WNW
29  12.7  21.7   15:20   4.0    5:40   6.1   0.5   0.0   1.6  19.3   16:15   WNW
30  14.5  23.2   15:45   4.7    5:55   5.1   1.3   0.0   1.1  19.3   15:45   WNW
31  12.1  17.6   11:35   6.0   00:00   6.2   0.0   1.2   0.3  16.1   12:00     E
-------------------------------------------------------------------------------------
    13.4  26.4    25     1.2    15   171.8  19.8  62.0   1.4  33.8    13     WNW

Max >=  32.0:  0
Max <=   0.0:  0
Min <=   0.0:  0
Min <= -18.0:  0
Max Rain: 23.60 ON 02/05/14
Days of Rain: 8 (> .2 mm) 4 (> 2 mm) 1 (> 20 mm)
Heat Base:  18.3  Cool Base:  18.3  Method: Integration