NOAA-style Climate Reports

Select a Year or Month report

Report for 2014 Jun
                   MONTHLY CLIMATOLOGICAL SUMMARY for JUN. 2014

NAME: Valle del Pavone   CITY: Castelnuovo V.C.   STATE: Italia 
ELEV:   360 m  LAT:  43.2036 N  LONG:  10.9186 E

                   TEMPERATURE (C), RAIN  (mm), WIND SPEED (km/hr)

                                      HEAT  COOL        AVG
    MEAN                              DEG   DEG         WIND                 DOM
DAY TEMP  HIGH   TIME   LOW    TIME   DAYS  DAYS  RAIN  SPEED HIGH   TIME    DIR
------------------------------------------------------------------------------------
 1  13.1  23.3   13:55   1.9    5:45   6.5   1.3   0.2   1.0  16.1   13:50   WNW
 2  14.7  25.8   17:10   2.7    5:45   5.8   2.2   0.0   0.8  16.1   11:30     E
 3  14.9  25.1   12:10   5.2    5:35   5.1   1.7   0.2   0.6  16.1   15:00     E
 4  15.0  25.0   13:35   4.2    5:45   5.1   1.8   0.0   1.3  20.9   15:15   WNW
 5  17.1  26.3   14:35   6.7    6:05   3.8   2.6   0.0   1.1  20.9   13:05   WNW
 6  18.1  28.2   16:55   6.3    5:45   3.8   3.6   0.0   0.5  11.3   14:35     E
 7  19.4  30.6   15:15   8.3    6:10   3.4   4.5   0.0   0.5  14.5   13:55     E
 8  20.5  33.1   15:30   8.4    5:10   3.1   5.4   0.0   0.5   9.7   13:00     E
 9  21.3  33.3   14:45   9.6    5:55   2.6   5.7   0.0   0.6  14.5   16:20     E
10  20.9  32.5   13:20  10.6    5:30   2.5   5.1   0.0   0.6  17.7   13:45     E
11  20.8  33.1   14:55  10.1    5:45   2.5   5.0   0.0   0.8  14.5   15:05     E
12  22.3  33.4   15:05  10.9    5:40   1.9   5.9   0.0   0.8  16.1   18:45     E
13  22.2  31.0   16:00  13.9    5:40   1.0   4.9   0.0   0.6  11.3   12:40     E
14  19.1  30.1   16:35  12.1    5:05   2.2   3.0  31.2   1.1  37.0   17:55   WNW
15  17.2  19.9   13:30  15.2    5:20   1.3   0.2  10.8   2.4  24.1   11:05   WNW
16  16.2  22.8   13:15  12.0    5:55   2.7   0.6  11.0   1.9  24.1   10:00   WNW
17  16.3  23.6   17:55   8.4    5:35   3.2   1.2   0.2   1.4  19.3   15:05   WNW
18  16.2  24.8   16:05   8.6    5:40   3.5   1.4   1.8   1.0  17.7   14:55   WNW
19  16.8  24.8   13:15   8.3    5:55   3.3   1.9   0.0   1.8  24.1   17:10   WNW
20  17.5  25.8   15:05   8.8    5:55   3.4   2.6   0.2   1.6  20.9   12:30   WNW
21  18.1  27.4   14:15   8.2    5:25   3.5   3.3   0.0   1.1  19.3   14:25   WNW
22  19.1  28.3   14:05   9.9    5:35   2.7   3.5   0.0   1.4  19.3   13:00   ESE
23  20.4  27.7   13:40  11.5    3:00   1.7   3.8   0.2   2.6  24.1   10:00   ESE
24  22.9  27.4   13:40  19.6    2:35   0.0   4.7   0.0   4.2  29.0    6:55     E
25  21.0  25.1   12:30  16.9    4:10   0.1   2.9   0.6   2.7  27.4   13:45   WNW
26  18.5  24.0   11:50  13.8   23:50   1.2   1.4  16.8   0.6  19.3   12:25   WNW
27  18.3  26.1   15:40  10.7    5:40   2.6   2.5   0.0   1.3  19.3   15:50   WNW
28  18.9  27.7   15:15  10.0    5:50   2.8   3.4   0.2   1.0  17.7   12:55   WNW
29  21.8  26.6   13:25  13.5    0:05   0.1   3.6  29.8   3.5  30.6   13:35     E
30  19.3  24.5   14:10  11.8   00:00   1.1   2.1   0.0   2.9  32.2    6:55   WNW
-------------------------------------------------------------------------------------
    18.6  33.4    12     1.9     1    82.6  91.6 103.2   1.4  37.0    14     WNW

Max >=  32.0:  5
Max <=   0.0:  0
Min <=   0.0:  0
Min <= -18.0:  0
Max Rain: 31.19 ON 14/06/14
Days of Rain: 13 (> .2 mm) 5 (> 2 mm) 2 (> 20 mm)
Heat Base:  18.3  Cool Base:  18.3  Method: Integration