NOAA-style Climate Reports

Select a Year or Month report

Report for 2014 Jul
                   MONTHLY CLIMATOLOGICAL SUMMARY for JUL. 2014

NAME: Valle del Pavone   CITY: Castelnuovo V.C.   STATE: Italia 
ELEV:   360 m  LAT:  43.2036 N  LONG:  10.9186 E

                   TEMPERATURE (C), RAIN  (mm), WIND SPEED (km/hr)

                                      HEAT  COOL        AVG
    MEAN                              DEG   DEG         WIND                 DOM
DAY TEMP  HIGH   TIME   LOW    TIME   DAYS  DAYS  RAIN  SPEED HIGH   TIME    DIR
------------------------------------------------------------------------------------
 1  17.8  26.3   14:50   8.9    5:40   2.9   2.4   0.0   0.8  11.3   11:10   WNW
 2  19.1  26.6   15:50  10.2    5:35   2.4   3.2   0.0   1.6  24.1   13:25   ESE
 3  19.7  29.8   15:45  10.1    6:15   2.4   3.8   0.0   0.8  14.5   12:00   ESE
 4  21.0  30.1   13:40  13.1    5:25   1.5   4.2   0.0   1.1  25.7   18:10     E
 5  20.1  24.9   14:20  14.8   23:50   0.7   2.5   0.4   2.1  27.4   12:45   WNW
 6  19.8  28.3   15:35  12.1    5:50   2.0   3.5   0.0   1.1  16.1   15:05   WNW
 7  19.8  26.9   13:15  11.1    5:50   1.9   3.4   2.6   1.9  25.7   11:40   ESE
 8  19.4  24.6   12:40  13.8    5:55   0.9   2.1   3.0   2.6  30.6   13:50   WNW
 9  19.0  24.1   14:20  12.2   22:30   0.9   1.6   0.2   3.1  32.2   10:50   WNW
10  15.4  22.4   17:55  10.1   00:00   3.4   0.5   8.0   1.1  30.6    3:00   WNW
11  16.6  25.1   15:35   8.2    4:35   3.9   2.1   0.2   1.4  24.1   13:20   WNW
12  17.3  25.8   12:05   7.9    6:00   3.1   2.2   0.0   1.4  32.2   14:55     E
13  18.8  24.7   14:50  13.9    2:50   1.4   1.8   0.0   1.4  19.3   15:45   WNW
14  16.6  23.8   11:40  11.8    4:30   2.5   0.7  14.8   0.2   8.0   11:10     E
15  18.6  27.9   15:55  10.1    6:25   2.6   2.9   0.2   1.1  16.1   10:50   WNW
16  20.9  31.3   16:20  11.5    5:35   2.0   4.6   0.0   1.0  16.1   13:25   WNW
17  21.4  32.1   14:25  11.8    6:05   1.8   5.0   0.0   0.8  20.9   17:05   WNW
18  21.3  30.8   14:10  12.6    5:30   1.8   4.8   0.0   0.8  11.3   12:50   WNW
19  21.9  33.1   14:45  11.3    4:50   2.1   5.6   0.0   0.5  14.5   16:15     E
20  21.9  30.9   14:25  12.4    6:00   1.4   5.1   0.0   1.3  20.9   14:30   ESE
21  20.6  24.8    9:15  14.1   00:00   0.6   2.9  32.8   2.6  27.4   14:20   WNW
22  19.1  26.4   17:40  13.4    1:30   1.5   2.3  13.0   1.1  14.5   14:15   WNW
23  20.3  28.2   14:10  13.9    1:55   1.1   3.2   0.0   0.6  22.5   13:15   WNW
24  19.1  26.2   11:35  13.4    2:55   1.5   2.3   2.4   0.6  14.5   11:55   WNW
25  19.9  26.6   13:15  12.8    5:20   1.5   3.1   0.2   0.8  17.7   16:20   ESE
26  20.4  27.4   14:10  14.4   23:55   0.8   2.8  32.0   1.9  24.1   11:15   ESE
27  18.7  26.0   15:50  14.3    1:35   1.4   1.7  13.6   0.3  14.5   16:10   WNW
28  20.3  27.8   16:20  13.1    6:10   1.4   3.5   0.2   1.0  17.7   15:15   WNW
29  18.3  22.8   16:35  15.4    2:00   0.9   0.9  21.8   0.5  14.5   12:35     E
30  16.3  20.6   14:05  11.0    5:50   2.2   0.2  28.2   1.0  25.7    2:40   ESE
31  19.2  27.6   16:00  11.7    6:20   2.1   3.0   0.0   0.6  11.3   11:20   WNW
-------------------------------------------------------------------------------------
    19.3  33.1    19     7.9    12    56.5  88.0 173.6   1.2  32.2     9     WNW

Max >=  32.0:  2
Max <=   0.0:  0
Min <=   0.0:  0
Min <= -18.0:  0
Max Rain: 32.79 ON 21/07/14
Days of Rain: 17 (> .2 mm) 11 (> 2 mm) 4 (> 20 mm)
Heat Base:  18.3  Cool Base:  18.3  Method: Integration