NOAA-style Climate Reports

Select a Year or Month report

Report for 2014 Aug
                   MONTHLY CLIMATOLOGICAL SUMMARY for AUG. 2014

NAME: Valle del Pavone   CITY: Castelnuovo V.C.   STATE: Italia 
ELEV:   360 m  LAT:  43.2036 N  LONG:  10.9186 E

                   TEMPERATURE (C), RAIN  (mm), WIND SPEED (km/hr)

                                      HEAT  COOL        AVG
    MEAN                              DEG   DEG         WIND                 DOM
DAY TEMP  HIGH   TIME   LOW    TIME   DAYS  DAYS  RAIN  SPEED HIGH   TIME    DIR
------------------------------------------------------------------------------------
 1  19.8  26.8   16:20  13.0    2:55   1.8   3.3   0.2   1.1  16.1   12:30   WNW
 2  20.3  28.7   16:15  11.2    6:20   1.9   3.8   0.0   0.8  20.9   22:35   SSE
 3  21.5  26.3   13:45  15.0    2:55   0.4   3.6   0.0   2.6  24.1    5:35   ESE
 4  19.9  27.5   16:45  13.5    4:45   1.7   3.3   0.2   0.8  17.7   16:50   WSW
 5  19.1  26.0   12:45  11.8    6:00   2.0   2.8   0.0   1.0  19.3   17:10   WNW
 6  19.7  28.3   15:20  12.3    5:35   1.9   3.3   0.2   1.0  17.7   11:05   WNW
 7  19.6  29.8   14:00  10.8    6:05   2.5   3.7   0.0   0.5  11.3   17:25   ESE
 8  20.2  30.1   14:10  11.2    6:10   2.2   4.2   0.0   0.5  11.3   11:45   ESE
 9  20.2  27.9   17:15  12.2    5:00   1.7   3.6   0.0   1.0  16.1   11:45   ESE
10  21.1  29.7   14:45  12.6    6:15   1.4   4.1   0.2   1.1  17.7   12:40   ESE
11  20.7  29.0   15:35  12.1    6:05   1.6   4.0   0.0   1.8  25.7    9:15     E
12  22.3  29.0   15:30  14.7    6:15   0.7   4.7   0.0   1.8  22.5    9:20   ESE
13  23.2  26.3   11:55  19.2    0:20   0.0   4.9   0.0   2.9  25.7   12:00    SE
14  18.8  23.7   14:00  12.0   23:20   1.4   1.9   7.0   1.8  25.7   13:30   WNW
15  16.4  24.4   14:05   9.4    6:45   3.5   1.6   0.2   1.4  29.0   14:15   WNW
16  15.6  24.9   14:45   7.9    5:40   4.1   1.4   0.2   0.6  19.3   14:25   WNW
17  15.6  25.9   14:45   6.3    5:55   4.6   1.9   0.2   1.0  14.5    9:55     W
18  15.2  25.7   13:45   5.9    6:20   5.1   2.0   0.0   0.8  19.3   15:00   WSW
19  19.1  25.7   14:20  10.8    0:05   1.5   2.3   0.2   1.8  20.9   15:05   ESE
20  20.0  27.0   15:10  13.9    5:10   1.3   2.9   0.2   1.3  17.7    9:55    SE
21  18.4  26.4   14:15  10.8   23:50   2.2   2.3   0.0   0.8  16.1   16:35   WNW
22  16.8  26.1   14:15   8.2    6:05   3.6   2.2   0.0   0.6  17.7   11:40   WNW
23  16.9  23.1   14:00  12.8    3:45   2.4   1.0  15.8   0.8  20.9   18:00   WSW
24  17.4  24.8   13:45  11.8   22:30   2.3   1.4   0.2   0.6  16.1   16:15   WNW
25  16.6  25.4   15:10   9.3    5:00   3.4   1.7   0.2   0.8  17.7   11:45   WNW
26  19.7  26.7   13:25  11.3    3:40   1.9   3.3   0.0   2.3  20.9   13:15   ESE
27  21.7  28.2   13:05  12.2   23:50   0.7   4.1   0.0   2.4  22.5    0:50   WNW
28  19.1  29.2   14:05  10.7    6:00   2.5   3.3   0.2   0.6   9.7   10:30   WSW
29  19.3  29.3   14:50  11.3    5:40   2.3   3.3   0.0   0.6   9.7   10:55   WSW
30  18.9  28.7   14:00  10.9    5:50   2.4   3.1   0.2   0.5   9.7   12:35     W
31  19.8  28.1   13:35  13.3    6:35   1.5   3.0   0.0   0.6  14.5    9:50   ESE
-------------------------------------------------------------------------------------
    19.1  30.1     8     5.9    18    66.5  92.0  25.5   1.2  29.0    15     WNW

Max >=  32.0:  0
Max <=   0.0:  0
Min <=   0.0:  0
Min <= -18.0:  0
Max Rain: 15.80 ON 23/08/14
Days of Rain: 15 (> .2 mm) 2 (> 2 mm) 0 (> 20 mm)
Heat Base:  18.3  Cool Base:  18.3  Method: Integration