NOAA-style Climate Reports

Select a Year or Month report

Report for 2014 Sep
                   MONTHLY CLIMATOLOGICAL SUMMARY for SEP. 2014

NAME: Valle del Pavone   CITY: Castelnuovo V.C.   STATE: Italia 
ELEV:   360 m  LAT:  43.2036 N  LONG:  10.9186 E

                   TEMPERATURE (C), RAIN  (mm), WIND SPEED (km/hr)

                                      HEAT  COOL        AVG
    MEAN                              DEG   DEG         WIND                 DOM
DAY TEMP  HIGH   TIME   LOW    TIME   DAYS  DAYS  RAIN  SPEED HIGH   TIME    DIR
------------------------------------------------------------------------------------
 1  16.1  20.6   13:35  11.9   00:00   2.5   0.3  17.6   3.1  32.2   14:55   WNW
 2  16.9  23.8   11:55   9.8    5:15   2.9   1.5   0.0   2.4  29.0   14:15   WNW
 3  15.0  20.8   13:30   9.9    6:30   3.6   0.3   0.0   0.8  17.7   11:05   WNW
 4  16.9  23.8   11:55  10.4    3:15   2.9   1.5   0.0   0.8  16.1   10:30   WNW
 5  18.7  25.4   15:55  13.3    2:40   1.6   2.0   0.4   0.8  17.7   15:00   WNW
 6  18.4  25.9   14:25  12.2    6:35   2.0   2.2   0.0   1.0  19.3   11:40   WNW
 7  17.5  26.8   14:05  10.0    6:15   3.1   2.3   0.2   0.6  16.1   10:50   WNW
 8  18.3  27.5   15:05  11.5    4:55   2.4   2.4   0.0   0.8  17.7   13:10     W
 9  17.9  27.4   13:40  10.2    6:25   2.8   2.4   0.2   0.6  11.3   12:15   WNW
10  16.9  24.8   13:10  12.9    4:35   2.3   0.9  34.8   0.8  19.3   15:15   ESE
11  16.5  23.4   13:25  11.4   23:50   2.6   0.8  19.8   0.6  14.5    6:50     E
12  12.4  18.0   16:10   7.7   00:00   5.8   0.0  57.4   0.6  16.1    8:15   WNW
13  13.7  23.2   12:30   6.4    5:15   5.5   0.9   0.2   0.5  11.3   14:25   WSW
14  14.0  23.5   11:20   7.3    6:35   5.3   0.9   0.2   0.3  14.5   15:25   WSW
15  15.2  24.8   14:30   6.9    6:35   4.7   1.6   0.2   0.3  11.3   16:25   ESE
16  15.6  24.4   11:25  10.5    6:45   3.6   0.9   0.2   0.3   9.7   16:00     E
17  15.8  25.6   12:50   9.4    4:00   3.8   1.3   0.2   0.2   9.7   13:15     W
18  17.1  24.8   13:20  11.7    0:35   2.8   1.6   0.0   0.8  22.5   13:00   ESE
19  20.9  26.4   15:15  13.4    0:30   1.2   3.8   0.0   2.7  27.4   10:45   ESE
20  22.2  27.1   14:55  16.1   00:00   0.1   3.9   5.4   1.4  22.5    3:40   ESE
21  18.4  26.8   12:55  13.1    6:05   2.0   2.1   0.2   0.3  12.9   11:55   ESE
22  17.7  24.9   13:15  11.7    6:40   2.2   1.6   0.2   1.8  29.0   14:15   WNW
23  14.2  22.2   15:00   5.2   00:00   4.7   0.6   0.2   2.3  30.6   13:50   WNW
24  12.1  20.7   13:10   3.6    2:05   6.5   0.2   0.2   0.6  14.5    9:55   ESE
25  14.6  22.1   11:30   8.3    7:15   4.2   0.4   0.8   0.3   9.7   10:20   WNW
26  13.8  22.6   14:25   7.1   00:00   5.2   0.8   0.2   1.4  17.7   10:35   WNW
27  13.5  26.3   13:50   5.2    5:15   6.3   1.5   0.2   0.3  12.9   14:35     W
28  13.9  25.4   13:55   6.1    6:25   5.9   1.5   0.2   0.6  17.7   10:30   ESE
29  14.2  25.1   13:20   6.7    6:30   5.4   1.3   0.2   0.6  16.1   13:20   ESE
30  15.2  24.5   13:20   6.8    6:40   4.5   1.3   0.2   0.5  16.1   10:50   ESE
-------------------------------------------------------------------------------------
    16.1  27.5     8     3.6    24   108.2  42.9 139.5   0.9  32.2     1     WNW

Max >=  32.0:  0
Max <=   0.0:  0
Min <=   0.0:  0
Min <= -18.0:  0
Max Rain: 57.40 ON 12/09/14
Days of Rain: 23 (> .2 mm) 5 (> 2 mm) 2 (> 20 mm)
Heat Base:  18.3  Cool Base:  18.3  Method: Integration