NOAA-style Climate Reports

Select a Year or Month report

Report for 2014 Oct
                   MONTHLY CLIMATOLOGICAL SUMMARY for OCT. 2014

NAME: Valle del Pavone   CITY: Castelnuovo V.C.   STATE: Italia 
ELEV:   360 m  LAT:  43.2036 N  LONG:  10.9186 E

                   TEMPERATURE (C), RAIN  (mm), WIND SPEED (km/hr)

                                      HEAT  COOL        AVG
    MEAN                              DEG   DEG         WIND                 DOM
DAY TEMP  HIGH   TIME   LOW    TIME   DAYS  DAYS  RAIN  SPEED HIGH   TIME    DIR
------------------------------------------------------------------------------------
 1  16.6  21.4   10:40  12.4    3:15   2.1   0.4  12.0   0.6  20.9    9:35   ESE
 2  16.9  22.6   12:40  10.3   00:00   2.1   0.8   0.2   1.8  20.9   13:10   WNW
 3  14.1  23.4   13:50   8.1    7:10   5.0   0.8   0.0   1.0  19.3   14:30   WNW
 4  13.8  23.2   14:55   7.6    2:55   5.2   0.7   0.4   1.0  17.7    9:35   WNW
 5  12.3  23.1   13:55   5.1    6:45   6.6   0.6   0.2   0.8  17.7    9:30   ESE
 6  11.6  20.2   13:40   6.0    6:25   6.9   0.1   2.6   0.2   9.7   10:45   WSW
 7  14.8  22.3   13:30   5.7    2:55   4.4   0.8   0.2   1.6  20.9   11:30     E
 8  19.9  23.2   12:20  18.2   19:15   0.0   1.6   0.0   3.5  29.0   10:15   ESE
 9  20.3  23.9   14:45  17.7    3:55   0.0   2.0   0.0   2.6  24.1   11:20   ESE
10  20.1  24.7   13:05  14.7   23:25   0.5   2.2   0.0   1.3  19.3    9:45   ESE
11  19.9  24.2   12:45  15.1    0:20   0.5   2.1  30.0   1.9  20.9   10:50   ESE
12  19.6  25.1   12:40  14.1    5:30   0.9   2.1   0.0   1.9  20.9   18:00   ESE
13  20.2  22.5   11:40  14.2   00:00   0.4   2.3   1.2   3.9  29.0   18:40   ESE
14  16.6  24.2   13:10  12.1    6:20   2.7   0.9   0.2   0.3   9.7   12:20     W
15  18.3  23.5   13:30  14.6    0:05   1.2   1.1   5.4   0.3  11.3    6:25   WSW
16  17.6  21.8   14:05  12.9   00:00   1.3   0.6   1.4   0.6  29.0    2:35     W
17  18.8  24.1   11:50  12.6   00:00   1.1   1.5   0.0   1.3  22.5    9:55   WNW
18  16.7  25.1   12:50  11.4    7:05   2.7   1.2   0.0   0.2   6.4   11:15     E
19  15.7  24.9   13:05  10.1   23:50   3.6   1.0   0.4   0.2   8.0   13:55     W
20  13.6  22.6   14:35   7.7    7:05   5.3   0.6   0.2   0.3  11.3   13:20   WNW
21  17.6  23.2   12:55  11.6    0:25   1.8   1.0   0.2   1.0  17.7    9:40   ESE
22  12.9  18.4    1:40   0.7   21:55   5.4   0.0   0.0   3.2  32.2   13:00   WNW
23   8.3  19.1   14:10  -0.4    4:05  10.0   0.1   0.2   1.3  20.9    9:45   WNW
24  10.8  20.6   14:50   3.9   00:00   7.8   0.3   0.0   1.0  20.9   13:50   WNW
25   8.1  18.4   15:20   1.5    6:15  10.3   0.0   0.2   0.8  17.7   14:55   WNW
26  10.2  16.7   13:25   2.8    2:10   8.1   0.0   0.0   2.1  16.1    4:25   WNW
27   8.9  15.8   12:20   1.7    4:40   9.3   0.0   0.0   2.1  22.5   15:55   WNW
28   7.5  16.3   14:20   1.3    6:00  10.8   0.0   0.0   0.6  20.9    8:55     E
29   8.4  16.0   13:35   3.4    5:35   9.8   0.0   0.0   0.0   4.8   11:00     E
30   7.2  17.4   12:05   0.4   00:00  11.1   0.0   0.2   0.5  11.3   12:10   WNW
31   6.4  17.4   12:35  -1.0    6:15  11.9   0.0   0.2   0.8   9.7   11:10   WNW
-------------------------------------------------------------------------------------
    14.3  25.1    18    -1.0    31   148.6  24.9  55.4   1.2  32.2    22     WNW

Max >=  32.0:  0
Max <=   0.0:  0
Min <=   0.0:  2
Min <= -18.0:  0
Max Rain: 30.00 ON 11/10/14
Days of Rain: 18 (> .2 mm) 4 (> 2 mm) 1 (> 20 mm)
Heat Base:  18.3  Cool Base:  18.3  Method: Integration