NOAA-style Climate Reports

Select a Year or Month report

Report for 2014 Nov
                   MONTHLY CLIMATOLOGICAL SUMMARY for NOV. 2014

NAME: Valle del Pavone   CITY: Castelnuovo V.C.   STATE: Italia 
ELEV:   360 m  LAT:  43.2036 N  LONG:  10.9186 E

                   TEMPERATURE (C), RAIN  (mm), WIND SPEED (km/hr)

                                      HEAT  COOL        AVG
    MEAN                              DEG   DEG         WIND                 DOM
DAY TEMP  HIGH   TIME   LOW    TIME   DAYS  DAYS  RAIN  SPEED HIGH   TIME    DIR
------------------------------------------------------------------------------------
 1   9.3  19.3   14:05   2.2    3:25   8.7   0.1   0.0   1.0  16.1    8:55   WNW
 2   7.7  19.0   12:50   1.0    7:00  10.7   0.0   0.2   0.3   9.7   12:50   WNW
 3  10.2  16.8   11:35   1.9    5:40   8.1   0.0   0.2   1.1  24.1   22:40   ESE
 4  16.3  18.8   13:40  12.9    0:40   2.0   0.0   1.6   5.1  46.7   17:05   ESE
 5  16.3  18.5   12:15  13.7   00:00   2.0   0.0  87.2   5.0  37.0    5:20   ESE
 6  13.3  14.2   12:40  12.3   00:00   5.0   0.0   5.4   1.1  20.9    4:15     E
 7  13.3  16.3   14:45  11.3   18:35   5.0   0.0   1.2   0.2   6.4   13:20   WNW
 8  13.4  17.1   14:45   9.8    6:30   4.8   0.0   1.6   0.2   9.7   16:45   WSW
 9  12.8  18.2   12:10   7.7    7:25   5.4   0.0   0.0   1.4  27.4   22:00    SW
10  15.3  17.4   13:10  13.3   23:25   2.9   0.0  12.4   4.0  29.0    9:00   SSE
11  13.8  17.1   11:30  10.2    7:20   4.5   0.0  10.6   1.8  22.5    1:35   SSE
12  12.7  14.9   15:00  11.2    5:05   5.6   0.0  13.4   1.0  11.3    2:20   WSW
13  12.2  17.2   14:05   8.9    7:55   6.1   0.0   4.8   0.8  14.5   14:25   WSW
14  11.1  17.6   12:45   7.3   22:35   7.2   0.0   0.0   0.6  11.3   12:25   WSW
15  12.6  15.4   18:00   7.3    0:20   5.7   0.0  42.2   3.9  40.2   18:05     E
16   9.6  16.2   10:55   4.8    7:30   8.8   0.0   4.0   1.1  17.7   11:00     W
17   8.6  12.7   11:50   2.9    5:40   9.7   0.0  76.2   2.1  29.0   13:55   SSE
18  10.7  14.1   11:25   7.2   20:40   7.7   0.0  20.8   3.1  24.1    0:15   SSE
19   9.2  15.8   12:50   2.5   00:00   9.1   0.0   3.8   1.8  19.3    7:10     W
20   6.0  16.0   12:35   0.9    6:05  12.3   0.0   0.0   0.5   9.7   11:25   WNW
21   8.5  16.3   12:05   2.2    7:30   9.8   0.0   0.2   0.5  14.5   12:30     E
22  12.7  16.8   12:15   6.7   00:00   5.6   0.0   0.0   1.6  19.3   11:20   SSE
23  10.7  17.4   12:50   6.1    1:05   7.6   0.0   0.0   0.2   8.0   11:05     E
24  10.3  15.7   14:00   4.7    7:35   8.0   0.0   0.2   0.0   1.6   12:05     E
25  13.5  16.7   11:25  10.7    0:05   4.8   0.0  13.8   0.3   9.7   23:15   ESE
26  11.9  15.1   13:00   7.3   00:00   6.4   0.0   8.4   0.0   8.0    1:30     E
27  11.1  16.2   13:05   6.6    2:15   7.2   0.0  17.0   0.5  17.7    6:45   ESE
28  12.9  17.2   13:00   9.6   23:55   5.4   0.0   2.2   1.1  25.7   13:00   ESE
29  12.5  18.4   12:00   8.2    6:35   5.8   0.0  10.4   1.4  25.7   12:10     W
30  15.1  18.3   13:05  11.3    6:15   3.2   0.0   0.2   1.9  27.4   22:45   ESE
-------------------------------------------------------------------------------------
    11.8  19.3     1     0.9    20   195.2   0.1 338.0   1.5  46.7     4     ESE

Max >=  32.0:  0
Max <=   0.0:  0
Min <=   0.0:  0
Min <= -18.0:  0
Max Rain: 87.20 ON 05/11/14
Days of Rain: 24 (> .2 mm) 16 (> 2 mm) 4 (> 20 mm)
Heat Base:  18.3  Cool Base:  18.3  Method: Integration