NOAA-style Climate Reports

Select a Year or Month report

Report for 2014 Dec
                   MONTHLY CLIMATOLOGICAL SUMMARY for DEC. 2014

NAME: Valle del Pavone   CITY: Castelnuovo V.C.   STATE: Italia 
ELEV:   360 m  LAT:  43.2036 N  LONG:  10.9186 E

                   TEMPERATURE (C), RAIN  (mm), WIND SPEED (km/hr)

                                      HEAT  COOL        AVG
    MEAN                              DEG   DEG         WIND                 DOM
DAY TEMP  HIGH   TIME   LOW    TIME   DAYS  DAYS  RAIN  SPEED HIGH   TIME    DIR
------------------------------------------------------------------------------------
 1  11.9  17.1    0:10   4.9   22:50   6.2   0.0   7.0   1.4  30.6    2:55   ESE
 2   9.0  14.8   13:50   4.2    5:00   9.3   0.0   0.2   0.8  19.3   13:10   WNW
 3   9.6  11.9   13:00   6.7    8:00   8.7   0.0   1.4   1.3  16.1   13:40   WNW
 4   8.5  13.5   12:15   5.3   00:00   9.8   0.0   2.8   0.0  11.3   12:30     E
 5   8.3  13.9   13:30   4.6    2:20  10.0   0.0  13.2   0.2   9.7   16:45     E
 6   8.7  13.6   12:10   5.1    4:25   9.6   0.0   0.6   1.0  20.9   10:15   ESE
 7   6.6   9.4   14:05   0.8   23:00  11.7   0.0   0.4   0.2   9.7   10:30   WNW
 8   3.1  10.9   13:45  -1.2   22:45  15.2   0.0   0.0   0.6  17.7   12:25   WNW
 9   6.1   9.8   13:25   2.2   22:15  12.2   0.0   0.2   3.5  32.2   12:35   WNW
10   2.9   9.6   13:20  -2.8   00:00  15.4   0.0   0.0   1.3  25.7   13:55     W
11   1.7  12.2   12:40  -3.8    2:15  16.6   0.0   0.0   0.3  11.3   13:05     W
12   2.7  12.7   13:50  -3.1    6:55  15.6   0.0   0.2   0.3  14.5   12:10   ESE
13   8.8  13.4   11:40   0.4    3:25   9.5   0.0   0.0   1.9  22.5   14:05   ESE
14  10.9  13.6   13:20   6.1    5:20   7.4   0.0   0.2   1.6  22.5   11:35    SE
15  11.2  14.0   13:10   8.2    2:20   7.1   0.0  10.0   1.3  24.1    9:10   ESE
16   8.1  10.5   12:15   4.6   00:00  10.2   0.0  28.2   0.5  17.7    8:20     W
17   6.7  12.6   13:45   2.7    6:45  11.7   0.0   0.2   0.3  11.3   12:20   WNW
18   4.9  13.9   12:45  -0.3    8:35  13.4   0.0   0.0   0.2  11.3   13:15     W
19   5.6  13.3   14:30   1.1    3:30  12.8   0.0   0.2   0.0   6.4   11:55   WNW
20   6.2  13.6   13:55   1.6    1:30  12.1   0.0   0.2   0.0   6.4   13:30   NNW
21   4.2  13.5   13:30  -2.2   23:45  14.1   0.0   0.2   0.3  14.5   12:45     W
22   5.2  12.3   14:00  -2.8    0:50  13.1   0.0   0.2   0.3  11.3   14:55   ESE
23   9.4  11.7   12:55   6.9    0:25   8.9   0.0   0.0   0.0   8.0    3:05    SE
24   9.7  12.0   14:40   8.5    2:45   8.6   0.0   0.0   0.2  11.3   12:35   WNW
25   8.8  13.1   14:05   3.1   23:45   9.4   0.0   0.0   0.3  11.3    5:45   SSE
26   3.7   9.6   14:10  -4.3   22:45  14.6   0.0   0.0   1.1  22.5   14:30   WNW
27   1.7   7.6   18:35  -6.6    5:15  16.6   0.0  31.8   2.7  46.7   18:45   ESE
28   1.7   5.6   13:20  -3.2    7:45  16.6   0.0   0.2   3.9  33.8   14:35   WNW
29  -0.2   5.6   13:00  -7.7   23:50  18.5   0.0   0.0   3.4  29.0    0:05   WNW
30  -2.1   2.4   14:15  -8.1    1:00  20.3   0.0   0.0   1.9  17.7    6:20   WNW
31  -3.6   0.1   13:40  -8.2    3:25  21.9   0.0   0.2   3.1  37.0   16:45   WNW
-------------------------------------------------------------------------------------
     5.8  17.1     1    -8.2    31   387.0   0.0  97.7   1.1  46.7    27     WNW

Max >=  32.0:  0
Max <=   0.0:  0
Min <=   0.0: 13
Min <= -18.0:  0
Max Rain: 31.80 ON 27/12/14
Days of Rain: 20 (> .2 mm) 6 (> 2 mm) 2 (> 20 mm)
Heat Base:  18.3  Cool Base:  18.3  Method: Integration