NOAA-style Climate Reports

Select a Year or Month report

Report for 2015 Jan
                   MONTHLY CLIMATOLOGICAL SUMMARY for JAN. 2015

NAME: Valle del Pavone   CITY: Castelnuovo V.C.   STATE: Italia 
ELEV:   360 m  LAT:  43.2036 N  LONG:  10.9186 E

                   TEMPERATURE (C), RAIN  (mm), WIND SPEED (km/hr)

                                      HEAT  COOL        AVG
    MEAN                              DEG   DEG         WIND                 DOM
DAY TEMP  HIGH   TIME   LOW    TIME   DAYS  DAYS  RAIN  SPEED HIGH   TIME    DIR
------------------------------------------------------------------------------------
 1  -0.9   5.4   14:25  -7.6    3:40  19.2   0.0   0.0   2.6  24.1   12:45   WNW
 2   2.0  13.8   13:20  -4.1    8:15  16.3   0.0   0.0   0.6  16.1   11:45   WNW
 3   6.2  11.8   14:40   0.9    2:35  12.1   0.0   0.0   0.2  11.3   15:30   WNW
 4   7.9  14.3   12:05  -1.6   23:55  10.4   0.0   0.0   1.3  20.9    8:40   WNW
 5   0.7  11.4   12:50  -6.0    7:00  17.6   0.0   0.2   0.5  14.5   21:55   WNW
 6   3.1  11.7   13:55  -1.9    3:50  15.2   0.0   0.0   0.5  16.1   11:50   WNW
 7   5.5  10.8   12:50   0.2    0:05  12.8   0.0   1.0   0.3  14.5   14:00     E
 8   5.4  12.6   13:05  -2.6    7:50  12.9   0.0   0.4   0.6  16.1   12:20   ESE
 9   5.5  12.3   11:30  -0.1    7:35  12.8   0.0   0.0   0.3  16.1   13:50   WNW
10   7.3  12.9   13:35   1.7    5:30  11.0   0.0   0.2   0.3   9.7   12:20     E
11   8.8  13.8   13:25   0.0   00:00   9.5   0.0   0.0   2.1  33.8   15:40   WNW
12   1.2  13.3   13:00  -4.9    7:25  17.1   0.0   0.2   0.6  16.1   13:20   WNW
13   4.7  11.7   14:00  -3.6    2:10  13.6   0.0   0.2   1.3  20.9   11:50   ESE
14   7.3  12.7   12:30   2.6   22:20  10.9   0.0   0.0   0.8  16.1    9:55     E
15   6.2  13.4   13:20  -1.9    7:40  12.1   0.0   0.2   1.6  25.7   23:00   ESE
16  10.6  11.4   15:00   9.6    2:10   7.7   0.0   2.4   6.0  37.0   19:30    SE
17   8.9  11.8    3:25   3.3   22:35   9.4   0.0  10.6   2.4  35.4    0:50   WNW
18   3.3  10.1   13:00  -3.7   23:45  14.9   0.0   0.0   0.3  14.5   13:55     E
19   0.7  10.7   13:10  -5.5    7:30  17.6   0.0   0.2   0.3   8.0   12:00   WNW
20   4.2  10.2   12:15  -1.5    0:05  14.1   0.0   0.0   0.5  16.1   11:55     E
21   6.3  10.3   11:10   2.2    8:50  12.0   0.0   5.2   1.0  20.9   20:50   ESE
22   6.0   9.1   13:05   2.9    4:40  12.3   0.0   1.0   0.5  17.7    2:35     W
23   6.7   9.8   12:55   3.4   23:30  11.7   0.0   0.2   3.2  33.8   16:05   WNW
24   5.1  11.1   13:55  -2.2   22:30  13.2   0.0   0.0   1.6  20.9   12:10   WNW
25   2.8   7.3   13:20  -2.6    7:25  15.5   0.0   0.0   3.1  29.0   23:30   WNW
26   2.7   8.2   14:45  -5.7   23:00  15.6   0.0   0.0   2.7  24.1    0:55   WNW
27  -0.8   8.5   13:05  -7.3    3:25  19.1   0.0   0.0   0.6  20.9   12:25   WNW
28  -2.2   7.7   14:15  -8.4    7:50  20.5   0.0   0.2   1.3  22.5   12:55   WNW
29   3.1   8.2   19:05  -7.3    0:25  15.2   0.0  28.2   2.9  29.0   12:30   ESE
30   5.1   9.7    6:40  -1.7   19:00  13.2   0.0  13.2   4.3  57.9   11:15   ESE
31   2.5  10.2   13:05  -2.1   23:10  15.8   0.0  10.6   1.0  25.7   15:35     W
-------------------------------------------------------------------------------------
     4.4  14.3     4    -8.4    28   431.5   0.0  74.2   1.5  57.9    30     WNW

Max >=  32.0:  0
Max <=   0.0:  0
Min <=   0.0: 22
Min <= -18.0:  0
Max Rain: 28.19 ON 29/01/15
Days of Rain: 17 (> .2 mm) 6 (> 2 mm) 1 (> 20 mm)
Heat Base:  18.3  Cool Base:  18.3  Method: Integration