NOAA-style Climate Reports

Select a Year or Month report

Report for 2015 Feb
                   MONTHLY CLIMATOLOGICAL SUMMARY for FEB. 2015

NAME: Valle del Pavone   CITY: Castelnuovo V.C.   STATE: Italia 
ELEV:   360 m  LAT:  43.2036 N  LONG:  10.9186 E

                   TEMPERATURE (C), RAIN  (mm), WIND SPEED (km/hr)

                                      HEAT  COOL        AVG
    MEAN                              DEG   DEG         WIND                 DOM
DAY TEMP  HIGH   TIME   LOW    TIME   DAYS  DAYS  RAIN  SPEED HIGH   TIME    DIR
------------------------------------------------------------------------------------
 1   1.0   5.7   14:40  -2.4    1:40  17.3   0.0   0.4   0.5  16.1   10:45   ESE
 2   0.2   7.7   12:35  -4.3    7:05  18.1   0.0   2.4   0.6  17.7   13:20   WNW
 3   2.2   6.4   13:35  -3.0    7:45  16.1   0.0   6.6   1.3  20.9   23:45   ESE
 4   4.6   6.8   15:00   2.8    2:45  13.7   0.0  15.2   2.3  30.6   23:20     W
 5   4.6   7.2   11:55   1.6   00:00  13.7   0.0  37.6   1.9  27.4    0:25   ESE
 6   0.7   2.1   22:20  -0.2    6:35  17.6   0.0  17.2   0.6  11.3    5:10     W
 7   2.0   4.9   14:40  -2.8   00:00  16.3   0.0   6.4   1.8  19.3   14:35   WNW
 8   1.1   7.4   14:55  -5.2    6:35  17.2   0.0   0.2   1.3  24.1   20:00   WNW
 9   0.3   7.0   13:15  -5.8    7:45  18.0   0.0   0.0   1.8  24.1    0:55   WNW
10   4.4  12.9   15:30  -2.2   23:50  13.9   0.0   0.0   0.6   9.7   10:30   WNW
11   3.2  15.8   14:45  -3.8    6:45  15.1   0.0   0.2   0.6  16.1   14:55     W
12   3.5  15.2   12:55  -3.2    5:05  14.8   0.0   0.2   0.6  20.9   13:05   WNW
13   3.7  12.9   13:35  -2.7    4:25  14.6   0.0   2.6   0.6  20.9   14:15   ESE
14   5.8  11.0   12:15  -1.2    6:10  12.5   0.0   3.2   1.9  30.6   12:15   ESE
15   6.9   9.9   13:50   2.9   23:25  11.3   0.0   7.4   1.6  22.5   10:35   ESE
16   7.1  10.1   15:40   2.7    1:15  11.2   0.0  13.6   1.3  19.3    7:40   WSW
17   8.4  14.1   13:40   3.2   23:40   9.9   0.0   0.0   3.1  29.0   16:05   ESE
18   5.1  10.8   14:40   0.1    4:45  13.2   0.0   0.0   3.7  30.6   10:05   WNW
19   3.8  12.3   13:50  -3.9   23:55  14.5   0.0   0.0   1.9  20.9    1:45   WNW
20   2.8  10.8   12:30  -5.8    6:50  15.5   0.0   0.6   1.0  17.7   12:40   WNW
21   6.0   8.1   13:05   4.1   20:35  12.3   0.0   7.4   2.7  30.6   14:55   ESE
22   7.2  10.3   13:00   4.8   19:25  11.1   0.0   8.4   1.6  27.4    0:10   WNW
23   6.7  13.3   13:30   0.7    7:25  11.6   0.0   0.0   1.4  20.9   13:15   WNW
24   5.9  11.4   11:35   1.9    7:25  12.4   0.0  20.2   1.0  22.5   14:10   WNW
25   6.3   8.3   15:30   4.6    7:20  11.9   0.0   0.2   5.1  33.8    4:30   WNW
26   6.9  11.7   12:55   1.8    3:50  11.4   0.0   0.0   2.6  19.3    6:15   WNW
27   4.9  13.3   15:25  -1.6   23:35  13.4   0.0   0.0   1.4  17.7   13:00   WNW
28   3.3  12.4   13:05  -3.4    5:00  15.0   0.0   0.0   0.5  11.3   14:50   WNW
-------------------------------------------------------------------------------------
     4.2  15.8    11    -5.8     9   393.5   0.0 150.0   1.6  33.8    25     WNW

Max >=  32.0:  0
Max <=   0.0:  0
Min <=   0.0: 16
Min <= -18.0:  0
Max Rain: 37.59 ON 05/02/15
Days of Rain: 19 (> .2 mm) 13 (> 2 mm) 2 (> 20 mm)
Heat Base:  18.3  Cool Base:  18.3  Method: Integration