NOAA-style Climate Reports

Select a Year or Month report

Report for 2015 Mar
                   MONTHLY CLIMATOLOGICAL SUMMARY for MAR. 2015

NAME: Valle del Pavone   CITY: Castelnuovo V.C.   STATE: Italia 
ELEV:   360 m  LAT:  43.2036 N  LONG:  10.9186 E

                   TEMPERATURE (C), RAIN  (mm), WIND SPEED (km/hr)

                                      HEAT  COOL        AVG
    MEAN                              DEG   DEG         WIND                 DOM
DAY TEMP  HIGH   TIME   LOW    TIME   DAYS  DAYS  RAIN  SPEED HIGH   TIME    DIR
------------------------------------------------------------------------------------
 1   5.1  11.6   13:05  -2.8    4:55  13.2   0.0   0.2   1.4  19.3   14:10   SSE
 2  11.9  16.1   14:25   8.9    3:00   6.4   0.0   4.4   3.7  38.6   21:50   ESE
 3   9.3  15.8   12:55   2.4   22:15   9.0   0.0   0.0   1.6  24.1    0:20   WNW
 4   6.8  13.9   11:25  -0.1    5:35  11.5   0.0  24.4   1.1  24.1   23:00   ESE
 5   5.2   7.0   16:25   2.8    3:05  13.1   0.0  22.2   9.0  41.8    5:15   WNW
 6   5.3   9.5   13:40  -0.9   21:20  13.0   0.0   0.0   6.4  49.9   10:05   WNW
 7   3.5  11.2   15:05  -3.4    2:35  14.8   0.0   0.0   3.2  33.8    9:50   WNW
 8   5.1  11.4   14:25  -3.1    2:05  13.2   0.0   0.0   3.7  32.2   12:50   WNW
 9   4.3  12.2   16:00  -2.4   23:55  14.0   0.0   0.0   1.6  22.5   10:15   WNW
10   3.8  14.2   14:15  -4.8    6:20  14.5   0.0   0.0   1.4  17.7    9:20   WNW
11   6.7  13.9   13:45  -1.3    1:35  11.7   0.0   0.0   1.8  19.3   12:10   WNW
12   6.3  12.4   14:30  -1.8   00:00  12.0   0.0   0.2   2.9  25.7   12:35   WNW
13   3.1  13.6   13:55  -4.6    6:10  15.2   0.0   0.0   1.1  19.3   13:30   WNW
14   4.8  13.8   12:15  -3.2    3:25  13.5   0.0   0.0   0.5  14.5   11:10     E
15   5.5   9.6   12:45   0.2    7:15  12.8   0.0  11.8   1.8  29.0   12:40   ESE
16   7.6   9.3   10:30   5.6    5:50  10.7   0.0  21.8   1.3  20.9   22:30     E
17   9.8  12.1   13:55   8.2    0:15   8.5   0.0  21.2   1.3  19.3    5:30     E
18   8.2  16.3   14:10   0.8    6:40  10.1   0.0   0.0   1.3  14.5    9:00   WNW
19   6.8  17.2   15:55  -1.1    6:15  11.5   0.0   0.0   0.5  17.7   12:10   WNW
20   7.4  17.2   13:45  -1.4    6:20  10.8   0.0   0.2   1.1  19.3   15:25     E
21   6.9  12.8   11:00   0.1    6:15  11.4   0.0   0.0   1.1  20.9   10:15   SSE
22   9.1  13.9   14:10   5.0   00:00   9.2   0.0   0.0   2.4  22.5   10:50   WNW
23  10.7  15.8   15:45   4.5   23:15   7.6   0.0   0.0   1.8  19.3   10:20   WNW
24   9.8  14.5   13:25   5.1    5:10   8.5   0.0   0.0   0.6  19.3    9:50   ESE
25  10.1  12.2   13:50   7.6    0:25   8.2   0.0  56.6   1.6  30.6   23:15   ESE
26  10.4  14.2   15:05   4.4   00:00   7.9   0.0   9.6   2.3  32.2    0:20   ESE
27   7.9  12.7   16:40   3.3    2:40  10.4   0.0   6.0   2.4  35.4   17:10   WNW
28   8.4  16.8   15:35  -0.5   00:00   9.9   0.0   0.0   2.9  37.0   15:20   WNW
29   7.9  19.5   13:25  -1.8    6:50  10.0   0.0   0.0   1.3  20.9   13:50   WNW
30  11.5  16.7   13:55   4.4    0:05   6.8   0.0   0.0   2.9  32.2   14:00   WNW
31  12.4  20.2   14:20   4.0    4:20   6.1   0.2   0.0   3.1  37.0   23:25   ESE
-------------------------------------------------------------------------------------
     7.5  20.2    31    -4.8    10   335.6   0.2 178.6   2.2  49.9     6     WNW

Max >=  32.0:  0
Max <=   0.0:  0
Min <=   0.0: 15
Min <= -18.0:  0
Max Rain: 56.59 ON 25/03/15
Days of Rain: 12 (> .2 mm) 9 (> 2 mm) 5 (> 20 mm)
Heat Base:  18.3  Cool Base:  18.3  Method: Integration