NOAA-style Climate Reports

Select a Year or Month report

Report for 2015 Apr
                   MONTHLY CLIMATOLOGICAL SUMMARY for APR. 2015

NAME: Valle del Pavone   CITY: Castelnuovo V.C.   STATE: Italia 
ELEV:   360 m  LAT:  43.2036 N  LONG:  10.9186 E

                   TEMPERATURE (C), RAIN  (mm), WIND SPEED (km/hr)

                                      HEAT  COOL        AVG
    MEAN                              DEG   DEG         WIND                 DOM
DAY TEMP  HIGH   TIME   LOW    TIME   DAYS  DAYS  RAIN  SPEED HIGH   TIME    DIR
------------------------------------------------------------------------------------
 1  12.3  17.6   13:10   4.1   00:00   5.9   0.0   0.0   3.4  27.4   14:10   WNW
 2   8.2  18.2   14:35  -0.7    5:50  10.1   0.0   0.0   1.9  27.4   16:35   ESE
 3   8.1  16.8   16:45  -0.6    6:40  10.3   0.0   0.0   1.1  22.5   11:05     E
 4   8.8  12.3   10:25   5.3    0:05   9.5   0.0  30.2   2.3  27.4    9:20   ESE
 5   6.1   8.8   14:05   1.7   00:00  12.2   0.0   0.4   3.9  37.0   16:15   WNW
 6   3.4  10.4   15:25  -2.9    6:50  14.9   0.0   0.0   3.1  35.4   11:40   WNW
 7   2.7  11.0   16:05  -5.1    5:40  15.6   0.0   0.0   2.9  37.0   12:30   WNW
 8   4.6  14.8   15:10  -4.9    6:30  13.7   0.0   0.0   1.6  22.5   15:25   WNW
 9   7.6  19.7   17:05  -3.4    6:05  10.8   0.1   0.0   1.0  22.5   13:15   WNW
10   9.6  18.8   15:35   0.3    5:20   8.7   0.0   0.0   1.8  25.7   14:40   ESE
11   7.9  14.9   16:50   0.3    4:40  10.4   0.0   0.0   1.1  16.1   10:35    SE
12  10.3  21.1   16:00  -0.7    5:45   8.4   0.5   0.0   1.1  20.9   11:40   ESE
13  11.2  21.5   13:10   1.9    7:00   7.7   0.6   0.0   1.6  19.3   13:30   WNW
14  11.2  20.0   13:20   3.1    4:50   7.3   0.3   0.0   1.8  22.5   10:55   WNW
15  12.0  22.9   16:20   1.6    6:25   7.4   1.1   0.0   1.3  24.1   11:50   WNW
16  12.4  21.3   13:50   2.7    6:40   6.4   0.5   0.0   2.1  24.1   12:10   ESE
17  14.0  17.2   18:00   9.1   23:55   4.3   0.0   1.6   3.2  30.6    6:25    SE
18  13.6  19.4   14:10   8.6   22:00   4.7   0.0   0.0   1.3  22.5   14:30   WNW
19  10.8  15.0   15:25   8.1    5:50   7.5   0.0   0.0   3.1  22.5    6:20   WNW
20  10.4  20.2   16:55  -0.4    6:40   8.1   0.2   0.0   1.8  20.9   12:55   WNW
21  10.4  22.3   14:30  -0.6    6:40   8.6   0.7   0.0   1.3  20.9   16:35   WNW
22  10.9  22.3   14:55   0.9    6:20   8.2   0.8   0.0   1.4  24.1   15:25   WNW
23  11.9  18.3   12:20   3.3    1:10   6.4   0.0   0.0   2.3  24.1   11:55   ESE
24  12.1  19.3   15:50   4.9    5:30   6.2   0.0   0.0   1.0  19.3   14:35   WNW
25  11.8  20.8   15:10   2.5    5:30   6.7   0.2   0.0   1.1  19.3    8:45   ESE
26  13.2  18.2   11:15   7.3    1:05   5.1   0.0   1.0   2.6  30.6   23:35   ESE
27  12.3  14.4   11:15   8.9   23:30   6.0   0.0  36.2   3.4  35.4   12:40   ESE
28  12.2  17.3   13:35   6.9    5:25   6.1   0.0   6.8   1.6  20.9   12:00   WNW
29  13.6  18.9   12:05   7.6    5:35   4.8   0.0   8.6   1.4  17.7   23:35   WNW
30  11.8  18.2   13:40   4.9   00:00   6.4   0.0   0.0   1.4  19.3   10:40   WNW
-------------------------------------------------------------------------------------
    10.2  22.9    15    -5.1     7   248.5   5.0  84.8   2.0  37.0     5     WNW

Max >=  32.0:  0
Max <=   0.0:  0
Min <=   0.0:  9
Min <= -18.0:  0
Max Rain: 36.19 ON 27/04/15
Days of Rain: 7 (> .2 mm) 4 (> 2 mm) 2 (> 20 mm)
Heat Base:  18.3  Cool Base:  18.3  Method: Integration