NOAA-style Climate Reports

Select a Year or Month report

Report for 2015 May
                   MONTHLY CLIMATOLOGICAL SUMMARY for MAY. 2015

NAME: Valle del Pavone   CITY: Castelnuovo V.C.   STATE: Italia 
ELEV:   360 m  LAT:  43.2036 N  LONG:  10.9186 E

                   TEMPERATURE (C), RAIN  (mm), WIND SPEED (km/hr)

                                      HEAT  COOL        AVG
    MEAN                              DEG   DEG         WIND                 DOM
DAY TEMP  HIGH   TIME   LOW    TIME   DAYS  DAYS  RAIN  SPEED HIGH   TIME    DIR
------------------------------------------------------------------------------------
 1  12.4  18.1   15:00   3.9    2:50   5.9   0.0   0.0   3.7  32.2   23:00   ESE
 2  16.6  22.3   14:30  11.6   22:00   2.6   0.8   0.8   2.4  24.1    0:45    SE
 3  16.8  22.6   13:45  10.7    5:50   2.3   0.8   0.0   1.8  17.7    9:15   ESE
 4  18.2  24.1   15:05   9.9    5:45   1.9   1.7   0.0   2.4  27.4   13:20   ESE
 5  19.8  25.8   14:45  10.1    3:00   1.2   2.7   0.0   4.0  30.6    8:40   ESE
 6  18.7  27.2   13:20  10.1   23:55   1.8   2.1   0.0   1.3  20.9   21:20   ESE
 7  13.8  22.7   12:25   2.5   23:55   5.8   1.3   0.0   1.6  22.5   15:35   WNW
 8  12.4  24.1   13:20   0.9    4:20   7.0   1.1   0.0   0.8  22.5   11:25   WNW
 9  14.5  23.5   14:25   4.7    4:45   5.1   1.3   0.0   1.0  16.1   17:20   WNW
10  15.9  26.2   16:15   6.7    5:00   4.6   2.3   0.0   1.0  19.3   13:25   WNW
11  15.9  26.3   13:35   5.7    5:05   5.1   2.7   0.0   0.8  16.1   17:55   WNW
12  16.1  27.4   13:50   5.4    5:15   5.0   2.8   0.0   0.6  12.9   14:55   WNW
13  14.4  23.4   12:20   5.1    4:55   5.3   1.4   0.0   1.4  24.1   10:50   WNW
14  16.3  24.7   14:30   4.6    4:40   3.8   1.9   0.0   1.4  20.9   15:10    SE
15  15.2  20.2   12:25   9.7   21:45   3.3   0.1   4.6   1.8  24.1   15:05    SE
16  13.2  19.9   11:15   5.1    4:45   5.2   0.1   0.2   0.5  14.5    7:45   ESE
17  17.9  27.1   14:35   9.1    2:35   3.1   2.8   0.0   1.6  24.1    9:25   WNW
18  17.3  28.2   12:45   6.9    5:20   4.2   3.1   0.0   1.0  16.1    8:00   WNW
19  15.8  25.2   13:10   6.0    4:55   4.4   2.0   0.0   0.8  17.7    9:55   WNW
20  15.6  20.3   11:40   9.3    0:05   2.9   0.2   0.2   1.6  19.3   13:25     E
21  13.3  18.2   12:50   9.3   21:00   5.0   0.0   0.0   1.0  19.3   13:55   WNW
22   9.5  12.1   17:35   3.8    5:05   8.8   0.0  13.4   0.3  16.1    9:00   WNW
23  11.3  14.7   12:20   8.7    4:40   7.0   0.0  36.2   0.2  17.7   10:05   WNW
24  12.8  19.8   15:20   5.8   23:55   5.6   0.0   3.6   0.8  17.7   12:45   WNW
25  12.9  21.1   13:10   3.8    5:05   5.9   0.6   0.2   1.1  20.9   13:00   WNW
26  12.8  19.7    8:45   7.3    1:00   5.6   0.1  14.0   0.3  14.5   11:15     E
27  13.3  20.1   14:15   4.9   23:50   5.1   0.1   0.0   1.0  16.1   10:30     W
28  13.2  22.0   13:20   4.3    1:40   5.9   0.8   0.2   1.3  19.3   11:30   WNW
29  13.5  24.0   14:20   2.9    4:40   6.2   1.4   0.0   0.8  17.7   15:00     W
30  13.9  23.6   14:30   3.9    4:25   5.6   1.3   0.0   0.8  17.7   13:15   WNW
31  15.7  25.6   13:50   5.8    5:10   4.8   2.1   0.0   0.6  20.9   13:30     W
-------------------------------------------------------------------------------------
    14.8  28.2    18     0.9     8   146.0  37.5  73.4   1.3  32.2     1     WNW

Max >=  32.0:  0
Max <=   0.0:  0
Min <=   0.0:  0
Min <= -18.0:  0
Max Rain: 36.19 ON 23/05/15
Days of Rain: 10 (> .2 mm) 5 (> 2 mm) 1 (> 20 mm)
Heat Base:  18.3  Cool Base:  18.3  Method: Integration