NOAA-style Climate Reports

Select a Year or Month report

Report for 2015 Jun
                   MONTHLY CLIMATOLOGICAL SUMMARY for JUN. 2015

NAME: Valle del Pavone   CITY: Castelnuovo V.C.   STATE: Italia 
ELEV:   360 m  LAT:  43.2036 N  LONG:  10.9186 E

                   TEMPERATURE (C), RAIN  (mm), WIND SPEED (km/hr)

                                      HEAT  COOL        AVG
    MEAN                              DEG   DEG         WIND                 DOM
DAY TEMP  HIGH   TIME   LOW    TIME   DAYS  DAYS  RAIN  SPEED HIGH   TIME    DIR
------------------------------------------------------------------------------------
 1  16.0  27.2   13:05   5.9    5:05   4.6   2.3   0.2   0.5   9.7   12:35     E
 2  16.2  26.2   15:05   5.9    4:40   4.3   2.3   0.2   1.0  16.1   16:10   WNW
 3  17.1  27.9   15:25   5.9    5:45   4.3   3.1   0.0   0.6   9.7   12:40     E
 4  19.6  30.6   16:30   8.1    5:45   3.1   4.3   0.0   0.5  14.5   14:45   ESE
 5  20.4  31.2   15:30   9.7    6:05   2.6   4.7   0.0   1.0  17.7   12:30   ESE
 6  20.4  31.1   14:55   9.4    5:25   2.5   4.6   0.0   0.6  11.3   15:25   ESE
 7  21.6  31.2   15:40  11.4    5:50   1.7   5.0   0.0   0.6  17.7   21:40   ESE
 8  19.8  29.3   13:15  11.8    5:35   1.8   3.2  26.4   0.6  19.3   22:30     E
 9  16.2  23.4   11:05  11.3    5:35   3.0   0.8  25.4   0.2  16.1   13:35   ESE
10  18.9  28.8   14:00  10.8    5:40   2.6   3.2   0.2   1.0  22.5   14:45     W
11  18.6  29.0   13:10  10.2    5:15   2.6   2.9   4.4   0.5  11.3   14:05   ESE
12  17.4  25.8   12:50   8.9    5:30   2.7   1.8   0.2   1.0  19.3   11:50   WSW
13  18.8  27.1   11:45  10.3    5:30   2.7   3.2   0.2   1.0  32.2   13:15     E
14  17.0  23.2   15:00  11.6    5:40   2.4   1.1  26.6   0.6  22.5   12:25   ESE
15  17.2  25.1   11:50  12.4    2:50   2.3   1.2  10.0   0.8  16.1    9:50   ESE
16  17.6  24.3   11:55  11.9    2:55   2.1   1.3  12.4   0.2  14.5   18:05   WSW
17  17.4  23.8   14:20  11.3   23:55   2.2   1.3   0.4   0.8  17.7   16:05     E
18  16.7  24.9   14:05   7.4    4:55   3.5   1.9   0.0   1.0  17.7   16:30   WNW
19  17.7  26.1   16:40   8.6    5:20   3.2   2.6   0.0   0.6  11.3   15:25   ESE
20  17.4  25.0   14:50  10.4    5:20   2.8   2.0   0.4   0.6  19.3   20:25   WSW
21  16.7  26.1   16:05   8.3    5:20   3.7   2.1   0.2   0.8  14.5   10:30   ESE
22  17.4  25.8   13:10   6.3    5:55   3.4   2.6   0.0   1.9  20.9   12:15   ESE
23  21.3  26.2   14:50  16.5    1:50   0.2   3.2   0.0   3.7  33.8    9:55   ESE
24  19.8  25.7   14:15  12.9   22:35   0.9   2.4   0.0   1.9  19.3   12:00   ESE
25  17.3  27.9   16:50   5.3    5:45   3.6   2.7   0.0   1.3  24.1    9:10     W
26  17.7  28.5   15:10   7.6    5:35   3.8   3.2   0.0   1.0  17.7   10:50   ESE
27  18.3  28.9   13:45   8.4    5:25   3.6   3.6   0.0   1.0  16.1   11:50   ESE
28  19.7  30.6   16:25   9.3    6:05   2.9   4.3   0.0   0.6  17.7   13:35   WSW
29  20.9  30.3   17:10  11.1    6:00   2.0   4.6   0.0   0.6  16.1   14:45   WSW
30  21.2  31.2   13:55  12.3    5:50   1.7   4.6   0.0   0.5   8.0   11:05    SW
-------------------------------------------------------------------------------------
    18.4  31.2     5     5.3    25    82.8  86.0 107.2   0.9  33.8    23     ESE

Max >=  32.0:  0
Max <=   0.0:  0
Min <=   0.0:  0
Min <= -18.0:  0
Max Rain: 26.59 ON 14/06/15
Days of Rain: 14 (> .2 mm) 6 (> 2 mm) 3 (> 20 mm)
Heat Base:  18.3  Cool Base:  18.3  Method: Integration