NOAA-style Climate Reports

Select a Year or Month report

Report for 2015 Jul
                   MONTHLY CLIMATOLOGICAL SUMMARY for JUL. 2015

NAME: Valle del Pavone   CITY: Castelnuovo V.C.   STATE: Italia 
ELEV:   360 m  LAT:  43.2036 N  LONG:  10.9186 E

                   TEMPERATURE (C), RAIN  (mm), WIND SPEED (km/hr)

                                      HEAT  COOL        AVG
    MEAN                              DEG   DEG         WIND                 DOM
DAY TEMP  HIGH   TIME   LOW    TIME   DAYS  DAYS  RAIN  SPEED HIGH   TIME    DIR
------------------------------------------------------------------------------------
 1  22.1  31.6   14:30  13.1    5:45   1.4   5.2   0.0   0.6  14.5   16:30   ESE
 2  22.1  32.2   14:30  12.5    6:00   1.7   5.5   0.0   0.8  14.5   16:20   ESE
 3  22.9  34.0   15:35  12.1    4:50   1.7   6.3   0.0   0.6   9.7   12:40   WSW
 4  23.6  34.0   15:10  14.1    5:40   0.8   6.2   0.0   0.6  14.5   16:35   SSE
 5  23.6  34.2   14:15  13.8    5:55   1.1   6.4   0.0   0.6  16.1   17:10    SW
 6  22.8  33.4   14:15  13.3    6:00   1.2   5.7   0.0   0.6  14.5   15:50     W
 7  22.8  34.3   14:25  12.1    5:50   1.6   6.1   0.0   0.6  11.3   12:10   ESE
 8  23.4  31.9   13:40  13.9    6:05   0.8   6.0   0.0   1.0  16.1   14:35   ESE
 9  22.8  32.4   15:25  13.9    6:05   0.9   5.4   0.0   1.0  14.5   12:05   WSW
10  22.7  30.9   17:00  13.6   23:55   0.5   4.9   0.0   2.1  25.7   13:05   WNW
11  20.8  31.3   15:00  10.4    5:30   2.5   5.0   0.0   1.0  17.7   12:10   WSW
12  21.4  32.3   14:35  10.8    6:00   2.1   5.3   0.0   0.8  16.1   16:05   ESE
13  21.6  30.6   16:35  12.4    5:20   1.6   4.9   0.0   0.6  11.3   11:30   ESE
14  22.9  33.4   15:00  12.8    6:15   1.3   5.9   0.0   0.6  14.5   18:25   WSW
15  23.7  34.7   14:50  13.3    6:05   1.2   6.6   0.0   0.6  16.1   13:30   ESE
16  22.9  33.8   15:40  13.1    5:15   1.4   6.0   0.0   1.0  19.3   15:20   ESE
17  22.9  33.9   14:05  12.3    5:55   1.6   6.2   0.0   0.8  19.3   12:10   ESE
18  23.2  33.9   14:20  13.6    5:50   1.2   6.1   0.0   0.6  16.1   15:10   WSW
19  22.8  34.1   15:05  12.4    6:20   1.6   6.1   0.0   1.0  19.3   14:50    SW
20  22.9  34.5   14:20  13.1    5:45   1.3   5.9   0.0   0.6  14.5   13:05    SW
21  23.4  34.7   14:15  12.5    5:45   1.4   6.5   0.2   0.8  17.7   15:00   WSW
22  24.1  35.6   14:25  12.7    6:25   1.3   7.0   0.6   0.8  14.5   15:35   ESE
23  22.3  34.2   13:35  14.0    6:15   0.8   4.7   1.0   0.5  16.1   15:00     E
24  21.8  33.1   13:25  14.1    5:45   1.0   4.6   1.6   0.6  17.7   14:50     E
25  21.0  28.9   16:55  14.2    4:35   1.1   3.9   0.2   0.6  29.0   13:10   WSW
26  21.7  31.9   15:45  12.6    6:40   1.3   4.7   0.0   1.0  16.1   17:00   WSW
27  21.5  29.6   14:10  14.4    6:05   0.9   4.1   0.0   1.1  27.4   16:40   ESE
28  20.6  30.3   14:10  11.8    6:20   1.9   4.2   0.0   1.4  19.3   15:40   WNW
29  20.7  29.7   15:15  10.7    5:35   2.2   4.6   0.0   1.8  27.4   14:00   WNW
30  22.2  31.4   15:35  13.3    5:25   1.2   5.1   0.0   1.3  20.9   14:00   WNW
31  22.4  29.9   13:00  16.8    6:45   0.2   4.3   0.0   0.6  17.7   12:45   ESE
-------------------------------------------------------------------------------------
    22.4  35.6    22    10.4    11    40.9 169.2   3.6   0.9  29.0    25     ESE

Max >=  32.0: 19
Max <=   0.0:  0
Min <=   0.0:  0
Min <= -18.0:  0
Max Rain: 1.60 ON 24/07/15
Days of Rain: 5 (> .2 mm) 0 (> 2 mm) 0 (> 20 mm)
Heat Base:  18.3  Cool Base:  18.3  Method: Integration