NOAA-style Climate Reports

Select a Year or Month report

Report for 2015 Aug
                   MONTHLY CLIMATOLOGICAL SUMMARY for AUG. 2015

NAME: Valle del Pavone   CITY: Castelnuovo V.C.   STATE: Italia 
ELEV:   360 m  LAT:  43.2036 N  LONG:  10.9186 E

                   TEMPERATURE (C), RAIN  (mm), WIND SPEED (km/hr)

                                      HEAT  COOL        AVG
    MEAN                              DEG   DEG         WIND                 DOM
DAY TEMP  HIGH   TIME   LOW    TIME   DAYS  DAYS  RAIN  SPEED HIGH   TIME    DIR
------------------------------------------------------------------------------------
 1  21.3  30.9   13:00  13.5    4:20   1.2   4.3   1.4   1.1  22.5   13:00   ESE
 2  20.9  30.2   15:20  13.0    6:10   1.5   4.1   0.2   1.1  17.7   15:20   ESE
 3  21.6  32.4   14:50  10.8    5:55   2.1   5.4   0.0   1.1  16.1   15:35   WNW
 4  22.3  33.2   14:20  12.8    5:10   1.6   5.6   0.0   1.1  19.3   17:20   WSW
 5  23.3  35.0   14:20  12.3    6:25   1.7   6.7   0.0   1.0  17.7   17:20     W
 6  24.3  36.3   15:55  13.6    6:45   0.9   6.9   0.0   1.0  17.7    9:15   WSW
 7  24.6  36.4   15:35  13.8    6:30   0.9   7.2   0.0   1.0  17.7   10:20   ESE
 8  25.2  36.0   14:55  15.4    6:25   0.4   7.2   0.0   0.8  16.1   17:15   WSW
 9  22.1  33.3   12:15  15.6    5:45   0.5   4.3  22.6   1.0  27.4   13:40   ESE
10  18.7  23.4   10:10  15.7   23:15   0.6   1.0  28.4   0.6  24.1   11:45   WNW
11  22.0  29.5   15:00  15.4    6:05   3.3   0.0   1.0   0.6   6.4   12:30     W
12  23.4  32.3   18:56  15.5   00:00   4.7   0.3   0.0   0.0   0.0   13:30     W
13  21.9  34.3   15:45  12.6    6:15   1.7   5.3   0.0   0.5   9.7   14:20    SW
14  21.0  30.9   14:00  11.8    6:00   1.7   4.5   0.0   0.5  11.3   12:20   ESE
15  19.4  26.9   13:50  13.1    4:55   1.6   2.7   0.0   1.1  20.9   16:15   WNW
16  18.6  23.8   17:05  15.4    5:45   0.9   1.2   5.0   0.6  17.7   19:25     W
17  19.2  26.1   15:35  12.8   00:00   1.6   2.5   0.2   1.3  24.1   11:30   WSW
18  18.5  27.9   15:30   9.6    6:40   2.7   2.9   0.2   1.0  22.5   15:45   WNW
19  18.4  25.7   14:15  12.2   23:45   1.7   1.9  17.6   1.0  19.3   16:50   WNW
20  17.6  27.1   15:55   9.3    6:35   3.0   2.3   0.0   0.8  17.7   10:05   ESE
21  18.1  27.1   14:05  10.8    6:45   2.7   2.4   0.0   0.5  14.5   12:05   ESE
22  17.9  27.7   15:45   9.2    6:25   3.0   2.6   0.2   0.8  19.3   10:10   ESE
23  19.4  27.2   14:55  10.9    6:55   2.0   3.1   0.0   1.6  20.9   16:25   ESE
24  21.8  27.2   15:55  17.8   22:45   0.0   3.5 101.6   2.6  35.4    2:50   ESE
25  19.9  25.9   15:55  12.5   23:45   1.0   2.6   0.2   1.6  20.9   14:10     W
26  17.8  28.8   15:15   8.8    6:45   3.3   2.8   0.2   0.6  11.3   12:05   WSW
27  19.4  29.7   13:55  11.3    6:35   2.4   3.4   0.0   0.5  14.5   16:10   WSW
28  20.0  30.7   14:25  12.3    7:00   1.9   3.6   0.2   0.3   8.0   12:25    SW
29  20.4  31.8   14:20  11.9    6:15   2.1   4.2   0.0   0.3  11.3   13:15   ESE
30  20.0  30.9   13:55  12.6   00:00   2.1   3.8   0.2   0.6  11.3   12:45   WSW
31  18.3  30.6   13:35   9.3    6:40   3.5   3.6   0.0   0.5  14.5   14:40   WSW
-------------------------------------------------------------------------------------
    20.6  36.4     7     8.8    26    58.3 111.9 179.2   0.9  35.4    24     WSW

Max >=  32.0:  9
Max <=   0.0:  0
Min <=   0.0:  0
Min <= -18.0:  0
Max Rain: 101.60 ON 24/08/15
Days of Rain: 15 (> .2 mm) 5 (> 2 mm) 3 (> 20 mm)
Heat Base:  18.3  Cool Base:  18.3  Method: Integration