NOAA-style Climate Reports

Select a Year or Month report

Report for 2015 Sep
                   MONTHLY CLIMATOLOGICAL SUMMARY for SEP. 2015

NAME: Valle del Pavone   CITY: Castelnuovo V.C.   STATE: Italia 
ELEV:   360 m  LAT:  43.2036 N  LONG:  10.9186 E

                   TEMPERATURE (C), RAIN  (mm), WIND SPEED (km/hr)

                                      HEAT  COOL        AVG
    MEAN                              DEG   DEG         WIND                 DOM
DAY TEMP  HIGH   TIME   LOW    TIME   DAYS  DAYS  RAIN  SPEED HIGH   TIME    DIR
------------------------------------------------------------------------------------
 1  18.1  29.9   13:45   9.4    5:45   3.6   3.5   0.0   0.8  11.3   10:20   ESE
 2  18.3  28.2   15:05  10.7    6:55   2.9   2.9   0.0   0.8  20.9   14:10   WSW
 3  18.6  26.7   15:30  11.3    6:20   2.4   2.7   0.0   0.6  17.7   17:20   WNW
 4  18.4  26.4   15:10  13.0    5:25   1.7   1.8   7.0   0.3   8.0    8:50    SW
 5  18.7  23.9   13:05  11.3   00:00   1.0   1.4   3.4   1.6  25.7   17:40   WNW
 6  15.1  25.0   14:15   8.1    5:15   4.4   1.2   0.2   0.5   9.7   11:40     W
 7  14.6  25.0   15:25   6.5    6:45   5.1   1.4   0.2   0.6  11.3   11:05   WNW
 8  16.4  24.3   16:45  11.2   20:55   3.1   1.2   0.0   2.1  35.4   11:20   ESE
 9  15.2  23.4   14:20   6.6   00:00   4.2   1.1   0.0   2.1  25.7   11:20   ESE
10  12.5  23.4   16:10   3.8    4:55   6.6   0.8   0.0   0.8  19.3   10:05     W
11  13.7  23.8   13:20   5.8    6:55   5.5   0.9   0.0   0.3   9.7   11:40   WNW
12  15.1  24.5   13:30   6.9    7:00   4.9   1.6   0.0   0.6  12.9   17:00   ESE
13  16.4  22.9   14:05   9.2    3:25   2.8   1.0   4.4   1.9  35.4   13:25   ESE
14  22.3  25.3   15:30  19.9   00:00   0.0   4.0   0.2   3.9  40.2    2:45   ESE
15  18.9  25.6   14:15  11.7    7:20   1.5   2.1   0.0   1.3  24.1   15:40   ESE
16  23.4  25.8   11:50  21.0    0:35   0.0   5.1   0.0   4.2  32.2   11:55   ESE
17  23.9  27.9   12:45  21.5   00:00   0.0   5.6   0.2   5.0  37.0   11:20   ESE
18  19.7  25.1   14:05  10.3   23:20   1.2   2.6   0.0   1.0  20.9   14:05     W
19  14.6  23.1   12:35   8.4    6:50   4.8   1.1   0.0   0.2   9.7   12:35     W
20  14.2  23.7   15:50   7.5    7:15   5.1   1.0   0.2   1.1  19.3   16:30     W
21  14.2  24.1   16:40   6.7    6:50   5.4   1.3   0.2   0.8  16.1   13:40     W
22  15.0  23.0   14:25   8.7    3:55   4.3   1.0   0.0   0.8  14.5   13:20   WNW
23  13.0  20.1   10:35   7.5   23:05   5.5   0.2   5.8   0.8  25.7   11:05   ESE
24  11.7  18.8   14:45   5.2    3:40   6.6   0.0   0.2   1.3  22.5   13:10     W
25  14.6  21.1   15:45   8.8   00:00   4.2   0.5   0.2   1.0  20.9   11:15     W
26  13.8  22.0   16:50   5.2    5:20   5.1   0.6   1.2   0.2  24.1   12:15   SSE
27  15.5  22.9   15:15   7.9    4:00   3.7   0.9   0.0   0.2  17.7   17:05   SSE
28  14.3  18.2   13:10   9.3    5:25   4.0   0.0   0.0   0.2  25.7   10:50   SSW
29  14.1  20.2   12:55   8.7   21:35   4.3   0.1   0.0   0.3  25.7   13:10     S
30  12.0  19.0   14:05   4.8    7:00   6.3   0.0   0.0   0.2  17.7   10:55     S
-------------------------------------------------------------------------------------
    16.2  29.9     1     3.8    10   110.2  47.7  23.4   1.2  40.2    14     ESE

Max >=  32.0:  0
Max <=   0.0:  0
Min <=   0.0:  0
Min <= -18.0:  0
Max Rain: 7.01 ON 04/09/15
Days of Rain: 13 (> .2 mm) 4 (> 2 mm) 0 (> 20 mm)
Heat Base:  18.3  Cool Base:  18.3  Method: Integration