NOAA-style Climate Reports

Select a Year or Month report

Report for 2015 Oct
                   MONTHLY CLIMATOLOGICAL SUMMARY for OCT. 2015

NAME: Valle del Pavone   CITY: Castelnuovo V.C.   STATE: Italia 
ELEV:   360 m  LAT:  43.2036 N  LONG:  10.9186 E

                   TEMPERATURE (C), RAIN  (mm), WIND SPEED (km/hr)

                                      HEAT  COOL        AVG
    MEAN                              DEG   DEG         WIND                 DOM
DAY TEMP  HIGH   TIME   LOW    TIME   DAYS  DAYS  RAIN  SPEED HIGH   TIME    DIR
------------------------------------------------------------------------------------
 1  11.6  13.1   12:15   9.9    5:30   6.7   0.0  13.0   0.0  14.5   20:35    SW
 2  14.6  18.8   14:20  10.6   23:40   3.7   0.0  17.0   0.0  11.3   19:20    SW
 3  14.1  21.1   15:00   6.2   21:20   4.7   0.5   0.2   0.0  17.7   12:20   SSW
 4  17.2  21.5   12:55  11.9    0:30   1.5   0.4  22.6   0.5  20.9   18:15    SE
 5  18.5  23.7   13:25  13.7   23:45   0.9   1.2  11.6   0.0  17.7   15:15   WNW
 6  17.8  23.7   15:05  12.3   00:00   1.8   1.3   0.0   0.5  22.5   11:40    SE
 7  15.3  21.6   13:30  11.7    4:55   3.3   0.4   0.8   0.2  16.1   13:00   WNW
 8  14.9  23.0   15:35   8.4   23:50   4.1   0.7   0.0   0.0  11.3   12:20   WNW
 9  12.7  20.7   13:45   5.5    6:45   5.9   0.2   0.2   0.0   8.0   13:25   SSE
10  13.1  15.2    0:05  11.3   23:10   5.2   0.0  35.0   0.0  16.1   17:25   WNW
11  12.9  19.7   15:05   6.4   23:50   5.5   0.1   0.2   0.0  17.7    1:20   WNW
12  12.7  19.1   11:50   5.8    2:05   5.7   0.0   1.4   0.3  20.9   12:00    SE
13  16.8  19.7   15:15  13.7   19:30   1.6   0.1  33.6   1.6  35.4    8:40    SE
14  15.3  17.3   15:05  13.1    7:05   2.9   0.0  24.6   0.6  25.7   11:50   SSE
15  11.7  14.8    1:55   7.2   00:00   6.6   0.0  25.2   0.0  48.3    2:15     W
16   9.8  15.5   13:00   5.6   20:15   8.5   0.0   3.0   0.2  19.3    6:00   WNW
17   9.7  15.9   14:30   4.7   23:25   8.6   0.0   2.6   0.0   9.7   10:25   WNW
18  10.3  17.5   13:20   3.9    4:55   8.0   0.0   0.4   0.3  17.7   11:20     W
19  12.9  19.0   12:30   6.3   23:55   5.4   0.0   0.0   0.5  17.7   13:00     W
20  10.7  16.8   15:35   5.7    1:20   7.7   0.0   0.2   3.2  27.4   10:05     W
21  10.4  15.6   14:35   5.6   00:00   7.9   0.0   0.0   4.7  27.4   13:50     W
22   8.0  13.6   13:15   1.5    7:40  10.3   0.0   0.0   3.5  41.8   14:45     W
23  11.5  17.8   15:25   6.1    7:30   6.8   0.0   0.0   3.9  29.0   14:35     W
24  10.6  19.8   14:25   3.5    3:45   7.8   0.1   0.0   1.6  24.1    7:55     W
25   9.6  18.9   12:25   3.7    3:20   8.8   0.0   0.2   0.3   8.0   11:45   ENE
26   9.1  18.4   13:35   3.4    5:45   9.2   0.0   0.0   0.5   9.7   12:00     W
27  11.4  15.4   12:45   7.3    2:15   6.9   0.0   1.2   0.2  14.5   23:45     W
28  15.7  16.2   15:25  14.5   00:00   2.6   0.0  71.6   2.9  37.0   23:20     W
29   9.7  14.5    0:05   4.9   21:20   8.6   0.0  39.8   0.6  30.6    9:25     W
30  10.6  17.9   14:05   4.5    2:50   7.7   0.0   0.2   2.1  27.4   15:20     W
31  11.8  17.6   13:10   4.7   00:00   6.5   0.0   0.0   4.0  32.2   11:20     W
-------------------------------------------------------------------------------------
    12.6  23.7     5     1.5    22   181.4   5.0 304.6   1.0  48.3    15       W

Max >=  32.0:  0
Max <=   0.0:  0
Min <=   0.0:  0
Min <= -18.0:  0
Max Rain: 71.60 ON 28/10/15
Days of Rain: 22 (> .2 mm) 12 (> 2 mm) 7 (> 20 mm)
Heat Base:  18.3  Cool Base:  18.3  Method: Integration