NOAA-style Climate Reports

Select a Year or Month report

Report for 2015 Nov
                   MONTHLY CLIMATOLOGICAL SUMMARY for NOV. 2015

NAME: Valle del Pavone   CITY: Castelnuovo V.C.   STATE: Italia 
ELEV:   360 m  LAT:  43.2036 N  LONG:  10.9186 E

                   TEMPERATURE (C), RAIN  (mm), WIND SPEED (km/hr)

                                      HEAT  COOL        AVG
    MEAN                              DEG   DEG         WIND                 DOM
DAY TEMP  HIGH   TIME   LOW    TIME   DAYS  DAYS  RAIN  SPEED HIGH   TIME    DIR
------------------------------------------------------------------------------------
 1  11.3  15.8   14:55   3.4    1:05   7.0   0.0   0.0   4.3  32.2   13:05     W
 2   9.7  16.7   14:50   3.4   00:00   8.6   0.0   0.0   2.6  25.7   10:35     W
 3   9.8  18.3   13:00   2.1    5:00   8.5   0.0   0.2   0.6  20.9   11:30     W
 4  13.5  19.4   13:30   9.8   20:35   4.9   0.0   0.0   0.5  17.7   11:15   ESE
 5  11.7  17.6   14:10   8.3    7:15   6.6   0.0   0.2   0.2   9.7   12:30     W
 6  10.9  17.6   13:55   5.3   23:05   7.4   0.0   0.0   0.8  19.3   13:30     W
 7   8.9  19.4   12:20   3.7    7:15   9.5   0.1   0.0   0.5   9.7   11:40     W
 8   9.3  22.1   12:45   2.8    7:00   9.4   0.4   0.2   0.2   8.0   13:25     W
 9  10.6  17.1   13:40   1.8    5:40   7.7   0.0   0.2   1.6  24.1   11:15     W
10  13.9  17.3   12:45  10.6   20:10   4.4   0.0   0.0   1.0  19.3   12:30     W
11  12.9  16.1   14:10  11.2    3:45   5.4   0.0   0.0   0.3   9.7   13:15   ENE
12  11.4  17.3   13:15   6.9    6:40   6.8   0.0   0.0   0.5  14.5   10:40     W
13  10.9  14.8   12:15   6.7    4:40   7.4   0.0   0.0   0.2   9.7   12:35     W
14  12.3  16.7   14:05   6.6   23:55   6.0   0.0   0.0   0.3  11.3   15:15     W
15   8.5  15.4   13:05   3.3    7:00   9.8   0.0   0.0   0.5  11.3   13:10     W
16   9.9  15.8   12:40   6.2    0:10   8.4   0.0   0.0   0.6  16.1   14:20     W
17  11.3  15.2   14:50   8.6   20:25   7.0   0.0   0.0   0.2   9.7   14:05     E
18  12.0  17.8   12:50   4.1   00:00   6.3   0.0   0.0   1.1  12.9   14:20   ESE
19   8.2  14.7   14:15   2.7    7:45  10.1   0.0   0.2   0.0   6.4   14:30     E
20  13.1  16.2   13:15   8.9    7:45   5.2   0.0   0.0   3.1  35.4   22:55   ESE
21  12.7  16.8    3:05   5.7   00:00   5.6   0.0  52.8  10.1  49.9   16:10   ESE
22   3.3   9.1   13:10  -1.8   23:35  15.0   0.0   4.2   1.3  29.0    0:10     W
23   3.6   6.9   12:40  -1.9    1:00  14.7   0.0   1.0   2.4  24.1   13:00     W
24   3.9   9.7   14:55  -2.7   00:00  14.4   0.0   1.2   3.4  22.5    4:25     W
25   1.6   7.3   12:55  -4.7    7:10  16.7   0.0   4.2   0.3  11.3   00:00     W
26   4.5   7.4   12:40   0.3    6:45  13.8   0.0   0.2   6.6  45.1   14:45   ENE
27   4.6   8.9   13:05  -2.8   00:00  13.7   0.0   0.0   6.3  43.5    3:15     W
28   1.8   9.6   14:25  -4.9    7:30  16.5   0.0   0.2   1.0  19.3   12:05   ESE
29   6.6  13.2   12:45  -0.2    4:05  11.7   0.0   0.0   1.0  20.9   12:00     W
30   7.7  13.2   14:15   3.7   23:20  10.6   0.0   0.0   0.6  16.1    9:35     W
-------------------------------------------------------------------------------------
     9.0  22.1     8    -4.9    28   279.1   0.5  64.8   1.7  49.9    21       W

Max >=  32.0:  0
Max <=   0.0:  0
Min <=   0.0:  7
Min <= -18.0:  0
Max Rain: 52.81 ON 21/11/15
Days of Rain: 12 (> .2 mm) 3 (> 2 mm) 1 (> 20 mm)
Heat Base:  18.3  Cool Base:  18.3  Method: Integration