NOAA-style Climate Reports

Select a Year or Month report

Report for 2015 Dec
                   MONTHLY CLIMATOLOGICAL SUMMARY for DEC. 2015

NAME: Valle del Pavone   CITY: Castelnuovo V.C.   STATE: Italia 
ELEV:   360 m  LAT:  43.2036 N  LONG:  10.9186 E

                   TEMPERATURE (C), RAIN  (mm), WIND SPEED (km/hr)

                                      HEAT  COOL        AVG
    MEAN                              DEG   DEG         WIND                 DOM
DAY TEMP  HIGH   TIME   LOW    TIME   DAYS  DAYS  RAIN  SPEED HIGH   TIME    DIR
------------------------------------------------------------------------------------
 1   4.3  13.3   12:45  -0.2    7:40  14.0   0.0   0.0   0.3   9.7   11:30     W
 2   6.3  13.6   13:45  -0.7    3:20  12.0   0.0   0.2   0.5  16.1   12:55     W
 3   8.8  12.1   13:40   5.3   23:40   9.5   0.0   0.0   0.2   8.0   13:05   ENE
 4   7.8  11.9   13:30   4.1    2:45  10.5   0.0   0.0   0.3  14.5   14:15   ESE
 5   7.3  12.7   13:20   0.6   23:40  11.0   0.0   0.0   0.2   8.0   12:25   ENE
 6   5.0  13.3   15:00   0.4    6:30  13.3   0.0   0.2   0.5  17.7   11:55   ESE
 7   6.4  13.0   14:05   0.6    5:15  11.8   0.0   0.0   0.0   8.0   15:55   ESE
 8   7.1  12.6   14:15   2.9   00:00  11.2   0.0   0.0   0.2  11.3   12:05   ENE
 9   6.0  12.8   13:15   1.6    4:15  12.3   0.0   1.0   0.3  14.5   13:25   WNW
10   3.6  12.1   13:50  -1.5   23:55  14.7   0.0   0.2   1.0  19.3   13:55     W
11   3.3  12.7   13:45  -4.4    6:10  15.0   0.0   0.2   1.0  20.9   12:20     W
12   8.4  11.6   13:05   4.6   19:05   9.9   0.0   0.0   1.1  22.5    2:45     W
13   7.8  11.8   11:10   1.4   23:00  10.5   0.0   0.0   2.3  30.6   11:15   ESE
14   5.8  11.8   13:45   0.9    1:25  12.5   0.0   0.0   0.0   6.4   13:55   ENE
15   7.4  11.8   11:35   2.4    0:45  10.9   0.0   0.4   0.3  16.1   10:15   ESE
16   8.1  13.2   14:10   0.8   23:55  10.2   0.0   0.8   0.3   9.7   12:25     W
17   3.1  14.6   13:40  -1.6    5:50  15.2   0.0   0.2   0.3  11.3   13:20     W
18   5.9  12.4   15:15  -0.7    1:35  12.4   0.0   0.6   0.2   8.0   13:30     E
19   9.2  12.7   14:40   5.4   18:50   9.0   0.0   0.8   0.2   6.4   12:20   ENE
20   5.1  14.6   13:30   0.2   23:50  13.2   0.0   0.2   0.2   8.0   14:00     W
21   4.8  12.2   14:00  -1.9    7:30  13.5   0.0   0.4   0.8  17.7   12:10     W
22  10.2  13.4   13:30   4.6   00:00   8.1   0.0   0.0   2.7  20.9   10:40   ESE
23   7.2  11.9   14:00   2.9    4:40  11.1   0.0   0.2   1.0  16.1   12:40   ESE
24   9.1  12.4   13:00   3.6    8:20   9.2   0.0   0.2   1.3  24.1   11:10     W
25   9.2  12.4   12:50   2.5   00:00   9.1   0.0   0.2   0.5  11.3    3:00     W
26   3.4  13.5   13:50  -1.0   00:00  14.9   0.0   0.2   0.3   8.0   12:50     W
27   2.5  12.0   13:20  -1.8    3:30  15.8   0.0   0.2   0.6  14.5   12:10     W
28   3.1  12.0   14:20  -1.8    3:20  15.2   0.0   0.2   0.5  14.5   13:20     W
29   6.7  10.9   14:00   3.6   18:00  11.6   0.0   0.0   0.5  17.7   11:40     W
30   6.9  10.9   14:10   1.9   00:00  11.4   0.0   1.4   2.1  24.1   21:00     W
31   3.0   7.5   12:20  -2.2    7:00  15.3   0.0   0.2   1.3  22.5   11:20     W
-------------------------------------------------------------------------------------
     6.2  14.6    17    -4.4    11   374.4   0.0   8.0   0.7  30.6    13       W

Max >=  32.0:  0
Max <=   0.0:  0
Min <=   0.0: 11
Min <= -18.0:  0
Max Rain: 1.40 ON 30/12/15
Days of Rain: 20 (> .2 mm) 0 (> 2 mm) 0 (> 20 mm)
Heat Base:  18.3  Cool Base:  18.3  Method: Integration