NOAA-style Climate Reports

Select a Year or Month report

Report for 2016 Jan
                   MONTHLY CLIMATOLOGICAL SUMMARY for JAN. 2016

NAME: Valle del Pavone   CITY: Castelnuovo V.C.   STATE: Italia 
ELEV:   360 m  LAT:  43.2036 N  LONG:  10.9186 E

                   TEMPERATURE (C), RAIN  (mm), WIND SPEED (km/hr)

                                      HEAT  COOL        AVG
    MEAN                              DEG   DEG         WIND                 DOM
DAY TEMP  HIGH   TIME   LOW    TIME   DAYS  DAYS  RAIN  SPEED HIGH   TIME    DIR
------------------------------------------------------------------------------------
 1   4.4  10.3   14:20   1.5    8:00  13.9   0.0   0.0   0.3   9.7   13:40   ESE
 2   9.7  11.8   20:10   5.7    0:10   8.6   0.0  20.4   4.3  37.0   22:40     W
 3   7.1  10.3    0:10   3.9   20:40  11.2   0.0   1.0   2.4  35.4    1:00     W
 4   8.7  10.2   14:40   3.4    1:10   9.6   0.0  20.6   4.7  30.6   10:30     W
 5   8.9  11.3   13:00   6.4   22:20   9.4   0.0   4.2   1.8  22.5    9:20     W
 6   5.5   8.1   14:20   1.3   23:20  12.8   0.0  30.4   1.0  22.5    8:20     W
 7   5.7  11.2   23:50   0.4    1:50  12.6   0.0   8.8   1.9  33.8   00:00     W
 8  11.9  14.9   14:20   7.3   21:40   6.4   0.0   0.0   4.0  40.2    0:30     W
 9  12.6  13.8   11:50  11.7    4:20   5.7   0.0   1.8   6.0  33.8   13:40     W
10  11.2  14.8   15:00   5.5    8:00   7.2   0.0   1.2   2.4  24.1   21:10     W
11  12.0  13.7   12:40   9.9   19:10   6.3   0.0   6.0   7.6  54.7   21:40    SE
12   9.7  11.3   13:00   8.1   20:20   8.6   0.0   2.2   7.2  43.5    0:40     W
13   7.6  10.6   13:00  -0.1   00:00  10.7   0.0   0.8   4.7  43.5    4:40     W
14   5.7  10.3   20:30  -1.5    3:30  12.6   0.0  22.8   3.1  35.4   10:40     W
15   5.2   9.5   13:30  -1.8   19:20  13.2   0.0   0.0   1.9  22.5   13:30     W
16   1.4   6.2   13:40  -3.2    6:30  16.9   0.0   0.2   3.7  41.8   13:40     W
17  -1.9   5.6   14:10  -8.1   00:00  20.2   0.0   0.0   1.9  24.1   11:50     W
18  -3.1   4.1   15:00  -9.9    7:40  21.4   0.0   0.0   1.4  20.9   23:40     W
19  -2.7   6.0   14:40  -7.7    6:50  21.0   0.0   0.0   0.6  16.1    0:50     W
20  -1.7   2.4   12:30  -7.7    5:30  20.0   0.0   4.2   0.0   6.4   16:40   ESE
21   0.4   5.8   14:40  -3.7   00:00  17.8   0.0   0.2   0.0   6.4   11:40     E
22   1.3   8.6   14:50  -4.3    1:30  17.0   0.0   0.2   0.6  14.5   13:30     W
23   2.7   9.7   12:40  -3.5    4:10  15.7   0.0   0.0   0.5  14.5   14:50     W
24   2.3  13.1   13:10  -4.7    7:30  16.0   0.0   0.2   0.8  22.5   12:40     W
25   4.3  11.6   14:40  -1.0    1:00  14.0   0.0   0.0   0.8  22.5   14:50     W
26   8.8  11.1   16:00   5.8    0:10   9.5   0.0   2.2   0.8  19.3   13:00     W
27   9.5  11.1   14:40   8.0   22:10   8.8   0.0   1.4   1.1  19.3   14:20     W
28   9.8  12.0   14:20   5.9   23:40   8.5   0.0   0.0   1.8  19.3    2:20     W
29   8.9  13.3   14:40   4.9    7:50   9.4   0.0   0.0   1.8  19.3   12:10   ESE
30   9.7  11.2   13:40   8.4    1:10   8.6   0.0   0.0   4.7  27.4   13:50     W
31  10.6  12.6   10:30   8.3   00:00   7.7   0.0   0.0   2.7  27.4   10:20     W
-------------------------------------------------------------------------------------
     6.0  14.9     8    -9.9    18   381.3   0.0 128.8   2.5  54.7    11       W

Max >=  32.0:  0
Max <=   0.0:  0
Min <=   0.0: 13
Min <= -18.0:  0
Max Rain: 30.40 ON 06/01/16
Days of Rain: 19 (> .2 mm) 10 (> 2 mm) 4 (> 20 mm)
Heat Base:  18.3  Cool Base:  18.3  Method: Integration