NOAA-style Climate Reports

Select a Year or Month report

Report for 2016 Feb
                   MONTHLY CLIMATOLOGICAL SUMMARY for FEB. 2016

NAME: Valle del Pavone   CITY: Castelnuovo V.C.   STATE: Italia 
ELEV:   360 m  LAT:  43.2036 N  LONG:  10.9186 E

                   TEMPERATURE (C), RAIN  (mm), WIND SPEED (km/hr)

                                      HEAT  COOL        AVG
    MEAN                              DEG   DEG         WIND                 DOM
DAY TEMP  HIGH   TIME   LOW    TIME   DAYS  DAYS  RAIN  SPEED HIGH   TIME    DIR
------------------------------------------------------------------------------------
 1   8.7  17.1   13:50   2.4   00:00   9.7   0.0   0.0   0.8  19.3   12:30     W
 2  10.4  12.5   14:40   2.2    0:10   7.8   0.0   0.6   2.9  25.7    2:50     E
 3   9.4  11.7   12:50   4.6   23:50   8.8   0.0   5.2   4.3  45.1   20:30    SE
 4   3.8  10.5   14:50  -1.9   23:30  14.5   0.0   0.0   2.3  27.4    4:40     W
 5   3.8  13.6   15:10  -1.9    1:20  14.5   0.0   0.2   0.8  11.3   11:20     W
 6   6.5  11.7   13:40  -2.4    3:40  11.8   0.0   0.2   3.9  33.8   10:40   ESE
 7   9.9  11.2   14:50   8.7    3:20   8.4   0.0  14.6   8.9  48.3   12:40   ESE
 8   9.7  12.6   13:20   5.2   20:50   8.6   0.0   1.2   3.9  35.4    2:40     W
 9  10.4  12.0   10:10   9.5    1:20   7.8   0.0  23.2   7.1  54.7   21:40     W
10   8.0  11.0    0:10   5.1   19:40  10.3   0.0   4.2   7.2  49.9   15:30     W
11   6.2  10.9   14:40   1.3    8:00  12.1   0.0   4.8   1.9  24.1   15:40     W
12   8.7  11.4   11:40   4.7    0:40   9.6   0.0  25.8   5.1  49.9   21:30     W
13   8.8  11.8   12:30   5.3    4:00   9.4   0.0   2.6   4.7  43.5   12:50     W
14   9.9  11.8    9:50   7.3   00:00   8.3   0.0  39.6   3.7  41.8    8:20     W
15   6.2   7.6   00:00   4.3    7:50  12.1   0.0  31.6   0.6  25.7   16:30     W
16   8.8  11.8   15:10   5.9   00:00   9.2   0.0  25.0   3.4  32.2    4:50     W
17   7.2  10.5   12:20   4.6    6:10  11.1   0.0  11.4   0.8  22.5    0:30     W
18   5.4  10.1   15:50   1.3   23:00  12.9   0.0   0.6   1.3  20.9   10:50     W
19   6.3  11.5   14:00   1.3    8:00  12.0   0.0   5.0   2.1  29.0   12:10     W
20   4.4  11.2   14:50  -1.6    7:50  13.8   0.0   4.6   1.4  22.5   14:30     W
21   6.3  15.1   15:30   1.2    5:00  12.0   0.0   0.0   1.0  19.3   12:20     W
22   8.7  15.1   13:10   1.2    1:00   9.6   0.0   0.4   4.0  48.3   22:30   SSE
23  10.4  11.9   13:20   6.4   00:00   7.9   0.0   1.8   3.9  40.2    0:10     W
24   7.7  15.6   15:20   1.6    6:10  10.6   0.0   0.0   0.5  16.1   17:00     W
25   7.2  12.3   10:30   2.1    7:00  11.1   0.0   7.6   1.4  33.8   14:10     W
26   6.7  12.4   14:10   2.9    3:10  11.7   0.0   1.4   1.3  27.4   13:50     W
27   8.1  11.4   22:50   4.3    2:00  10.2   0.0  43.4   6.6  53.1   21:00   ESE
28   8.5  10.4   15:00   6.5    5:20   9.8   0.0  70.0   2.9  33.8    0:40     W
29   7.6  10.6   12:20   2.8   22:50  10.8   0.0  38.0   3.5  40.2   12:20   ESE
-------------------------------------------------------------------------------------
     7.7  17.1     1    -2.4     6   306.4   0.0 363.0   3.2  54.7     9       W

Max >=  32.0:  0
Max <=   0.0:  0
Min <=   0.0:  4
Min <= -18.0:  0
Max Rain: 70.00 ON 28/02/16
Days of Rain: 25 (> .2 mm) 17 (> 2 mm) 8 (> 20 mm)
Heat Base:  18.3  Cool Base:  18.3  Method: Integration