NOAA-style Climate Reports

Select a Year or Month report

Report for 2016 Mar
                   MONTHLY CLIMATOLOGICAL SUMMARY for MAR. 2016

NAME: Valle del Pavone   CITY: Castelnuovo V.C.   STATE: Italia 
ELEV:   360 m  LAT:  43.2036 N  LONG:  10.9186 E

                   TEMPERATURE (C), RAIN  (mm), WIND SPEED (km/hr)

                                      HEAT  COOL        AVG
    MEAN                              DEG   DEG         WIND                 DOM
DAY TEMP  HIGH   TIME   LOW    TIME   DAYS  DAYS  RAIN  SPEED HIGH   TIME    DIR
------------------------------------------------------------------------------------
 1   5.3  13.1   14:10  -1.0    7:00  13.0   0.0   0.2   1.1  17.7   13:20     W
 2   7.7  14.1   13:00   0.7    7:20  10.6   0.0   1.0   2.9  38.6   00:00     W
 3   7.0  11.8   15:40  -0.5   23:00  11.3   0.0   4.8   5.8  49.9   15:50     W
 4   4.6  11.9   13:00  -3.4    7:00  13.7   0.0   0.0   1.9  27.4   12:20     W
 5   8.9  11.3   13:40   6.7   21:20   9.3   0.0  21.2   8.5  56.3   14:30    SE
 6   6.8  11.2   12:20   1.8    7:00  11.5   0.0   2.6   3.2  32.2    0:40     W
 7   4.1   9.3   12:10   0.1   23:10  14.2   0.0   0.2   2.1  35.4   11:50     W
 8   4.1   9.2   10:30  -0.8   00:00  14.2   0.0  13.0   1.8  30.6    0:20     W
 9   3.4   6.9   13:50  -1.3    2:10  14.9   0.0   2.6   1.8  19.3    5:10     W
10   6.5  12.4   14:50   1.3    7:20  11.8   0.0   0.0   3.1  25.7   12:10     W
11   7.9  12.4   15:40   3.6    6:40  10.4   0.0   1.6   4.3  27.4   13:50     W
12   8.3  12.6   12:40   4.4   00:00   9.9   0.0   0.0   4.8  35.4   13:50     W
13   7.7  10.8   11:50   3.4    0:30  10.7   0.0   0.0   6.6  35.4   10:50   ENE
14   7.4  11.9   15:50   1.7   00:00  10.9   0.0   0.0   5.5  33.8   16:20     W
15   5.7  12.2   13:10  -1.5    7:10  12.6   0.0   0.0   2.9  22.5   13:50     W
16   7.2  10.8   11:40   1.9    1:20  11.1   0.0   0.0   4.2  24.1   11:40     E
17   8.2  12.2   13:10   4.2    3:20  10.1   0.0   0.0   5.0  30.6   16:30     W
18   7.4  16.3   13:40  -0.6    6:40  10.9   0.0   0.0   2.1  17.7   16:30     W
19   5.9  15.3   16:00  -1.9    5:40  12.4   0.0   0.0   1.6  19.3    9:20     W
20   7.4  13.4   15:10  -0.9    5:10  10.9   0.0   0.2   2.9  25.7   14:00   ESE
21  10.8  17.0   13:10   5.1   23:40   7.5   0.0   0.4   1.3  20.9   12:00     W
22  10.6  17.6   13:00   1.9    5:10   7.8   0.0   0.2   5.0  37.0   14:20     E
23   7.9  11.0    0:10   2.8   23:40  10.4   0.0   0.0   8.5  46.7   12:30   ENE
24   6.5  14.6   15:30  -1.0   23:50  11.8   0.0   0.0   3.2  32.2   11:50     W
25   6.6  14.9   15:40  -3.0    5:50  11.7   0.0   0.0   2.4  29.0   10:50     W
26   7.6  16.8   14:10  -1.0    6:20  10.8   0.0   0.0   1.6  22.5   15:30     W
27   8.2  15.8   14:00  -1.4    7:20   9.7   0.0   0.0   2.4  30.6   11:20   ESE
28  10.3  14.6   14:40   6.1   23:30   8.0   0.0  11.6   1.6  20.9    8:10   WSW
29  10.0  17.4   13:40   1.1    6:50   8.3   0.0   0.2   2.4  30.6   11:40   WSW
30  13.1  17.9   15:20  10.3    7:00   5.2   0.0   0.0   6.3  37.0   11:50   WSW
31  14.6  18.2   12:40   7.6    6:40   3.7   0.0   0.0   7.4  43.5    8:30   WSW
-------------------------------------------------------------------------------------
     7.7  18.2    31    -3.4     4   329.2   0.0  59.8   3.7  56.3     5       W

Max >=  32.0:  0
Max <=   0.0:  0
Min <=   0.0: 13
Min <= -18.0:  0
Max Rain: 21.21 ON 05/03/16
Days of Rain: 14 (> .2 mm) 6 (> 2 mm) 1 (> 20 mm)
Heat Base:  18.3  Cool Base:  18.3  Method: Integration