NOAA-style Climate Reports

Select a Year or Month report

Report for 2016 Apr
                   MONTHLY CLIMATOLOGICAL SUMMARY for APR. 2016

NAME: Valle del Pavone   CITY: Castelnuovo V.C.   STATE: Italia 
ELEV:   360 m  LAT:  43.2036 N  LONG:  10.9186 E

                   TEMPERATURE (C), RAIN  (mm), WIND SPEED (km/hr)

                                      HEAT  COOL        AVG
    MEAN                              DEG   DEG         WIND                 DOM
DAY TEMP  HIGH   TIME   LOW    TIME   DAYS  DAYS  RAIN  SPEED HIGH   TIME    DIR
------------------------------------------------------------------------------------
 1  15.5  20.6   16:00   8.4   00:00   3.0   0.2   0.0   3.4  45.1    0:10   WSW
 2  13.2  22.8   16:30   5.4    7:30   5.9   0.8   0.0   2.1  22.5   13:00     W
 3  13.7  23.2   16:10   4.3    6:10   5.6   1.0   0.0   2.1  27.4   23:20   WSW
 4  16.6  20.2   13:50  10.9    4:10   2.1   0.3   0.0   5.8  41.8   13:00   WSW
 5  15.2  22.3   15:30   6.3   00:00   3.9   0.7   0.0   4.0  38.6   12:20   WSW
 6  13.2  25.4   14:40   3.6    6:40   6.8   1.8   0.0   1.4  25.7   13:50     W
 7  13.7  24.7   12:40   3.3    6:40   6.4   1.8   0.0   1.3  19.3   19:20   NNW
 8  12.3  16.1    3:30   5.6   00:00   6.0   0.0   0.6   1.1  19.3    4:20     W
 9   7.2  10.3   11:50   3.2    3:00  11.1   0.0   3.6   1.0  19.3   15:00     W
10   8.3  17.7   15:50   1.8    7:20  10.0   0.0   0.2   1.9  25.7   16:10     W
11  10.6  19.3   17:10   0.1    6:40   7.8   0.1   0.0   2.9  33.8   22:20    SW
12  14.6  19.8   15:10  11.1    5:20   3.8   0.1   0.0   4.7  35.4    3:50    SW
13  15.2  20.5   14:50   8.7   21:40   3.3   0.2   0.0   4.2  32.2    4:20   WSW
14  11.3  17.1   15:20   5.0   23:50   6.9   0.0   0.2   4.7  43.5   11:00   WSW
15  11.6  21.5   16:50   1.1    5:50   7.2   0.5   0.0   2.4  27.4   10:20    SW
16  14.5  18.2   13:40  10.8    3:40   3.8   0.0   0.0   6.8  40.2   12:40    SW
17  15.4  19.7   13:10  13.2   23:10   3.0   0.1   0.0   5.6  37.0   13:10    SW
18  13.6  19.0   16:30   4.7   23:00   4.7   0.0   0.0   1.8  20.9   16:20   WSW
19  11.4  18.9   16:20   3.2    2:20   6.9   0.0   0.0   2.7  32.2   16:00   WSW
20  13.7  22.7   18:00   3.5    1:30   5.4   0.8   0.0   3.7  30.6   11:10   WSW
21  12.3  21.8   12:30   1.4    6:10   6.4   0.4   0.0   2.6  22.5   13:20   SSE
22  12.1  18.7   13:20   7.0    5:30   6.2   0.0   0.0   1.3  20.9   11:10   ESE
23  11.9  15.1   12:00   8.9    0:10   6.4   0.0  18.6   1.9  27.4   10:40   SSE
24  11.2  15.3   14:50   8.0   00:00   7.1   0.0  25.8   2.1  25.7   16:20   WSW
25   7.1  13.0   14:40   0.2   00:00  11.0   0.0  15.0   3.5  33.8   12:30   WSW
26   7.8  16.4   16:30  -1.6    4:30  10.5   0.0   0.2   2.6  27.4   16:50   WSW
27  10.2  17.9   16:40   2.6    1:40   8.1   0.0   0.8   3.2  32.2   12:10     W
28   9.8  13.1   13:30   6.0    6:30   8.5   0.0   1.8   0.0   8.0   14:20   WSW
29  11.7  20.4   16:00   4.4    5:40   6.7   0.1   0.2   1.1  16.1   12:40   ENE
30  11.4  20.8   14:10   2.4    5:20   7.1   0.2   4.2   1.8  24.1   15:30   WSW
-------------------------------------------------------------------------------------
    12.2  25.4     6    -1.6    26   191.5   9.0  71.2   2.8  45.1     1     WSW

Max >=  32.0:  0
Max <=   0.0:  0
Min <=   0.0:  1
Min <= -18.0:  0
Max Rain: 25.81 ON 24/04/16
Days of Rain: 12 (> .2 mm) 5 (> 2 mm) 1 (> 20 mm)
Heat Base:  18.3  Cool Base:  18.3  Method: Integration