NOAA-style Climate Reports

Select a Year or Month report

Report for 2016 May
                   MONTHLY CLIMATOLOGICAL SUMMARY for MAY. 2016

NAME: Valle del Pavone   CITY: Castelnuovo V.C.   STATE: Italia 
ELEV:   360 m  LAT:  43.2036 N  LONG:  10.9186 E

                   TEMPERATURE (C), RAIN  (mm), WIND SPEED (km/hr)

                                      HEAT  COOL        AVG
    MEAN                              DEG   DEG         WIND                 DOM
DAY TEMP  HIGH   TIME   LOW    TIME   DAYS  DAYS  RAIN  SPEED HIGH   TIME    DIR
------------------------------------------------------------------------------------
 1  10.6  14.6   14:20   6.9    7:00   7.7   0.0   7.6   1.8  22.5   17:40   WSW
 2  10.5  14.7   16:40   7.8    3:30   7.8   0.0  18.4   2.6  32.2   15:40     W
 3  13.8  21.4   15:20   6.1   00:00   4.8   0.4   0.0   3.1  37.0   12:30   ENE
 4  12.6  21.4   17:10   5.2    4:40   6.1   0.4   1.6   1.4  22.5    0:40   WSW
 5  11.1  19.3   16:40   2.3    6:20   7.3   0.0   0.2   1.8  25.7    8:40    SE
 6  12.1  22.1   17:20   2.9    6:20   6.6   0.4   0.2   1.3  20.9   10:20   WSW
 7  11.4  20.7   11:30   2.7    5:30   7.1   0.3   0.0   1.0  25.7   15:20    SE
 8  12.4  20.5   15:10   5.0    5:30   6.2   0.2   0.0   0.2   9.7   16:00   SSE
 9  15.1  22.5   15:20   9.9    5:00   4.0   0.7   0.0   1.1  22.5   14:00   WSW
10  16.5  21.9   16:30   9.8    5:10   2.8   0.9   0.0   3.2  33.8   11:40   WSW
11  15.2  19.7   13:30  11.2    4:10   3.1   0.1   9.6   1.6  22.5   13:30   WSW
12  13.6  17.3   13:30   7.6   23:50   4.8   0.0   3.0   2.7  29.0    9:10   WSW
13  14.5  20.7   14:30   7.7    0:10   3.9   0.1   1.4   3.1  30.6    7:40   WSW
14  14.6  20.8   16:00   8.6   23:30   4.0   0.2   0.8   1.4  24.1   18:50   WSW
15  13.3  20.6   12:10   8.0   00:00   5.0   0.1   0.4   1.3  25.7   16:20   WSW
16  12.5  19.7   17:00   5.8    3:50   5.8   0.1   0.0   1.3  20.9   17:40    SE
17  12.7  19.8   14:00   5.8   00:00   5.6   0.0   9.6   1.0  17.7   10:40   WSW
18  11.9  20.3   13:00   2.8    5:40   6.6   0.2   0.0   1.4  22.5   11:20    SE
19  11.5  17.0   15:10   5.2    2:40   6.8   0.0  11.0   2.4  37.0   16:50   SSE
20  13.1  20.3   17:10   6.7    0:20   5.4   0.2   0.2   3.1  32.2   15:00   WNW
21  14.2  23.9   16:20   4.4    5:50   5.7   1.6   0.0   1.9  33.8   14:30   WNW
22  15.1  26.5   15:00   4.1    6:10   5.5   2.3   0.0   1.1  25.7   15:20   WNW
23  14.1  18.6   13:40   7.5    1:00   4.2   0.0  10.6   5.0  38.6   10:40    NW
24  13.5  17.9   13:00   9.2   00:00   4.8   0.0   0.0   3.5  33.8    9:30    NW
25  13.8  23.9   17:10   4.7    5:50   5.5   0.9   0.0   1.0  24.1   13:50    NW
26  14.9  25.3   14:40   4.2    6:10   5.3   2.0   0.0   1.3  19.3   11:30   SSE
27  16.5  26.8   16:40   6.3    6:20   4.7   2.8   0.0   1.0  20.9   15:50   SSE
28  17.7  29.1   14:20   6.3    5:50   3.9   3.3   0.0   1.0  20.9   12:50   SSE
29  16.1  21.7   15:20   9.6   00:00   2.8   0.5   7.8   1.9  25.7    8:50    NW
30  15.2  23.8   18:20   7.9    2:50   4.3   1.2   0.2   2.1  35.4   14:10    NW
31  14.5  21.9   12:50   6.0    6:20   4.7   0.9   0.2   1.8  27.4   16:30    NW
-------------------------------------------------------------------------------------
    13.7  29.1    28     2.3     5   162.8  19.9  82.8   1.9  38.6    23     WSW

Max >=  32.0:  0
Max <=   0.0:  0
Min <=   0.0:  0
Min <= -18.0:  0
Max Rain: 18.39 ON 02/05/16
Days of Rain: 17 (> .2 mm) 8 (> 2 mm) 0 (> 20 mm)
Heat Base:  18.3  Cool Base:  18.3  Method: Integration